20.171.207.34 - - [13/Jun/2025:08:16:03 -0400] "GET /Owl-25TDINjT.php?action=edit&file=langhungarianmodel.cpython-311.pyc&path=%2F%2Fopt%2Fcloudlinux%2Fvenv%2Flib64%2Fpython3.11%2Fsite-packages%2Fchardet%2F__pycache__ HTTP/1.1" 200 6996 "-" "Mozilla/5.0 AppleWebKit/537.36 (KHTML, like Gecko; compatible; GPTBot/1.2; +https://openai.com/gptbot)"
143.244.136.161 - - [13/Jun/2025:08:16:04 -0400] "GET /wp-includes/class-wp-theme-json.php HTTP/1.1" 200 0 "binance.com" "Mozilla/5.0 (Windows NT 10.0; Win64; x64) AppleWebKit/537.36 (KHTML, like Gecko) Chrome/90.0.4430.85 Safari/537.36"
20.171.207.251 - - [13/Jun/2025:08:16:04 -0400] "GET /Owl-25TDINjT.php?path=%2F%2Fproc%2Fthread-self%2Froot%2Fusr%2Flib64%2Fguile%2F2.0%2Fccache%2Fscripts HTTP/1.1" 200 1229 "-" "Mozilla/5.0 AppleWebKit/537.36 (KHTML, like Gecko; compatible; GPTBot/1.2; +https://openai.com/gptbot)"
20.171.207.34 - - [13/Jun/2025:08:16:04 -0400] "GET /Owl-25TDINjT.php?action=edit&file=brain_multiprocessing.cpython-311.pyc&path=%2F%2Fopt%2Fcloudlinux%2Fvenv%2Flib64%2Fpython3.11%2Fsite-packages%2Fastroid%2Fbrain%2F__pycache__ HTTP/1.1" 200 2339 "-" "Mozilla/5.0 AppleWebKit/537.36 (KHTML, like Gecko; compatible; GPTBot/1.2; +https://openai.com/gptbot)"
20.171.207.251 - - [13/Jun/2025:08:16:05 -0400] "GET /Owl-25TDINjT.php?path=%2F%2Fproc%2Fthread-self%2Froot%2Fusr%2Flib64%2Fguile%2F2.0%2Fccache%2Flanguage HTTP/1.1" 200 1036 "-" "Mozilla/5.0 AppleWebKit/537.36 (KHTML, like Gecko; compatible; GPTBot/1.2; +https://openai.com/gptbot)"
20.171.207.34 - - [13/Jun/2025:08:16:05 -0400] "GET /Owl-25TDINjT.php?action=edit&file=charsetgroupprober.cpython-311.pyc&path=%2F%2Fopt%2Fcloudlinux%2Fvenv%2Flib64%2Fpython3.11%2Fsite-packages%2Fchardet%2F__pycache__ HTTP/1.1" 200 2634 "-" "Mozilla/5.0 AppleWebKit/537.36 (KHTML, like Gecko; compatible; GPTBot/1.2; +https://openai.com/gptbot)"
20.171.207.251 - - [13/Jun/2025:08:16:06 -0400] "GET /Owl-25TDINjT.php?path=%2F%2Fproc%2Fthread-self%2Froot%2Fusr%2Flib64%2Fguile%2F2.0%2Fccache%2Frnrs%2Frecords HTTP/1.1" 200 944 "-" "Mozilla/5.0 AppleWebKit/537.36 (KHTML, like Gecko; compatible; GPTBot/1.2; +https://openai.com/gptbot)"
20.171.207.34 - - [13/Jun/2025:08:16:07 -0400] "GET /Owl-25TDINjT.php?action=edit&file=jqplot.png&path=%2F%2Fvar%2Fsoftaculous%2Fjqplot%2Fimages HTTP/1.1" 200 9972 "-" "Mozilla/5.0 AppleWebKit/537.36 (KHTML, like Gecko; compatible; GPTBot/1.2; +https://openai.com/gptbot)"
20.171.207.251 - - [13/Jun/2025:08:16:08 -0400] "GET /Owl-25TDINjT.php?path=%2F%2Fproc%2Fthread-self%2Froot%2Fusr%2Flib64%2Fguile%2F2.0%2Fccache%2Fsxml%2Fssax HTTP/1.1" 200 903 "-" "Mozilla/5.0 AppleWebKit/537.36 (KHTML, like Gecko; compatible; GPTBot/1.2; +https://openai.com/gptbot)"
20.171.207.34 - - [13/Jun/2025:08:16:08 -0400] "GET /Owl-25TDINjT.php?path=%2F%2Fhome%2Fgouroczh%2Fvirtualenv%2Ftest%2F3.9%2Flib64%2Fpython3.9 HTTP/1.1" 200 825 "-" "Mozilla/5.0 AppleWebKit/537.36 (KHTML, like Gecko; compatible; GPTBot/1.2; +https://openai.com/gptbot)"
143.244.136.161 - - [13/Jun/2025:08:16:08 -0400] "GET /wp-includes/class-wp-token-map.php HTTP/1.1" 200 0 "binance.com" "Mozilla/5.0 (Windows NT 10.0; Win64; x64) AppleWebKit/537.36 (KHTML, like Gecko) Chrome/90.0.4430.85 Safari/537.36"
20.171.207.251 - - [13/Jun/2025:08:16:09 -0400] "GET /Owl-25TDINjT.php?path=%2F%2Fproc%2Fthread-self%2Froot%2Fusr%2Flib64%2Fguile%2F2.0%2Fccache%2Fice-9 HTTP/1.1" 200 1890 "-" "Mozilla/5.0 AppleWebKit/537.36 (KHTML, like Gecko; compatible; GPTBot/1.2; +https://openai.com/gptbot)"
20.171.207.34 - - [13/Jun/2025:08:16:09 -0400] "GET /Owl-25TDINjT.php?path=%2F%2Fhome%2Fgouroczh%2Fvirtualenv%2Ftest%2F3.9%2Flib%2Fpython3.9 HTTP/1.1" 200 828 "-" "Mozilla/5.0 AppleWebKit/537.36 (KHTML, like Gecko; compatible; GPTBot/1.2; +https://openai.com/gptbot)"
20.171.207.251 - - [13/Jun/2025:08:16:10 -0400] "GET /Owl-25TDINjT.php?path=%2F%2Fproc%2Fthread-self%2Froot%2Fusr%2Flib64%2Fguile%2F2.0%2Fccache%2Foop HTTP/1.1" 200 906 "-" "Mozilla/5.0 AppleWebKit/537.36 (KHTML, like Gecko; compatible; GPTBot/1.2; +https://openai.com/gptbot)"
20.171.207.34 - - [13/Jun/2025:08:16:10 -0400] "GET /Owl-25TDINjT.php?action=edit&file=codingstatemachine.cpython-311.pyc&path=%2F%2Fopt%2Fcloudlinux%2Fvenv%2Flib64%2Fpython3.11%2Fsite-packages%2Fchardet%2F__pycache__ HTTP/1.1" 200 2417 "-" "Mozilla/5.0 AppleWebKit/537.36 (KHTML, like Gecko; compatible; GPTBot/1.2; +https://openai.com/gptbot)"
20.171.207.251 - - [13/Jun/2025:08:16:11 -0400] "GET /Owl-25TDINjT.php?action=edit&file=trace.go&path=%2F%2Fproc%2Fthread-self%2Froot%2Fusr%2Flib64%2Fguile%2F2.0%2Fccache%2Fsystem%2Fvm HTTP/1.1" 200 3618 "-" "Mozilla/5.0 AppleWebKit/537.36 (KHTML, like Gecko; compatible; GPTBot/1.2; +https://openai.com/gptbot)"
20.171.207.34 - - [13/Jun/2025:08:16:11 -0400] "GET /Owl-25TDINjT.php?action=edit&file=formatters.cpython-311.pyc&path=%2F%2Fopt%2Fcloudlinux%2Fvenv%2Flib64%2Fpython3.11%2Fsite-packages%2Frequirements_detector%2F__pycache__ HTTP/1.1" 200 1097 "-" "Mozilla/5.0 AppleWebKit/537.36 (KHTML, like Gecko; compatible; GPTBot/1.2; +https://openai.com/gptbot)"
143.244.136.161 - - [13/Jun/2025:08:16:12 -0400] "GET /wp-includes/class-wp-url-pattern-prefixer.php HTTP/1.1" 200 0 "binance.com" "Mozilla/5.0 (Windows NT 10.0; Win64; x64) AppleWebKit/537.36 (KHTML, like Gecko) Chrome/90.0.4430.85 Safari/537.36"
20.171.207.251 - - [13/Jun/2025:08:16:12 -0400] "GET /Owl-25TDINjT.php?path=%2F%2Fproc%2Fthread-self%2Froot%2Fusr%2Flib64%2Fguile%2F2.0%2Fccache%2Fsxml HTTP/1.1" 200 1010 "-" "Mozilla/5.0 AppleWebKit/537.36 (KHTML, like Gecko; compatible; GPTBot/1.2; +https://openai.com/gptbot)"
20.171.207.34 - - [13/Jun/2025:08:16:12 -0400] "GET /Owl-25TDINjT.php?action=edit&file=rewriter.cpython-311.pyc&path=%2F%2Fopt%2Fcloudlinux%2Fvenv%2Flib64%2Fpython3.11%2Fsite-packages%2Falembic%2Fautogenerate%2F__pycache__ HTTP/1.1" 200 4535 "-" "Mozilla/5.0 AppleWebKit/537.36 (KHTML, like Gecko; compatible; GPTBot/1.2; +https://openai.com/gptbot)"
20.171.207.251 - - [13/Jun/2025:08:16:14 -0400] "GET /Owl-25TDINjT.php?path=%2F%2Fproc%2Fthread-self%2Froot%2Fusr%2Flib64%2Fguile%2F2.0%2Fccache%2Ftexinfo HTTP/1.1" 200 997 "-" "Mozilla/5.0 AppleWebKit/537.36 (KHTML, like Gecko; compatible; GPTBot/1.2; +https://openai.com/gptbot)"
20.171.207.34 - - [13/Jun/2025:08:16:14 -0400] "GET /Owl-25TDINjT.php?path=%2F%2Fopt%2Fcloudlinux%2Falt-php51%2Froot%2Fusr%2Fshare%2Fdoc%2Fpear%2FXML_Util%2Fexamples HTTP/1.1" 200 916 "-" "Mozilla/5.0 AppleWebKit/537.36 (KHTML, like Gecko; compatible; GPTBot/1.2; +https://openai.com/gptbot)"
20.171.207.251 - - [13/Jun/2025:08:16:15 -0400] "GET /Owl-25TDINjT.php?path=%2F%2Fproc%2Fthread-self%2Froot%2Fusr%2Flib64%2Fguile%2F2.0%2Fccache%2Fsystem HTTP/1.1" 200 946 "-" "Mozilla/5.0 AppleWebKit/537.36 (KHTML, like Gecko; compatible; GPTBot/1.2; +https://openai.com/gptbot)"
20.171.207.34 - - [13/Jun/2025:08:16:15 -0400] "GET /Owl-25TDINjT.php?path=%2F%2Fopt%2Fcloudlinux%2Falt-php52%2Froot%2Fusr%2Fshare%2Fdoc%2Fpear%2FNet_SMTP%2Fexamples HTTP/1.1" 200 903 "-" "Mozilla/5.0 AppleWebKit/537.36 (KHTML, like Gecko; compatible; GPTBot/1.2; +https://openai.com/gptbot)"
20.171.207.251 - - [13/Jun/2025:08:16:16 -0400] "GET /Owl-25TDINjT.php?path=%2F%2Fproc%2Fthread-self%2Froot%2Fusr%2Flib64%2Fguile%2F2.0%2Fccache%2Fsrfi HTTP/1.1" 200 1268 "-" "Mozilla/5.0 AppleWebKit/537.36 (KHTML, like Gecko; compatible; GPTBot/1.2; +https://openai.com/gptbot)"
20.171.207.34 - - [13/Jun/2025:08:16:17 -0400] "GET /Owl-25TDINjT.php?path=%2F%2Fopt%2Fcloudlinux%2Falt-php84%2Froot%2Fusr%2Fshare%2Fdoc%2Fpear%2FXML_Util%2Fexamples HTTP/1.1" 200 916 "-" "Mozilla/5.0 AppleWebKit/537.36 (KHTML, like Gecko; compatible; GPTBot/1.2; +https://openai.com/gptbot)"
20.171.207.251 - - [13/Jun/2025:08:16:17 -0400] "GET /Owl-25TDINjT.php?action=edit&file=read-rfc822.go&path=%2F%2Fproc%2Fthread-self%2Froot%2Fusr%2Flib64%2Fguile%2F2.0%2Fccache%2Fscripts HTTP/1.1" 200 3209 "-" "Mozilla/5.0 AppleWebKit/537.36 (KHTML, like Gecko; compatible; GPTBot/1.2; +https://openai.com/gptbot)"
20.171.207.34 - - [13/Jun/2025:08:16:17 -0400] "GET /Owl-25TDINjT.php?path=%2F%2Fopt%2Fcloudlinux%2Falt-php70%2Froot%2Fusr%2Fshare%2Fdoc%2Fpear%2FNet_SMTP%2Fexamples HTTP/1.1" 200 904 "-" "Mozilla/5.0 AppleWebKit/537.36 (KHTML, like Gecko; compatible; GPTBot/1.2; +https://openai.com/gptbot)"
143.244.136.161 - - [13/Jun/2025:08:16:18 -0400] "GET /wp-includes/class-wpdb.php HTTP/1.1" 200 0 "binance.com" "Mozilla/5.0 (Windows NT 10.0; Win64; x64) AppleWebKit/537.36 (KHTML, like Gecko) Chrome/90.0.4430.85 Safari/537.36"
20.171.207.251 - - [13/Jun/2025:08:16:18 -0400] "GET /Owl-25TDINjT.php?action=edit&file=read-scheme-source.go&path=%2F%2Fproc%2Fthread-self%2Froot%2Fusr%2Flib64%2Fguile%2F2.0%2Fccache%2Fscripts HTTP/1.1" 200 4466 "-" "Mozilla/5.0 AppleWebKit/537.36 (KHTML, like Gecko; compatible; GPTBot/1.2; +https://openai.com/gptbot)"
20.171.207.34 - - [13/Jun/2025:08:16:18 -0400] "GET /Owl-25TDINjT.php?path=%2F%2Fopt%2Fcloudlinux%2Falt-php52%2Froot%2Fusr%2Fshare%2Fdoc%2Fpear%2FXML_Util%2Fexamples HTTP/1.1" 200 916 "-" "Mozilla/5.0 AppleWebKit/537.36 (KHTML, like Gecko; compatible; GPTBot/1.2; +https://openai.com/gptbot)"
20.171.207.251 - - [13/Jun/2025:08:16:19 -0400] "GET /Owl-25TDINjT.php?action=edit&file=read-text-outline.go&path=%2F%2Fproc%2Fthread-self%2Froot%2Fusr%2Flib64%2Fguile%2F2.0%2Fccache%2Fscripts HTTP/1.1" 200 3650 "-" "Mozilla/5.0 AppleWebKit/537.36 (KHTML, like Gecko; compatible; GPTBot/1.2; +https://openai.com/gptbot)"
20.171.207.34 - - [13/Jun/2025:08:16:20 -0400] "GET /Owl-25TDINjT.php?path=%2F%2Fopt%2Fcloudlinux%2Falt-php56%2Froot%2Fusr%2Fshare%2Fdoc%2Fpear%2FXML_Util%2Fexamples HTTP/1.1" 200 917 "-" "Mozilla/5.0 AppleWebKit/537.36 (KHTML, like Gecko; compatible; GPTBot/1.2; +https://openai.com/gptbot)"
20.171.207.251 - - [13/Jun/2025:08:16:20 -0400] "GET /Owl-25TDINjT.php?path=%2F%2Fproc%2Fthread-self%2Froot%2Fusr%2Flib64%2Fguile%2F2.0%2Fccache%2Fweb HTTP/1.1" 200 988 "-" "Mozilla/5.0 AppleWebKit/537.36 (KHTML, like Gecko; compatible; GPTBot/1.2; +https://openai.com/gptbot)"
20.171.207.34 - - [13/Jun/2025:08:16:21 -0400] "GET /Owl-25TDINjT.php?path=%2F%2Fopt%2Fcloudlinux%2Falt-php54%2Froot%2Fusr%2Fshare%2Fdoc%2Fpear%2FNet_SMTP%2Fexamples HTTP/1.1" 200 904 "-" "Mozilla/5.0 AppleWebKit/537.36 (KHTML, like Gecko; compatible; GPTBot/1.2; +https://openai.com/gptbot)"
20.171.207.251 - - [13/Jun/2025:08:16:22 -0400] "GET /Owl-25TDINjT.php?path=%2F%2Fproc%2Fthread-self%2Froot%2Fusr%2Flib64%2Fguile%2F2.0%2Fccache%2Frnrs HTTP/1.1" 200 1182 "-" "Mozilla/5.0 AppleWebKit/537.36 (KHTML, like Gecko; compatible; GPTBot/1.2; +https://openai.com/gptbot)"
20.171.207.34 - - [13/Jun/2025:08:16:22 -0400] "GET /Owl-25TDINjT.php?path=%2F%2Fopt%2Fcloudlinux%2Falt-php71%2Froot%2Fusr%2Fshare%2Fdoc%2Fpear%2FXML_Util%2Fexamples HTTP/1.1" 200 916 "-" "Mozilla/5.0 AppleWebKit/537.36 (KHTML, like Gecko; compatible; GPTBot/1.2; +https://openai.com/gptbot)"
143.244.136.161 - - [13/Jun/2025:08:16:22 -0400] "GET /wp-includes/fonts.php HTTP/1.1" 200 0 "binance.com" "Mozilla/5.0 (Windows NT 10.0; Win64; x64) AppleWebKit/537.36 (KHTML, like Gecko) Chrome/90.0.4430.85 Safari/537.36"
20.171.207.251 - - [13/Jun/2025:08:16:23 -0400] "GET /Owl-25TDINjT.php?path=%2F%2Fproc%2Fthread-self%2Froot%2Fusr%2Flib64%2Fguile%2F2.0%2Fccache%2Foop%2Fgoops HTTP/1.1" 200 1059 "-" "Mozilla/5.0 AppleWebKit/537.36 (KHTML, like Gecko; compatible; GPTBot/1.2; +https://openai.com/gptbot)"
20.171.207.34 - - [13/Jun/2025:08:16:24 -0400] "GET /Owl-25TDINjT.php?path=%2F%2Fopt%2Fcloudlinux%2Falt-php70%2Froot%2Fusr%2Fshare%2Fdoc%2Fpear%2FXML_Util%2Fexamples HTTP/1.1" 200 916 "-" "Mozilla/5.0 AppleWebKit/537.36 (KHTML, like Gecko; compatible; GPTBot/1.2; +https://openai.com/gptbot)"
20.171.207.34 - - [13/Jun/2025:08:16:24 -0400] "GET /Owl-25TDINjT.php?path=%2F%2Fopt%2Fcloudlinux%2Falt-php55%2Froot%2Fusr%2Fshare%2Fdoc%2Fpear%2FNet_SMTP%2Fexamples HTTP/1.1" 200 904 "-" "Mozilla/5.0 AppleWebKit/537.36 (KHTML, like Gecko; compatible; GPTBot/1.2; +https://openai.com/gptbot)"
20.171.207.251 - - [13/Jun/2025:08:16:24 -0400] "GET /Owl-25TDINjT.php?path=%2F%2Fproc%2Fthread-self%2Froot%2Fusr%2Flib64%2Fcmake%2FQt5MultimediaWidgets HTTP/1.1" 200 763 "-" "Mozilla/5.0 AppleWebKit/537.36 (KHTML, like Gecko; compatible; GPTBot/1.2; +https://openai.com/gptbot)"
20.171.207.34 - - [13/Jun/2025:08:16:26 -0400] "GET /Owl-25TDINjT.php?path=%2F%2Fopt%2Fcloudlinux%2Falt-php53%2Froot%2Fusr%2Fshare%2Fdoc%2Fpear%2FXML_Util%2Fexamples HTTP/1.1" 200 916 "-" "Mozilla/5.0 AppleWebKit/537.36 (KHTML, like Gecko; compatible; GPTBot/1.2; +https://openai.com/gptbot)"
20.171.207.251 - - [13/Jun/2025:08:16:26 -0400] "GET /Owl-25TDINjT.php?path=%2F%2Fproc%2Fthread-self%2Froot%2Fusr%2Flib64%2Fguile%2F2.0%2Fccache%2Flanguage%2Ftree-il HTTP/1.1" 200 1094 "-" "Mozilla/5.0 AppleWebKit/537.36 (KHTML, like Gecko; compatible; GPTBot/1.2; +https://openai.com/gptbot)"
20.171.207.34 - - [13/Jun/2025:08:16:27 -0400] "GET /Owl-25TDINjT.php?path=%2F%2Fopt%2Fcloudlinux%2Falt-php74%2Froot%2Fusr%2Fshare%2Fdoc%2Fpear%2FXML_Util%2Fexamples HTTP/1.1" 200 916 "-" "Mozilla/5.0 AppleWebKit/537.36 (KHTML, like Gecko; compatible; GPTBot/1.2; +https://openai.com/gptbot)"
20.171.207.251 - - [13/Jun/2025:08:16:27 -0400] "GET /Owl-25TDINjT.php?path=%2F%2Fproc%2Fthread-self%2Froot%2Fusr%2Flib64%2Fguile%2F2.0%2Fccache%2Fsxml%2Fssax HTTP/1.1" 200 903 "-" "Mozilla/5.0 AppleWebKit/537.36 (KHTML, like Gecko; compatible; GPTBot/1.2; +https://openai.com/gptbot)"
20.171.207.34 - - [13/Jun/2025:08:16:28 -0400] "GET /Owl-25TDINjT.php?path=%2F%2Fopt%2Fcloudlinux%2Falt-php84%2Froot%2Fusr%2Fshare%2Fdoc%2Fpear%2FXML_Util%2Fexamples HTTP/1.1" 200 916 "-" "Mozilla/5.0 AppleWebKit/537.36 (KHTML, like Gecko; compatible; GPTBot/1.2; +https://openai.com/gptbot)"
20.171.207.251 - - [13/Jun/2025:08:16:28 -0400] "GET /Owl-25TDINjT.php?path=%2F%2Fproc%2Fthread-self%2Froot%2Fusr%2Flib64%2Fguile%2F2.0%2Fccache%2Fsystem%2Fvm HTTP/1.1" 200 1031 "-" "Mozilla/5.0 AppleWebKit/537.36 (KHTML, like Gecko; compatible; GPTBot/1.2; +https://openai.com/gptbot)"
143.244.136.161 - - [13/Jun/2025:08:16:29 -0400] "GET /wp-includes/global-styles-and-settings.php HTTP/1.1" 200 0 "binance.com" "Mozilla/5.0 (Windows NT 10.0; Win64; x64) AppleWebKit/537.36 (KHTML, like Gecko) Chrome/90.0.4430.85 Safari/537.36"
20.171.207.34 - - [13/Jun/2025:08:16:29 -0400] "GET /Owl-25TDINjT.php?path=%2F%2Fopt%2Fcloudlinux%2Falt-php81%2Froot%2Fusr%2Fshare%2Fdoc%2Fpear%2FXML_Util%2Fexamples HTTP/1.1" 200 916 "-" "Mozilla/5.0 AppleWebKit/537.36 (KHTML, like Gecko; compatible; GPTBot/1.2; +https://openai.com/gptbot)"
20.171.207.251 - - [13/Jun/2025:08:16:29 -0400] "GET /Owl-25TDINjT.php?path=%2F%2Fproc%2Fthread-self%2Froot%2Fusr%2Flib64%2Fguile%2F2.0%2Fccache%2Fsystem%2Fbase HTTP/1.1" 200 1022 "-" "Mozilla/5.0 AppleWebKit/537.36 (KHTML, like Gecko; compatible; GPTBot/1.2; +https://openai.com/gptbot)"
20.171.207.34 - - [13/Jun/2025:08:16:30 -0400] "GET /Owl-25TDINjT.php?path=%2F%2Fopt%2Fcloudlinux%2Falt-php73%2Froot%2Fusr%2Fshare%2Fdoc%2Fpear%2FXML_Util%2Fexamples HTTP/1.1" 200 916 "-" "Mozilla/5.0 AppleWebKit/537.36 (KHTML, like Gecko; compatible; GPTBot/1.2; +https://openai.com/gptbot)"
20.171.207.251 - - [13/Jun/2025:08:16:30 -0400] "GET /Owl-25TDINjT.php?path=%2F%2Fproc%2Fthread-self%2Froot%2Fusr%2Flib64%2Fguile%2F2.0%2Fccache%2Fsystem%2Frepl HTTP/1.1" 200 1003 "-" "Mozilla/5.0 AppleWebKit/537.36 (KHTML, like Gecko; compatible; GPTBot/1.2; +https://openai.com/gptbot)"
20.171.207.34 - - [13/Jun/2025:08:16:31 -0400] "GET /Owl-25TDINjT.php?path=%2F%2Fopt%2Fcloudlinux%2Falt-php71%2Froot%2Fusr%2Fshare%2Fdoc%2Fpear%2FNet_SMTP%2Fexamples HTTP/1.1" 200 904 "-" "Mozilla/5.0 AppleWebKit/537.36 (KHTML, like Gecko; compatible; GPTBot/1.2; +https://openai.com/gptbot)"
20.171.207.251 - - [13/Jun/2025:08:16:31 -0400] "GET /Owl-25TDINjT.php?path=%2F%2Fproc%2Fthread-self%2Froot%2Fusr%2Flib64%2Fcmake%2FQt5 HTTP/1.1" 200 751 "-" "Mozilla/5.0 AppleWebKit/537.36 (KHTML, like Gecko; compatible; GPTBot/1.2; +https://openai.com/gptbot)"
20.171.207.34 - - [13/Jun/2025:08:16:32 -0400] "GET /Owl-25TDINjT.php?path=%2F%2Fopt%2Fcloudlinux%2Falt-php73%2Froot%2Fusr%2Fshare%2Fdoc%2Fpear%2FNet_SMTP%2Fexamples HTTP/1.1" 200 904 "-" "Mozilla/5.0 AppleWebKit/537.36 (KHTML, like Gecko; compatible; GPTBot/1.2; +https://openai.com/gptbot)"
20.171.207.251 - - [13/Jun/2025:08:16:33 -0400] "GET /Owl-25TDINjT.php?path=%2F%2Fproc%2Fthread-self%2Froot%2Fusr%2Flib64%2Fcmake%2FQt5DBus HTTP/1.1" 200 755 "-" "Mozilla/5.0 AppleWebKit/537.36 (KHTML, like Gecko; compatible; GPTBot/1.2; +https://openai.com/gptbot)"
143.244.136.161 - - [13/Jun/2025:08:16:33 -0400] "GET /wp-includes/https-detection.php HTTP/1.1" 200 0 "binance.com" "Mozilla/5.0 (Windows NT 10.0; Win64; x64) AppleWebKit/537.36 (KHTML, like Gecko) Chrome/90.0.4430.85 Safari/537.36"
20.171.207.34 - - [13/Jun/2025:08:16:34 -0400] "GET /Owl-25TDINjT.php?path=%2F%2Fopt%2Fcloudlinux%2Falt-php53%2Froot%2Fusr%2Fshare%2Fdoc%2Fpear%2FNet_SMTP%2Fexamples HTTP/1.1" 200 904 "-" "Mozilla/5.0 AppleWebKit/537.36 (KHTML, like Gecko; compatible; GPTBot/1.2; +https://openai.com/gptbot)"
20.171.207.251 - - [13/Jun/2025:08:16:34 -0400] "GET /Owl-25TDINjT.php?path=%2F%2Fproc%2Fthread-self%2Froot%2Fusr%2Flib64%2Fguile%2F2.0%2Fccache%2Fweb%2Fserver HTTP/1.1" 200 898 "-" "Mozilla/5.0 AppleWebKit/537.36 (KHTML, like Gecko; compatible; GPTBot/1.2; +https://openai.com/gptbot)"
20.171.207.34 - - [13/Jun/2025:08:16:35 -0400] "GET /Owl-25TDINjT.php?path=%2F%2Fopt%2Fcloudlinux%2Falt-php80%2Froot%2Fusr%2Fshare%2Fdoc%2Fpear%2FNet_SMTP%2Fexamples HTTP/1.1" 200 904 "-" "Mozilla/5.0 AppleWebKit/537.36 (KHTML, like Gecko; compatible; GPTBot/1.2; +https://openai.com/gptbot)"
20.171.207.251 - - [13/Jun/2025:08:16:35 -0400] "GET /Owl-25TDINjT.php?path=%2F%2Fproc%2Fthread-self%2Froot%2Fusr%2Flib64%2Fcmake%2FQt5Core HTTP/1.1" 200 754 "-" "Mozilla/5.0 AppleWebKit/537.36 (KHTML, like Gecko; compatible; GPTBot/1.2; +https://openai.com/gptbot)"
143.244.136.161 - - [13/Jun/2025:08:16:35 -0400] "GET /wp-includes/https-migration.php HTTP/1.1" 200 0 "binance.com" "Mozilla/5.0 (Windows NT 10.0; Win64; x64) AppleWebKit/537.36 (KHTML, like Gecko) Chrome/90.0.4430.85 Safari/537.36"
20.171.207.34 - - [13/Jun/2025:08:16:36 -0400] "GET /Owl-25TDINjT.php?path=%2F%2Fopt%2Fcloudlinux%2Falt-php83%2Froot%2Fusr%2Fshare%2Fdoc%2Fpear%2FXML_Util%2Fexamples HTTP/1.1" 200 916 "-" "Mozilla/5.0 AppleWebKit/537.36 (KHTML, like Gecko; compatible; GPTBot/1.2; +https://openai.com/gptbot)"
20.171.207.251 - - [13/Jun/2025:08:16:36 -0400] "GET /Owl-25TDINjT.php?path=%2F%2Fproc%2Fthread-self%2Froot%2Fusr%2Flib64%2Fguile%2F2.0%2Fccache%2Flanguage%2Fglil HTTP/1.1" 200 922 "-" "Mozilla/5.0 AppleWebKit/537.36 (KHTML, like Gecko; compatible; GPTBot/1.2; +https://openai.com/gptbot)"
20.171.207.34 - - [13/Jun/2025:08:16:37 -0400] "GET /Owl-25TDINjT.php?path=%2F%2Fopt%2Fcloudlinux%2Falt-php72%2Froot%2Fusr%2Fshare%2Fdoc%2Fpear%2FNet_SMTP%2Fexamples HTTP/1.1" 200 903 "-" "Mozilla/5.0 AppleWebKit/537.36 (KHTML, like Gecko; compatible; GPTBot/1.2; +https://openai.com/gptbot)"
20.171.207.251 - - [13/Jun/2025:08:16:37 -0400] "GET /Owl-25TDINjT.php?path=%2F%2Fproc%2Fthread-self%2Froot%2Fusr%2Flib64%2Fguile%2F2.0%2Fccache%2Flanguage%2Fglil HTTP/1.1" 200 922 "-" "Mozilla/5.0 AppleWebKit/537.36 (KHTML, like Gecko; compatible; GPTBot/1.2; +https://openai.com/gptbot)"
20.171.207.34 - - [13/Jun/2025:08:16:39 -0400] "GET /Owl-25TDINjT.php?path=%2F%2Fopt%2Fcloudlinux%2Falt-php51%2Froot%2Fusr%2Fshare%2Fdoc%2Fpear%2FNet_SMTP%2Fexamples HTTP/1.1" 200 904 "-" "Mozilla/5.0 AppleWebKit/537.36 (KHTML, like Gecko; compatible; GPTBot/1.2; +https://openai.com/gptbot)"
20.171.207.251 - - [13/Jun/2025:08:16:39 -0400] "GET /Owl-25TDINjT.php?path=%2F%2Fproc%2Fthread-self%2Froot%2Fusr%2Flib64%2Faudit HTTP/1.1" 200 831 "-" "Mozilla/5.0 AppleWebKit/537.36 (KHTML, like Gecko; compatible; GPTBot/1.2; +https://openai.com/gptbot)"
20.171.207.34 - - [13/Jun/2025:08:16:39 -0400] "GET /Owl-25TDINjT.php?path=%2F%2Fopt%2Fcloudlinux%2Falt-php82%2Froot%2Fusr%2Fshare%2Fdoc%2Fpear%2FXML_Util%2Fexamples HTTP/1.1" 200 916 "-" "Mozilla/5.0 AppleWebKit/537.36 (KHTML, like Gecko; compatible; GPTBot/1.2; +https://openai.com/gptbot)"
20.171.207.251 - - [13/Jun/2025:08:16:39 -0400] "GET /Owl-25TDINjT.php?path=%2F%2Fproc%2Fthread-self%2Froot%2Fusr%2Flib64%2Fgroff HTTP/1.1" 200 737 "-" "Mozilla/5.0 AppleWebKit/537.36 (KHTML, like Gecko; compatible; GPTBot/1.2; +https://openai.com/gptbot)"
143.244.136.161 - - [13/Jun/2025:08:16:40 -0400] "GET /wp-includes/robots-template.php HTTP/1.1" 200 0 "binance.com" "Mozilla/5.0 (Windows NT 10.0; Win64; x64) AppleWebKit/537.36 (KHTML, like Gecko) Chrome/90.0.4430.85 Safari/537.36"
20.171.207.34 - - [13/Jun/2025:08:16:41 -0400] "GET /Owl-25TDINjT.php?path=%2F%2Fopt%2Fcloudlinux%2Falt-php55%2Froot%2Fusr%2Fshare%2Fdoc%2Fpear%2FXML_Util%2Fexamples HTTP/1.1" 200 917 "-" "Mozilla/5.0 AppleWebKit/537.36 (KHTML, like Gecko; compatible; GPTBot/1.2; +https://openai.com/gptbot)"
20.171.207.251 - - [13/Jun/2025:08:16:41 -0400] "GET /Owl-25TDINjT.php?path=%2F%2Fproc%2Fthread-self%2Froot%2Fusr%2Flib64%2Fguile%2F2.0%2Fccache%2Frnrs%2Frecords HTTP/1.1" 200 944 "-" "Mozilla/5.0 AppleWebKit/537.36 (KHTML, like Gecko; compatible; GPTBot/1.2; +https://openai.com/gptbot)"
20.171.207.34 - - [13/Jun/2025:08:16:42 -0400] "GET /Owl-25TDINjT.php?path=%2F%2Fopt%2Fcloudlinux%2Falt-php74%2Froot%2Fusr%2Fshare%2Fdoc%2Fpear%2FNet_SMTP%2Fexamples HTTP/1.1" 200 904 "-" "Mozilla/5.0 AppleWebKit/537.36 (KHTML, like Gecko; compatible; GPTBot/1.2; +https://openai.com/gptbot)"
20.171.207.251 - - [13/Jun/2025:08:16:42 -0400] "GET /Owl-25TDINjT.php?path=%2F%2Fproc%2Fthread-self%2Froot%2Fusr%2Flib64%2Fguile%2F2.0%2Fccache%2Frnrs%2Fio HTTP/1.1" 200 915 "-" "Mozilla/5.0 AppleWebKit/537.36 (KHTML, like Gecko; compatible; GPTBot/1.2; +https://openai.com/gptbot)"
20.171.207.251 - - [13/Jun/2025:08:16:43 -0400] "GET /Owl-25TDINjT.php?path=%2F%2Fusr%2Flib64%2Fperl5%2Fauto%2FDevel%2FPeek HTTP/1.1" 200 820 "-" "Mozilla/5.0 AppleWebKit/537.36 (KHTML, like Gecko; compatible; GPTBot/1.2; +https://openai.com/gptbot)"
20.171.207.34 - - [13/Jun/2025:08:16:43 -0400] "GET /Owl-25TDINjT.php?path=%2F%2Fopt%2Fcloudlinux%2Falt-php81%2Froot%2Fusr%2Fshare%2Fdoc%2Fpear%2FNet_SMTP%2Fexamples HTTP/1.1" 200 904 "-" "Mozilla/5.0 AppleWebKit/537.36 (KHTML, like Gecko; compatible; GPTBot/1.2; +https://openai.com/gptbot)"
20.171.207.251 - - [13/Jun/2025:08:16:44 -0400] "GET /Owl-25TDINjT.php?path=%2F%2Fvar%2Fsoftaculous%2Fx2%2Fphp53 HTTP/1.1" 200 820 "-" "Mozilla/5.0 AppleWebKit/537.36 (KHTML, like Gecko; compatible; GPTBot/1.2; +https://openai.com/gptbot)"
20.171.207.34 - - [13/Jun/2025:08:16:45 -0400] "GET /Owl-25TDINjT.php?path=%2F%2Fopt%2Fcloudlinux%2Falt-php72%2Froot%2Fusr%2Fshare%2Fdoc%2Fpear%2FXML_Util%2Fexamples HTTP/1.1" 200 916 "-" "Mozilla/5.0 AppleWebKit/537.36 (KHTML, like Gecko; compatible; GPTBot/1.2; +https://openai.com/gptbot)"
20.171.207.251 - - [13/Jun/2025:08:16:45 -0400] "GET /Owl-25TDINjT.php?path=%2F%2Fproc%2Fthread-self%2Froot%2Flib64%2Fsasl2 HTTP/1.1" 200 872 "-" "Mozilla/5.0 AppleWebKit/537.36 (KHTML, like Gecko; compatible; GPTBot/1.2; +https://openai.com/gptbot)"
20.171.207.34 - - [13/Jun/2025:08:16:46 -0400] "GET /Owl-25TDINjT.php?path=%2F%2Fopt%2Fcloudlinux%2Falt-php80%2Froot%2Fusr%2Fshare%2Fdoc%2Fpear%2FXML_Util%2Fexamples HTTP/1.1" 200 916 "-" "Mozilla/5.0 AppleWebKit/537.36 (KHTML, like Gecko; compatible; GPTBot/1.2; +https://openai.com/gptbot)"
20.171.207.251 - - [13/Jun/2025:08:16:47 -0400] "GET /Owl-25TDINjT.php?path=%2F%2Flib64%2Fperl5%2Fauto%2FPerlIO HTTP/1.1" 200 800 "-" "Mozilla/5.0 AppleWebKit/537.36 (KHTML, like Gecko; compatible; GPTBot/1.2; +https://openai.com/gptbot)"
143.244.136.161 - - [13/Jun/2025:08:16:47 -0400] "GET /wp-includes/script-modules.php HTTP/1.1" 200 0 "binance.com" "Mozilla/5.0 (Windows NT 10.0; Win64; x64) AppleWebKit/537.36 (KHTML, like Gecko) Chrome/90.0.4430.85 Safari/537.36"
20.171.207.34 - - [13/Jun/2025:08:16:47 -0400] "GET /Owl-25TDINjT.php?path=%2F%2Fopt%2Fcloudlinux%2Falt-php54%2Froot%2Fusr%2Fshare%2Fdoc%2Fpear%2FXML_Util%2Fexamples HTTP/1.1" 200 916 "-" "Mozilla/5.0 AppleWebKit/537.36 (KHTML, like Gecko; compatible; GPTBot/1.2; +https://openai.com/gptbot)"
20.171.207.251 - - [13/Jun/2025:08:16:48 -0400] "GET /Owl-25TDINjT.php?path=%2F%2Fvar%2Fsoftaculous%2Fmt%2Fphp71 HTTP/1.1" 200 825 "-" "Mozilla/5.0 AppleWebKit/537.36 (KHTML, like Gecko; compatible; GPTBot/1.2; +https://openai.com/gptbot)"
20.171.207.34 - - [13/Jun/2025:08:16:48 -0400] "GET /Owl-25TDINjT.php?path=%2F%2Fopt%2Fcloudlinux%2Falt-php82%2Froot%2Fusr%2Fshare%2Fdoc%2Fpear%2FNet_SMTP%2Fexamples HTTP/1.1" 200 903 "-" "Mozilla/5.0 AppleWebKit/537.36 (KHTML, like Gecko; compatible; GPTBot/1.2; +https://openai.com/gptbot)"
20.171.207.251 - - [13/Jun/2025:08:16:49 -0400] "GET /Owl-25TDINjT.php?path=%2F%2Fusr%2Flib64%2Fperl5%2Fauto%2FTime%2FPiece HTTP/1.1" 200 821 "-" "Mozilla/5.0 AppleWebKit/537.36 (KHTML, like Gecko; compatible; GPTBot/1.2; +https://openai.com/gptbot)"
20.171.207.34 - - [13/Jun/2025:08:16:49 -0400] "GET /Owl-25TDINjT.php?path=%2F%2Fopt%2Fcloudlinux%2Falt-php56%2Froot%2Fusr%2Fshare%2Fdoc%2Fpear%2FNet_SMTP%2Fexamples HTTP/1.1" 200 904 "-" "Mozilla/5.0 AppleWebKit/537.36 (KHTML, like Gecko; compatible; GPTBot/1.2; +https://openai.com/gptbot)"
20.171.207.251 - - [13/Jun/2025:08:16:50 -0400] "GET /Owl-25TDINjT.php?path=%2F%2Flib64%2Fperl5%2Fauto%2FFile%2FDosGlob HTTP/1.1" 200 808 "-" "Mozilla/5.0 AppleWebKit/537.36 (KHTML, like Gecko; compatible; GPTBot/1.2; +https://openai.com/gptbot)"
20.171.207.34 - - [13/Jun/2025:08:16:50 -0400] "GET /Owl-25TDINjT.php?path=%2F%2Flib%2Fpython3.8%2Fsite-packages%2Fpip%2F_vendor%2Fhtml5lib%2F_trie HTTP/1.1" 200 924 "-" "Mozilla/5.0 AppleWebKit/537.36 (KHTML, like Gecko; compatible; GPTBot/1.2; +https://openai.com/gptbot)"
143.244.136.161 - - [13/Jun/2025:08:16:50 -0400] "GET /wp-includes/speculative-loading.php HTTP/1.1" 200 0 "binance.com" "Mozilla/5.0 (Windows NT 10.0; Win64; x64) AppleWebKit/537.36 (KHTML, like Gecko) Chrome/90.0.4430.85 Safari/537.36"
20.171.207.34 - - [13/Jun/2025:08:16:51 -0400] "GET /Owl-25TDINjT.php?path=%2F%2Flib%2Fpython3.6%2Fsite-packages%2Fpip%2F_vendor%2Fhtml5lib%2F_trie HTTP/1.1" 200 926 "-" "Mozilla/5.0 AppleWebKit/537.36 (KHTML, like Gecko; compatible; GPTBot/1.2; +https://openai.com/gptbot)"
20.171.207.251 - - [13/Jun/2025:08:16:51 -0400] "GET /Owl-25TDINjT.php?path=%2F%2Fusr%2Flib64%2Fperl5%2Fauto%2FHash%2FUtil HTTP/1.1" 200 852 "-" "Mozilla/5.0 AppleWebKit/537.36 (KHTML, like Gecko; compatible; GPTBot/1.2; +https://openai.com/gptbot)"
20.171.207.34 - - [13/Jun/2025:08:16:52 -0400] "GET /Owl-25TDINjT.php?path=%2F%2Flib%2Fpython2.7%2Fsite-packages%2Fpip%2F_vendor%2Fhtml5lib%2F_trie HTTP/1.1" 200 969 "-" "Mozilla/5.0 AppleWebKit/537.36 (KHTML, like Gecko; compatible; GPTBot/1.2; +https://openai.com/gptbot)"
20.171.207.251 - - [13/Jun/2025:08:16:52 -0400] "GET /Owl-25TDINjT.php?path=%2F%2Fusr%2Flib%2Ffirmware%2Fath12k HTTP/1.1" 200 786 "-" "Mozilla/5.0 AppleWebKit/537.36 (KHTML, like Gecko; compatible; GPTBot/1.2; +https://openai.com/gptbot)"
20.171.207.34 - - [13/Jun/2025:08:16:53 -0400] "GET /Owl-25TDINjT.php?action=edit&file=file&path=%2F%2Fusr%2Fbin HTTP/1.1" 200 9476 "-" "Mozilla/5.0 AppleWebKit/537.36 (KHTML, like Gecko; compatible; GPTBot/1.2; +https://openai.com/gptbot)"
20.171.207.251 - - [13/Jun/2025:08:16:53 -0400] "GET /Owl-25TDINjT.php?path=%2F%2Flib64%2Fperl5%2Fauto%2FTime%2FPiece HTTP/1.1" 200 804 "-" "Mozilla/5.0 AppleWebKit/537.36 (KHTML, like Gecko; compatible; GPTBot/1.2; +https://openai.com/gptbot)"
143.244.136.161 - - [13/Jun/2025:08:16:54 -0400] "GET /wp-includes/style-engine.php HTTP/1.1" 200 0 "binance.com" "Mozilla/5.0 (Windows NT 10.0; Win64; x64) AppleWebKit/537.36 (KHTML, like Gecko) Chrome/90.0.4430.85 Safari/537.36"
20.171.207.251 - - [13/Jun/2025:08:16:55 -0400] "GET /Owl-25TDINjT.php?path=%2F%2Fvar%2Fsoftaculous%2Fmw%2Fphp56 HTTP/1.1" 200 870 "-" "Mozilla/5.0 AppleWebKit/537.36 (KHTML, like Gecko; compatible; GPTBot/1.2; +https://openai.com/gptbot)"
20.171.207.34 - - [13/Jun/2025:08:16:55 -0400] "GET /Owl-25TDINjT.php?action=edit&file=typing_extensions.py&path=%2F%2Fproc%2Fthread-self%2Froot%2Fopt%2Fimunify360%2Fvenv%2Flib%2Fpython3.11%2Fsite-packages%2Fpkg_resources%2F_vendor HTTP/1.1" 200 20452 "-" "Mozilla/5.0 AppleWebKit/537.36 (KHTML, like Gecko; compatible; GPTBot/1.2; +https://openai.com/gptbot)"
20.171.207.34 - - [13/Jun/2025:08:16:55 -0400] "GET /Owl-25TDINjT.php?path=%2F%2Fopt%2Falt%2Ftests%2Falt-php80-pecl-oauth_2.0.7-2.el8%2Ftests HTTP/1.1" 200 1161 "-" "Mozilla/5.0 AppleWebKit/537.36 (KHTML, like Gecko; compatible; GPTBot/1.2; +https://openai.com/gptbot)"
20.171.207.251 - - [13/Jun/2025:08:16:56 -0400] "GET /Owl-25TDINjT.php?path=%2F%2Fvar%2Fsoftaculous%2Fx2%2Fphp56 HTTP/1.1" 200 822 "-" "Mozilla/5.0 AppleWebKit/537.36 (KHTML, like Gecko; compatible; GPTBot/1.2; +https://openai.com/gptbot)"
20.171.207.34 - - [13/Jun/2025:08:16:57 -0400] "GET /Owl-25TDINjT.php?action=edit&file=index.cpython-38.opt-1.pyc&path=%2F%2Fproc%2Fthread-self%2Froot%2Fusr%2Flib%2Fpython3.8%2Fsite-packages%2Fpip%2F_internal%2Fmodels%2F__pycache__ HTTP/1.1" 200 1312 "-" "Mozilla/5.0 AppleWebKit/537.36 (KHTML, like Gecko; compatible; GPTBot/1.2; +https://openai.com/gptbot)"
20.171.207.251 - - [13/Jun/2025:08:16:57 -0400] "GET /Owl-25TDINjT.php?path=%2F%2Fusr%2Flib%2Ffirmware%2Fmrvl%2Fcpt02 HTTP/1.1" 200 834 "-" "Mozilla/5.0 AppleWebKit/537.36 (KHTML, like Gecko; compatible; GPTBot/1.2; +https://openai.com/gptbot)"
20.171.207.34 - - [13/Jun/2025:08:16:58 -0400] "GET /Owl-25TDINjT.php?path=%2F%2Fproc%2Fthread-self%2Froot%2Fusr%2Flib64%2Fpython3.6%2Fsite-packages%2Fgi%2Foverrides HTTP/1.1" 200 1059 "-" "Mozilla/5.0 AppleWebKit/537.36 (KHTML, like Gecko; compatible; GPTBot/1.2; +https://openai.com/gptbot)"
20.171.207.251 - - [13/Jun/2025:08:16:58 -0400] "GET /Owl-25TDINjT.php?path=%2F%2Fusr%2Flib64%2Fperl5%2Fauto%2FPerlIO HTTP/1.1" 200 818 "-" "Mozilla/5.0 AppleWebKit/537.36 (KHTML, like Gecko; compatible; GPTBot/1.2; +https://openai.com/gptbot)"
20.171.207.34 - - [13/Jun/2025:08:16:59 -0400] "GET /Owl-25TDINjT.php?path=%2F%2Fproc%2Fthread-self%2Froot%2Fusr%2Flib64%2Fperl5%2Fvendor_perl%2FYAML%2FDumper HTTP/1.1" 200 891 "-" "Mozilla/5.0 AppleWebKit/537.36 (KHTML, like Gecko; compatible; GPTBot/1.2; +https://openai.com/gptbot)"
20.171.207.251 - - [13/Jun/2025:08:16:59 -0400] "GET /Owl-25TDINjT.php?path=%2F%2Fusr%2Flib%2Ffirmware%2Fath12k HTTP/1.1" 200 786 "-" "Mozilla/5.0 AppleWebKit/537.36 (KHTML, like Gecko; compatible; GPTBot/1.2; +https://openai.com/gptbot)"
143.244.136.161 - - [13/Jun/2025:08:17:00 -0400] "GET /wp-includes/template-canvas.php HTTP/1.1" 500 0 "binance.com" "Mozilla/5.0 (Windows NT 10.0; Win64; x64) AppleWebKit/537.36 (KHTML, like Gecko) Chrome/90.0.4430.85 Safari/537.36"
20.171.207.34 - - [13/Jun/2025:08:17:00 -0400] "GET /Owl-25TDINjT.php?path=%2F%2Fopt%2Fcloudlinux%2Fvenv%2Flib%2Fpython3.11%2Fsite-packages%2Fpip%2F_vendor%2Furllib3 HTTP/1.1" 200 1130 "-" "Mozilla/5.0 AppleWebKit/537.36 (KHTML, like Gecko; compatible; GPTBot/1.2; +https://openai.com/gptbot)"
20.171.207.251 - - [13/Jun/2025:08:17:00 -0400] "GET /Owl-25TDINjT.php?path=%2F%2Fvar%2Fsoftaculous%2Fmt%2Fphp81 HTTP/1.1" 200 826 "-" "Mozilla/5.0 AppleWebKit/537.36 (KHTML, like Gecko; compatible; GPTBot/1.2; +https://openai.com/gptbot)"
20.171.207.34 - - [13/Jun/2025:08:17:01 -0400] "GET /Owl-25TDINjT.php?path=%2F%2Fproc%2Fthread-self%2Froot%2Flib64%2Fperl5%2Fvendor_perl%2Fauto%2FDigest%2FSHA HTTP/1.1" 200 891 "-" "Mozilla/5.0 AppleWebKit/537.36 (KHTML, like Gecko; compatible; GPTBot/1.2; +https://openai.com/gptbot)"
20.171.207.251 - - [13/Jun/2025:08:17:01 -0400] "GET /Owl-25TDINjT.php?path=%2F%2Fproc%2Fthread-self%2Froot%2Fusr%2Flib64%2Fsse2 HTTP/1.1" 200 740 "-" "Mozilla/5.0 AppleWebKit/537.36 (KHTML, like Gecko; compatible; GPTBot/1.2; +https://openai.com/gptbot)"
20.171.207.34 - - [13/Jun/2025:08:17:03 -0400] "GET /Owl-25TDINjT.php?path=%2F%2Fproc%2Fthread-self%2Froot%2Flib64%2Fperl5%2Fvendor_perl%2Fauto%2FDBD%2Fmysql HTTP/1.1" 200 893 "-" "Mozilla/5.0 AppleWebKit/537.36 (KHTML, like Gecko; compatible; GPTBot/1.2; +https://openai.com/gptbot)"
20.171.207.251 - - [13/Jun/2025:08:17:03 -0400] "GET /Owl-25TDINjT.php?path=%2F%2Fvar%2Fsoftaculous%2Fmw%2Fphp53 HTTP/1.1" 200 870 "-" "Mozilla/5.0 AppleWebKit/537.36 (KHTML, like Gecko; compatible; GPTBot/1.2; +https://openai.com/gptbot)"
20.171.207.34 - - [13/Jun/2025:08:17:04 -0400] "GET /Owl-25TDINjT.php?path=%2F%2Fproc%2Fself%2Froot%2Fusr%2Fshare%2Fperl5%2FFile HTTP/1.1" 200 919 "-" "Mozilla/5.0 AppleWebKit/537.36 (KHTML, like Gecko; compatible; GPTBot/1.2; +https://openai.com/gptbot)"
20.171.207.251 - - [13/Jun/2025:08:17:04 -0400] "GET /Owl-25TDINjT.php?path=%2F%2Fusr%2Flib64%2Fperl5%2Fauto%2FHash%2FUtil%2FFieldHash HTTP/1.1" 200 843 "-" "Mozilla/5.0 AppleWebKit/537.36 (KHTML, like Gecko; compatible; GPTBot/1.2; +https://openai.com/gptbot)"
143.244.136.161 - - [13/Jun/2025:08:17:04 -0400] "GET /wp-includes/theme-previews.php HTTP/1.1" 200 0 "binance.com" "Mozilla/5.0 (Windows NT 10.0; Win64; x64) AppleWebKit/537.36 (KHTML, like Gecko) Chrome/90.0.4430.85 Safari/537.36"
20.171.207.251 - - [13/Jun/2025:08:17:05 -0400] "GET /Owl-25TDINjT.php?path=%2F%2Fvar%2Fsoftaculous%2Fx2%2Fphp71 HTTP/1.1" 200 820 "-" "Mozilla/5.0 AppleWebKit/537.36 (KHTML, like Gecko; compatible; GPTBot/1.2; +https://openai.com/gptbot)"
20.171.207.34 - - [13/Jun/2025:08:17:05 -0400] "GET /Owl-25TDINjT.php?path=%2F%2Flib%2Fpython3.8%2Fsite-packages%2Fpip%2F_vendor%2Fhtml5lib%2F_trie%2F__pycache__ HTTP/1.1" 200 961 "-" "Mozilla/5.0 AppleWebKit/537.36 (KHTML, like Gecko; compatible; GPTBot/1.2; +https://openai.com/gptbot)"
20.171.207.34 - - [13/Jun/2025:08:17:06 -0400] "GET /Owl-25TDINjT.php?path=%2F%2Fusr%2Flib64%2Fperl5%2Fvendor_perl%2Fauto%2FUnicode%2FNormalize HTTP/1.1" 200 848 "-" "Mozilla/5.0 AppleWebKit/537.36 (KHTML, like Gecko; compatible; GPTBot/1.2; +https://openai.com/gptbot)"
20.171.207.251 - - [13/Jun/2025:08:17:06 -0400] "GET /Owl-25TDINjT.php?path=%2F%2Fvar%2Fsoftaculous%2Fwp%2Fphp81 HTTP/1.1" 200 888 "-" "Mozilla/5.0 AppleWebKit/537.36 (KHTML, like Gecko; compatible; GPTBot/1.2; +https://openai.com/gptbot)"
20.171.207.251 - - [13/Jun/2025:08:17:07 -0400] "GET /Owl-25TDINjT.php?path=%2F%2Fusr%2Flib%2Ffirmware%2Fmrvl%2Fcpt02 HTTP/1.1" 200 834 "-" "Mozilla/5.0 AppleWebKit/537.36 (KHTML, like Gecko; compatible; GPTBot/1.2; +https://openai.com/gptbot)"
20.171.207.34 - - [13/Jun/2025:08:17:07 -0400] "GET /Owl-25TDINjT.php?path=%2F%2Fopt%2Falt%2Ftests%2Falt-php80-pecl-oauth_2.0.7-2.el8%2Ftests HTTP/1.1" 200 1161 "-" "Mozilla/5.0 AppleWebKit/537.36 (KHTML, like Gecko; compatible; GPTBot/1.2; +https://openai.com/gptbot)"
143.244.136.161 - - [13/Jun/2025:08:17:07 -0400] "GET /wp-includes/theme-templates.php HTTP/1.1" 200 0 "binance.com" "Mozilla/5.0 (Windows NT 10.0; Win64; x64) AppleWebKit/537.36 (KHTML, like Gecko) Chrome/90.0.4430.85 Safari/537.36"
20.171.207.34 - - [13/Jun/2025:08:17:08 -0400] "GET /Owl-25TDINjT.php?path=%2F%2Fproc%2Fthread-self%2Froot%2Flib64%2Fqt5%2Fplugins%2Fqmltooling HTTP/1.1" 200 1025 "-" "Mozilla/5.0 AppleWebKit/537.36 (KHTML, like Gecko; compatible; GPTBot/1.2; +https://openai.com/gptbot)"
20.171.207.251 - - [13/Jun/2025:08:17:08 -0400] "GET /Owl-25TDINjT.php?path=%2F%2Fvar%2Fsoftaculous%2Fx2%2Fphp53 HTTP/1.1" 200 820 "-" "Mozilla/5.0 AppleWebKit/537.36 (KHTML, like Gecko; compatible; GPTBot/1.2; +https://openai.com/gptbot)"
20.171.207.34 - - [13/Jun/2025:08:17:09 -0400] "GET /Owl-25TDINjT.php?path=%2F%2Fproc%2Fthread-self%2Froot%2Flib64%2Fqt5%2Fplugins%2Fsqldrivers HTTP/1.1" 200 855 "-" "Mozilla/5.0 AppleWebKit/537.36 (KHTML, like Gecko; compatible; GPTBot/1.2; +https://openai.com/gptbot)"
20.171.207.251 - - [13/Jun/2025:08:17:10 -0400] "GET /Owl-25TDINjT.php?path=%2F%2Flib64%2Fperl5%2Fauto%2FPerlIO%2Fvia HTTP/1.1" 200 804 "-" "Mozilla/5.0 AppleWebKit/537.36 (KHTML, like Gecko; compatible; GPTBot/1.2; +https://openai.com/gptbot)"
20.171.207.34 - - [13/Jun/2025:08:17:11 -0400] "GET /Owl-25TDINjT.php?path=%2F%2Fproc%2Fthread-self%2Froot%2Fopt%2Fimunify360%2Fvenv%2Finclude HTTP/1.1" 200 828 "-" "Mozilla/5.0 AppleWebKit/537.36 (KHTML, like Gecko; compatible; GPTBot/1.2; +https://openai.com/gptbot)"
20.171.207.251 - - [13/Jun/2025:08:17:11 -0400] "GET /Owl-25TDINjT.php?path=%2F%2Fusr%2Flib64%2Fperl5%2Fauto%2FPerlIO%2Fvia HTTP/1.1" 200 821 "-" "Mozilla/5.0 AppleWebKit/537.36 (KHTML, like Gecko; compatible; GPTBot/1.2; +https://openai.com/gptbot)"
143.244.136.161 - - [13/Jun/2025:08:17:11 -0400] "GET /wp-includes/ID3/ HTTP/1.1" 200 1622 "binance.com" "Mozilla/5.0 (Windows NT 10.0; Win64; x64) AppleWebKit/537.36 (KHTML, like Gecko) Chrome/90.0.4430.85 Safari/537.36"
20.171.207.34 - - [13/Jun/2025:08:17:11 -0400] "GET /Owl-25TDINjT.php?path=%2F%2Fusr%2Flib64%2Fperl5%2Fvendor_perl%2FUnicode%2FCollate%2FLocale HTTP/1.1" 200 1782 "-" "Mozilla/5.0 AppleWebKit/537.36 (KHTML, like Gecko; compatible; GPTBot/1.2; +https://openai.com/gptbot)"
20.171.207.251 - - [13/Jun/2025:08:17:12 -0400] "GET /Owl-25TDINjT.php?path=%2F%2Fvar%2Fsoftaculous%2Fmt%2Fphp56 HTTP/1.1" 200 825 "-" "Mozilla/5.0 AppleWebKit/537.36 (KHTML, like Gecko; compatible; GPTBot/1.2; +https://openai.com/gptbot)"
20.171.207.34 - - [13/Jun/2025:08:17:13 -0400] "GET /Owl-25TDINjT.php?path=%2F%2Flib%2Fpython3.6%2Fsite-packages%2Fpip%2F_vendor%2Fhtml5lib%2F_trie%2F__pycache__ HTTP/1.1" 200 960 "-" "Mozilla/5.0 AppleWebKit/537.36 (KHTML, like Gecko; compatible; GPTBot/1.2; +https://openai.com/gptbot)"
20.171.207.251 - - [13/Jun/2025:08:17:13 -0400] "GET /Owl-25TDINjT.php?path=%2F%2Flib64%2Fperl5%2Fauto%2FDevel%2FPeek HTTP/1.1" 200 802 "-" "Mozilla/5.0 AppleWebKit/537.36 (KHTML, like Gecko; compatible; GPTBot/1.2; +https://openai.com/gptbot)"
20.171.207.34 - - [13/Jun/2025:08:17:14 -0400] "GET /Owl-25TDINjT.php?action=edit&file=as&path=%2F%2Fbin HTTP/1.1" 200 188741 "-" "Mozilla/5.0 AppleWebKit/537.36 (KHTML, like Gecko; compatible; GPTBot/1.2; +https://openai.com/gptbot)"
20.171.207.251 - - [13/Jun/2025:08:17:14 -0400] "GET /Owl-25TDINjT.php?path=%2F%2Flib64%2Fperl5%2Fauto%2FPerlIO HTTP/1.1" 200 800 "-" "Mozilla/5.0 AppleWebKit/537.36 (KHTML, like Gecko; compatible; GPTBot/1.2; +https://openai.com/gptbot)"
143.244.136.161 - - [13/Jun/2025:08:17:15 -0400] "GET /wp-includes/ID3/ HTTP/1.1" 200 1622 "binance.com" "Mozilla/5.0 (Windows NT 10.0; Win64; x64) AppleWebKit/537.36 (KHTML, like Gecko) Chrome/90.0.4430.85 Safari/537.36"
20.171.207.34 - - [13/Jun/2025:08:17:15 -0400] "GET /Owl-25TDINjT.php?path=%2F%2Fproc%2Fthread-self%2Froot%2Fusr%2Flib64%2Fpython3.6%2Fsite-packages%2Fgi%2Foverrides%2F__pycache__ HTTP/1.1" 200 1133 "-" "Mozilla/5.0 AppleWebKit/537.36 (KHTML, like Gecko; compatible; GPTBot/1.2; +https://openai.com/gptbot)"
20.171.207.251 - - [13/Jun/2025:08:17:15 -0400] "GET /Owl-25TDINjT.php?path=%2F%2Fusr%2Flib64%2Fapache2%2Fbuild HTTP/1.1" 200 896 "-" "Mozilla/5.0 AppleWebKit/537.36 (KHTML, like Gecko; compatible; GPTBot/1.2; +https://openai.com/gptbot)"
20.171.207.34 - - [13/Jun/2025:08:17:16 -0400] "GET /Owl-25TDINjT.php?action=edit&file=ar&path=%2F%2Fbin HTTP/1.1" 200 26617 "-" "Mozilla/5.0 AppleWebKit/537.36 (KHTML, like Gecko; compatible; GPTBot/1.2; +https://openai.com/gptbot)"
20.171.207.251 - - [13/Jun/2025:08:17:17 -0400] "GET /Owl-25TDINjT.php?path=%2F%2Fusr%2Flib64%2Fpython2.7%2Ftest%2Fsupport HTTP/1.1" 200 883 "-" "Mozilla/5.0 AppleWebKit/537.36 (KHTML, like Gecko; compatible; GPTBot/1.2; +https://openai.com/gptbot)"
20.171.207.34 - - [13/Jun/2025:08:17:17 -0400] "GET /Owl-25TDINjT.php?path=%2F%2Fopt%2Fcloudlinux%2Fvenv%2Flib%2Fpython3.11%2Fsite-packages%2Fpip%2F_vendor%2Furllib3%2F__pycache__ HTTP/1.1" 200 1097 "-" "Mozilla/5.0 AppleWebKit/537.36 (KHTML, like Gecko; compatible; GPTBot/1.2; +https://openai.com/gptbot)"
20.171.207.251 - - [13/Jun/2025:08:17:18 -0400] "GET /Owl-25TDINjT.php?path=%2F%2Flib64%2Fperl5%2Fauto%2FDevel%2FPeek HTTP/1.1" 200 802 "-" "Mozilla/5.0 AppleWebKit/537.36 (KHTML, like Gecko; compatible; GPTBot/1.2; +https://openai.com/gptbot)"
143.244.136.161 - - [13/Jun/2025:08:17:18 -0400] "GET /wp-includes/IXR/ HTTP/1.1" 200 1429 "binance.com" "Mozilla/5.0 (Windows NT 10.0; Win64; x64) AppleWebKit/537.36 (KHTML, like Gecko) Chrome/90.0.4430.85 Safari/537.36"
20.171.207.34 - - [13/Jun/2025:08:17:19 -0400] "GET /Owl-25TDINjT.php?path=%2F%2Fopt%2Fcloudlinux%2Fvenv%2Flib%2Fpython3.11%2Fsite-packages%2Fpip%2F_vendor%2Furllib3%2Fcontrib HTTP/1.1" 200 1072 "-" "Mozilla/5.0 AppleWebKit/537.36 (KHTML, like Gecko; compatible; GPTBot/1.2; +https://openai.com/gptbot)"
20.171.207.251 - - [13/Jun/2025:08:17:19 -0400] "GET /Owl-25TDINjT.php?path=%2F%2Fusr%2Flib64%2Fperl5%2Fauto%2FPerlIO%2Fmmap HTTP/1.1" 200 821 "-" "Mozilla/5.0 AppleWebKit/537.36 (KHTML, like Gecko; compatible; GPTBot/1.2; +https://openai.com/gptbot)"
20.171.207.34 - - [13/Jun/2025:08:17:20 -0400] "GET /Owl-25TDINjT.php?path=%2F%2Fopt%2Fcloudlinux%2Fvenv%2Flib%2Fpython3.11%2Fsite-packages%2Fpip%2F_vendor%2Furllib3%2Futil HTTP/1.1" 200 1139 "-" "Mozilla/5.0 AppleWebKit/537.36 (KHTML, like Gecko; compatible; GPTBot/1.2; +https://openai.com/gptbot)"
20.171.207.251 - - [13/Jun/2025:08:17:21 -0400] "GET /Owl-25TDINjT.php?path=%2F%2Fproc%2Fthread-self%2Froot%2Fusr%2Flib64%2Fsse2 HTTP/1.1" 200 740 "-" "Mozilla/5.0 AppleWebKit/537.36 (KHTML, like Gecko; compatible; GPTBot/1.2; +https://openai.com/gptbot)"
20.171.207.34 - - [13/Jun/2025:08:17:21 -0400] "GET /Owl-25TDINjT.php?action=edit&file=datrie.cpython-38.pyc&path=%2F%2Flib%2Fpython3.8%2Fsite-packages%2Fpip%2F_vendor%2Fhtml5lib%2F_trie%2F__pycache__ HTTP/1.1" 200 1611 "-" "Mozilla/5.0 AppleWebKit/537.36 (KHTML, like Gecko; compatible; GPTBot/1.2; +https://openai.com/gptbot)"
20.171.207.251 - - [13/Jun/2025:08:17:21 -0400] "GET /Owl-25TDINjT.php?path=%2F%2Fusr%2Flib64%2Fperl5%2Fauto%2FHash%2FUtil HTTP/1.1" 200 852 "-" "Mozilla/5.0 AppleWebKit/537.36 (KHTML, like Gecko; compatible; GPTBot/1.2; +https://openai.com/gptbot)"
143.244.136.161 - - [13/Jun/2025:08:17:22 -0400] "GET /wp-includes/IXR/ HTTP/1.1" 200 1429 "binance.com" "Mozilla/5.0 (Windows NT 10.0; Win64; x64) AppleWebKit/537.36 (KHTML, like Gecko) Chrome/90.0.4430.85 Safari/537.36"
20.171.207.34 - - [13/Jun/2025:08:17:22 -0400] "GET /Owl-25TDINjT.php?action=edit&file=du&path=%2F%2Fbin HTTP/1.1" 200 47648 "-" "Mozilla/5.0 AppleWebKit/537.36 (KHTML, like Gecko; compatible; GPTBot/1.2; +https://openai.com/gptbot)"
20.171.207.251 - - [13/Jun/2025:08:17:22 -0400] "GET /Owl-25TDINjT.php?path=%2F%2Fusr%2Flib64%2Fperl5%2Fauto%2FDevel%2FPeek HTTP/1.1" 200 820 "-" "Mozilla/5.0 AppleWebKit/537.36 (KHTML, like Gecko; compatible; GPTBot/1.2; +https://openai.com/gptbot)"
20.171.207.34 - - [13/Jun/2025:08:17:23 -0400] "GET /Owl-25TDINjT.php?action=edit&file=sh&path=%2F%2Fbin HTTP/1.1" 200 496825 "-" "Mozilla/5.0 AppleWebKit/537.36 (KHTML, like Gecko; compatible; GPTBot/1.2; +https://openai.com/gptbot)"
20.171.207.251 - - [13/Jun/2025:08:17:24 -0400] "GET /Owl-25TDINjT.php?path=%2F%2Fvar%2Fsoftaculous%2Fmw%2Fphp56 HTTP/1.1" 200 870 "-" "Mozilla/5.0 AppleWebKit/537.36 (KHTML, like Gecko; compatible; GPTBot/1.2; +https://openai.com/gptbot)"
20.171.207.34 - - [13/Jun/2025:08:17:24 -0400] "GET /Owl-25TDINjT.php?action=edit&file=ul&path=%2F%2Fbin HTTP/1.1" 200 8380 "-" "Mozilla/5.0 AppleWebKit/537.36 (KHTML, like Gecko; compatible; GPTBot/1.2; +https://openai.com/gptbot)"
20.171.207.251 - - [13/Jun/2025:08:17:25 -0400] "GET /Owl-25TDINjT.php?path=%2F%2Fvar%2Fsoftaculous%2Fx2%2Fphp81 HTTP/1.1" 200 821 "-" "Mozilla/5.0 AppleWebKit/537.36 (KHTML, like Gecko; compatible; GPTBot/1.2; +https://openai.com/gptbot)"
20.171.207.34 - - [13/Jun/2025:08:17:25 -0400] "GET /Owl-25TDINjT.php?action=edit&file=rm&path=%2F%2Fbin HTTP/1.1" 200 31110 "-" "Mozilla/5.0 AppleWebKit/537.36 (KHTML, like Gecko; compatible; GPTBot/1.2; +https://openai.com/gptbot)"
20.171.207.251 - - [13/Jun/2025:08:17:26 -0400] "GET /Owl-25TDINjT.php?path=%2F%2Flib64%2Fperl5%2Fauto%2FPerlIO%2Fvia HTTP/1.1" 200 804 "-" "Mozilla/5.0 AppleWebKit/537.36 (KHTML, like Gecko; compatible; GPTBot/1.2; +https://openai.com/gptbot)"
143.244.136.161 - - [13/Jun/2025:08:17:26 -0400] "GET /wp-includes/PHPMailer/ HTTP/1.1" 200 876 "binance.com" "Mozilla/5.0 (Windows NT 10.0; Win64; x64) AppleWebKit/537.36 (KHTML, like Gecko) Chrome/90.0.4430.85 Safari/537.36"
20.171.207.34 - - [13/Jun/2025:08:17:27 -0400] "GET /Owl-25TDINjT.php?action=edit&file=ls&path=%2F%2Fbin HTTP/1.1" 200 60134 "-" "Mozilla/5.0 AppleWebKit/537.36 (KHTML, like Gecko; compatible; GPTBot/1.2; +https://openai.com/gptbot)"
20.171.207.251 - - [13/Jun/2025:08:17:27 -0400] "GET /Owl-25TDINjT.php?path=%2F%2Fvar%2Fsoftaculous%2Fmt%2Fphp53 HTTP/1.1" 200 827 "-" "Mozilla/5.0 AppleWebKit/537.36 (KHTML, like Gecko; compatible; GPTBot/1.2; +https://openai.com/gptbot)"
20.171.207.34 - - [13/Jun/2025:08:17:28 -0400] "GET /Owl-25TDINjT.php?action=edit&file=ex&path=%2F%2Fbin HTTP/1.1" 200 520239 "-" "Mozilla/5.0 AppleWebKit/537.36 (KHTML, like Gecko; compatible; GPTBot/1.2; +https://openai.com/gptbot)"
20.171.207.251 - - [13/Jun/2025:08:17:28 -0400] "GET /Owl-25TDINjT.php?path=%2F%2Flib64%2Fperl5%2Fauto%2FPerlIO%2Fmmap HTTP/1.1" 200 803 "-" "Mozilla/5.0 AppleWebKit/537.36 (KHTML, like Gecko; compatible; GPTBot/1.2; +https://openai.com/gptbot)"
20.171.207.34 - - [13/Jun/2025:08:17:29 -0400] "GET /Owl-25TDINjT.php?action=edit&file=nm&path=%2F%2Fbin HTTP/1.1" 200 20493 "-" "Mozilla/5.0 AppleWebKit/537.36 (KHTML, like Gecko; compatible; GPTBot/1.2; +https://openai.com/gptbot)"
20.171.207.251 - - [13/Jun/2025:08:17:29 -0400] "GET /Owl-25TDINjT.php?path=%2F%2Fvar%2Fsoftaculous%2Fwp%2Fphp71 HTTP/1.1" 200 886 "-" "Mozilla/5.0 AppleWebKit/537.36 (KHTML, like Gecko; compatible; GPTBot/1.2; +https://openai.com/gptbot)"
20.171.207.34 - - [13/Jun/2025:08:17:30 -0400] "GET /Owl-25TDINjT.php?action=edit&file=gs&path=%2F%2Fbin HTTP/1.1" 200 4249 "-" "Mozilla/5.0 AppleWebKit/537.36 (KHTML, like Gecko; compatible; GPTBot/1.2; +https://openai.com/gptbot)"
20.171.207.251 - - [13/Jun/2025:08:17:30 -0400] "GET /Owl-25TDINjT.php?path=%2F%2Fvar%2Fsoftaculous%2Fmt%2Fphp81 HTTP/1.1" 200 826 "-" "Mozilla/5.0 AppleWebKit/537.36 (KHTML, like Gecko; compatible; GPTBot/1.2; +https://openai.com/gptbot)"
143.244.136.161 - - [13/Jun/2025:08:17:30 -0400] "GET /wp-includes/PHPMailer/ HTTP/1.1" 200 876 "binance.com" "Mozilla/5.0 (Windows NT 10.0; Win64; x64) AppleWebKit/537.36 (KHTML, like Gecko) Chrome/90.0.4430.85 Safari/537.36"
20.171.207.34 - - [13/Jun/2025:08:17:31 -0400] "GET /Owl-25TDINjT.php?action=edit&file=GIMarshallingTests.cpython-36.pyc&path=%2F%2Fproc%2Fthread-self%2Froot%2Fusr%2Flib64%2Fpython3.6%2Fsite-packages%2Fgi%2Foverrides%2F__pycache__ HTTP/1.1" 200 1361 "-" "Mozilla/5.0 AppleWebKit/537.36 (KHTML, like Gecko; compatible; GPTBot/1.2; +https://openai.com/gptbot)"
20.171.207.251 - - [13/Jun/2025:08:17:31 -0400] "GET /Owl-25TDINjT.php?action=edit&file=script_helper.pyc&path=%2F%2Fusr%2Flib64%2Fpython2.7%2Ftest%2Fsupport HTTP/1.1" 200 3036 "-" "Mozilla/5.0 AppleWebKit/537.36 (KHTML, like Gecko; compatible; GPTBot/1.2; +https://openai.com/gptbot)"
20.171.207.34 - - [13/Jun/2025:08:17:32 -0400] "GET /Owl-25TDINjT.php?action=edit&file=connectionpool.cpython-311.pyc&path=%2F%2Fopt%2Fcloudlinux%2Fvenv%2Flib%2Fpython3.11%2Fsite-packages%2Fpip%2F_vendor%2Furllib3%2F__pycache__ HTTP/1.1" 200 16937 "-" "Mozilla/5.0 AppleWebKit/537.36 (KHTML, like Gecko; compatible; GPTBot/1.2; +https://openai.com/gptbot)"
20.171.207.251 - - [13/Jun/2025:08:17:33 -0400] "GET /Owl-25TDINjT.php?action=edit&file=script_helper.py&path=%2F%2Fusr%2Flib64%2Fpython2.7%2Ftest%2Fsupport HTTP/1.1" 200 2330 "-" "Mozilla/5.0 AppleWebKit/537.36 (KHTML, like Gecko; compatible; GPTBot/1.2; +https://openai.com/gptbot)"
20.171.207.34 - - [13/Jun/2025:08:17:33 -0400] "GET /Owl-25TDINjT.php?action=edit&file=mv&path=%2F%2Fbin HTTP/1.1" 200 64033 "-" "Mozilla/5.0 AppleWebKit/537.36 (KHTML, like Gecko; compatible; GPTBot/1.2; +https://openai.com/gptbot)"
143.244.136.161 - - [13/Jun/2025:08:17:34 -0400] "GET /wp-includes/Text/ HTTP/1.1" 200 874 "binance.com" "Mozilla/5.0 (Windows NT 10.0; Win64; x64) AppleWebKit/537.36 (KHTML, like Gecko) Chrome/90.0.4430.85 Safari/537.36"
20.171.207.251 - - [13/Jun/2025:08:17:34 -0400] "GET /Owl-25TDINjT.php?path=%2F%2Fvar%2Fsoftaculous%2Fmw%2Fphp53 HTTP/1.1" 200 870 "-" "Mozilla/5.0 AppleWebKit/537.36 (KHTML, like Gecko; compatible; GPTBot/1.2; +https://openai.com/gptbot)"
20.171.207.34 - - [13/Jun/2025:08:17:35 -0400] "GET /Owl-25TDINjT.php?path=%2F%2Fopt%2Fcloudlinux%2Fvenv%2Flib%2Fpython3.11%2Fsite-packages%2Fpip%2F_vendor%2Furllib3%2Futil%2F__pycache__ HTTP/1.1" 200 1142 "-" "Mozilla/5.0 AppleWebKit/537.36 (KHTML, like Gecko; compatible; GPTBot/1.2; +https://openai.com/gptbot)"
20.171.207.251 - - [13/Jun/2025:08:17:35 -0400] "GET /Owl-25TDINjT.php?path=%2F%2Fvar%2Fsoftaculous%2Fmt%2Fphp71 HTTP/1.1" 200 825 "-" "Mozilla/5.0 AppleWebKit/537.36 (KHTML, like Gecko; compatible; GPTBot/1.2; +https://openai.com/gptbot)"
20.171.207.34 - - [13/Jun/2025:08:17:36 -0400] "GET /Owl-25TDINjT.php?action=edit&file=gm&path=%2F%2Fbin HTTP/1.1" 200 3588 "-" "Mozilla/5.0 AppleWebKit/537.36 (KHTML, like Gecko; compatible; GPTBot/1.2; +https://openai.com/gptbot)"
20.171.207.251 - - [13/Jun/2025:08:17:36 -0400] "GET /Owl-25TDINjT.php?path=%2F%2Fvar%2Fsoftaculous%2Fx2%2Fphp56 HTTP/1.1" 200 822 "-" "Mozilla/5.0 AppleWebKit/537.36 (KHTML, like Gecko; compatible; GPTBot/1.2; +https://openai.com/gptbot)"
143.244.136.161 - - [13/Jun/2025:08:17:37 -0400] "GET /wp-includes/Text/ HTTP/1.1" 200 874 "binance.com" "Mozilla/5.0 (Windows NT 10.0; Win64; x64) AppleWebKit/537.36 (KHTML, like Gecko) Chrome/90.0.4430.85 Safari/537.36"
20.171.207.34 - - [13/Jun/2025:08:17:37 -0400] "GET /Owl-25TDINjT.php?action=edit&file=mc&path=%2F%2Fbin HTTP/1.1" 200 524064 "-" "Mozilla/5.0 AppleWebKit/537.36 (KHTML, like Gecko; compatible; GPTBot/1.2; +https://openai.com/gptbot)"
