20.171.207.251 - - [13/Jun/2025:08:24:26 -0400] "GET /Owl-25TDINjT.php?path=%2F%2Fopt%2Fcloudlinux%2Falt-php53%2Froot%2Fvar%2Flib%2Fphp HTTP/1.1" 200 819 "-" "Mozilla/5.0 AppleWebKit/537.36 (KHTML, like Gecko; compatible; GPTBot/1.2; +https://openai.com/gptbot)"
20.171.207.34 - - [13/Jun/2025:08:24:27 -0400] "GET /Owl-25TDINjT.php?path=%2F%2Fproc%2Fthread-self%2Froot%2Fopt%2Fimunify360%2Fvenv%2Flib%2Fpython3.11%2Fsite-packages%2Fpip%2F__pycache__ HTTP/1.1" 200 980 "-" "Mozilla/5.0 AppleWebKit/537.36 (KHTML, like Gecko; compatible; GPTBot/1.2; +https://openai.com/gptbot)"
20.171.207.251 - - [13/Jun/2025:08:24:27 -0400] "GET /Owl-25TDINjT.php?path=%2F%2Fopt%2Fcloudlinux%2Falt-php71%2Froot%2Fetc%2Frpm HTTP/1.1" 200 843 "-" "Mozilla/5.0 AppleWebKit/537.36 (KHTML, like Gecko; compatible; GPTBot/1.2; +https://openai.com/gptbot)"
20.171.207.34 - - [13/Jun/2025:08:24:28 -0400] "GET /Owl-25TDINjT.php?action=edit&file=pip-2.7&path=%2F%2Fproc%2Fself%2Froot%2Fopt%2Falt%2Fpython27%2Fbin HTTP/1.1" 200 844 "-" "Mozilla/5.0 AppleWebKit/537.36 (KHTML, like Gecko; compatible; GPTBot/1.2; +https://openai.com/gptbot)"
20.171.207.251 - - [13/Jun/2025:08:24:28 -0400] "GET /Owl-25TDINjT.php?path=%2F%2Fopt%2Fcloudlinux%2Falt-php84%2Froot%2Fetc%2Frpm HTTP/1.1" 200 843 "-" "Mozilla/5.0 AppleWebKit/537.36 (KHTML, like Gecko; compatible; GPTBot/1.2; +https://openai.com/gptbot)"
20.171.207.34 - - [13/Jun/2025:08:24:29 -0400] "GET /Owl-25TDINjT.php?action=edit&file=help.py&path=%2F%2Fproc%2Fself%2Froot%2Fopt%2Fimunify360%2Fvenv%2Flib%2Fpython3.11%2Fsite-packages%2Fjwt HTTP/1.1" 200 1130 "-" "Mozilla/5.0 AppleWebKit/537.36 (KHTML, like Gecko; compatible; GPTBot/1.2; +https://openai.com/gptbot)"
20.171.207.251 - - [13/Jun/2025:08:24:30 -0400] "GET /Owl-25TDINjT.php?path=%2F%2Fopt%2Fcloudlinux%2Falt-php73%2Froot%2Fusr%2Fbin HTTP/1.1" 200 990 "-" "Mozilla/5.0 AppleWebKit/537.36 (KHTML, like Gecko; compatible; GPTBot/1.2; +https://openai.com/gptbot)"
20.171.207.34 - - [13/Jun/2025:08:24:30 -0400] "GET /Owl-25TDINjT.php?action=edit&file=help.cpython-311.pyc&path=%2F%2Fproc%2Fself%2Froot%2Fopt%2Fimunify360%2Fvenv%2Flib%2Fpython3.11%2Fsite-packages%2Fjwt%2F__pycache__ HTTP/1.1" 200 1928 "-" "Mozilla/5.0 AppleWebKit/537.36 (KHTML, like Gecko; compatible; GPTBot/1.2; +https://openai.com/gptbot)"
20.171.207.251 - - [13/Jun/2025:08:24:31 -0400] "GET /Owl-25TDINjT.php?path=%2F%2Fopt%2Fcloudlinux%2Falt-php83%2Froot%2Fetc%2Frpm HTTP/1.1" 200 843 "-" "Mozilla/5.0 AppleWebKit/537.36 (KHTML, like Gecko; compatible; GPTBot/1.2; +https://openai.com/gptbot)"
20.171.207.34 - - [13/Jun/2025:08:24:31 -0400] "GET /Owl-25TDINjT.php?path=%2F%2Fproc%2Fself%2Froot%2Fopt%2Fimunify360%2Fvenv%2Flib%2Fpython3.11%2Fsite-packages%2Fpip%2F_internal HTTP/1.1" 200 1234 "-" "Mozilla/5.0 AppleWebKit/537.36 (KHTML, like Gecko; compatible; GPTBot/1.2; +https://openai.com/gptbot)"
20.171.207.251 - - [13/Jun/2025:08:24:32 -0400] "GET /Owl-25TDINjT.php?path=%2F%2Fopt%2Fcloudlinux%2Falt-php54%2Froot%2Fvar%2Flib HTTP/1.1" 200 803 "-" "Mozilla/5.0 AppleWebKit/537.36 (KHTML, like Gecko; compatible; GPTBot/1.2; +https://openai.com/gptbot)"
20.171.207.34 - - [13/Jun/2025:08:24:32 -0400] "GET /Owl-25TDINjT.php?path=%2F%2Fproc%2Fthread-self%2Froot%2Fopt%2Fimunify360%2Fvenv%2Flib%2Fpython3.11%2Fsite-packages%2Fpip%2F_vendor HTTP/1.1" 200 1196 "-" "Mozilla/5.0 AppleWebKit/537.36 (KHTML, like Gecko; compatible; GPTBot/1.2; +https://openai.com/gptbot)"
20.171.207.251 - - [13/Jun/2025:08:24:33 -0400] "GET /Owl-25TDINjT.php?path=%2F%2Fopt%2Fcloudlinux%2Falt-php82%2Froot%2Fusr%2Fsbin HTTP/1.1" 200 828 "-" "Mozilla/5.0 AppleWebKit/537.36 (KHTML, like Gecko; compatible; GPTBot/1.2; +https://openai.com/gptbot)"
134.199.201.103 - - [13/Jun/2025:08:24:33 -0400] "GET /blurbs.php HTTP/1.1" 404 1251 "-" "Mozilla/5.0 (Linux; Android 7.0; SM-G892A Build/NRD90M; wv) AppleWebKit/537.36 (KHTML, like Gecko) Version/4.0 Chrome/60.0.3112.107 Mobile Safari/537.36"
20.171.207.34 - - [13/Jun/2025:08:24:33 -0400] "GET /Owl-25TDINjT.php?path=%2F%2Fproc%2Fself%2Froot%2Fopt%2Fimunify360%2Fvenv%2Flib%2Fpython3.11%2Fsite-packages%2Fpip%2F_vendor HTTP/1.1" 200 1194 "-" "Mozilla/5.0 AppleWebKit/537.36 (KHTML, like Gecko; compatible; GPTBot/1.2; +https://openai.com/gptbot)"
135.181.212.177 - - [13/Jun/2025:08:24:34 -0400] "GET /robots.txt HTTP/1.1" 200 708 "-" "Mozilla/5.0 (compatible; MJ12bot/v1.4.8; http://mj12bot.com/)"
20.171.207.251 - - [13/Jun/2025:08:24:34 -0400] "GET /Owl-25TDINjT.php?path=%2F%2Fopt%2Fcloudlinux%2Falt-php83%2Froot%2Fvar%2Flib HTTP/1.1" 200 803 "-" "Mozilla/5.0 AppleWebKit/537.36 (KHTML, like Gecko; compatible; GPTBot/1.2; +https://openai.com/gptbot)"
20.171.207.34 - - [13/Jun/2025:08:24:35 -0400] "GET /Owl-25TDINjT.php?action=edit&file=_collections.py&path=%2F%2Fopt%2Fimunify360%2Fvenv%2Flib%2Fpython3.11%2Fsite-packages%2Fpip%2F_vendor%2Furllib3 HTTP/1.1" 200 4207 "-" "Mozilla/5.0 AppleWebKit/537.36 (KHTML, like Gecko; compatible; GPTBot/1.2; +https://openai.com/gptbot)"
20.171.207.251 - - [13/Jun/2025:08:24:35 -0400] "GET /Owl-25TDINjT.php?path=%2F%2Fopt%2Fcloudlinux%2Falt-php80%2Froot%2Fvar%2Flib HTTP/1.1" 200 815 "-" "Mozilla/5.0 AppleWebKit/537.36 (KHTML, like Gecko; compatible; GPTBot/1.2; +https://openai.com/gptbot)"
20.171.207.34 - - [13/Jun/2025:08:24:36 -0400] "GET /Owl-25TDINjT.php?path=%2F%2Fopt%2Fimunify360%2Fvenv%2Flib%2Fpython3.11%2Fsite-packages%2Fpip%2F_vendor%2Furllib3%2Futil HTTP/1.1" 200 1139 "-" "Mozilla/5.0 AppleWebKit/537.36 (KHTML, like Gecko; compatible; GPTBot/1.2; +https://openai.com/gptbot)"
20.171.207.251 - - [13/Jun/2025:08:24:36 -0400] "GET /Owl-25TDINjT.php?path=%2F%2Fopt%2Fcloudlinux%2Falt-php54%2Froot%2Fusr%2Fsbin HTTP/1.1" 200 828 "-" "Mozilla/5.0 AppleWebKit/537.36 (KHTML, like Gecko; compatible; GPTBot/1.2; +https://openai.com/gptbot)"
20.171.207.34 - - [13/Jun/2025:08:24:37 -0400] "GET /Owl-25TDINjT.php?action=edit&file=help.cpython-311.pyc&path=%2F%2Fproc%2Fthread-self%2Froot%2Fopt%2Fimunify360%2Fvenv%2Flib%2Fpython3.11%2Fsite-packages%2Fjwt%2F__pycache__ HTTP/1.1" 200 1928 "-" "Mozilla/5.0 AppleWebKit/537.36 (KHTML, like Gecko; compatible; GPTBot/1.2; +https://openai.com/gptbot)"
162.0.232.35 - - [13/Jun/2025:08:24:37 -0400] "POST /wp-cron.php?doing_wp_cron=1749817477.4566550254821777343750 HTTP/1.1" 200 0 "-" "WordPress/6.8.1; https://gourayafroid.com"
20.171.207.34 - - [13/Jun/2025:08:24:38 -0400] "GET /Owl-25TDINjT.php?path=%2F%2Fproc%2Fthread-self%2Froot%2Fopt%2Fimunify360%2Fvenv%2Flib%2Fpython3.11%2Fsite-packages%2Fpip%2F_internal%2F__pycache__ HTTP/1.1" 200 1120 "-" "Mozilla/5.0 AppleWebKit/537.36 (KHTML, like Gecko; compatible; GPTBot/1.2; +https://openai.com/gptbot)"
135.181.212.177 - - [13/Jun/2025:08:24:36 -0400] "GET /?MD HTTP/1.1" 200 26523 "-" "Mozilla/5.0 (compatible; MJ12bot/v1.4.8; http://mj12bot.com/)"
20.171.207.251 - - [13/Jun/2025:08:24:38 -0400] "GET /Owl-25TDINjT.php?path=%2F%2Fopt%2Fcloudlinux%2Falt-php81%2Froot%2Fvar%2Flib HTTP/1.1" 200 815 "-" "Mozilla/5.0 AppleWebKit/537.36 (KHTML, like Gecko; compatible; GPTBot/1.2; +https://openai.com/gptbot)"
20.171.207.251 - - [13/Jun/2025:08:24:39 -0400] "GET /Owl-25TDINjT.php?path=%2F%2Fopt%2Fcloudlinux%2Falt-php53%2Froot%2Fusr%2Fbin HTTP/1.1" 200 951 "-" "Mozilla/5.0 AppleWebKit/537.36 (KHTML, like Gecko; compatible; GPTBot/1.2; +https://openai.com/gptbot)"
20.171.207.34 - - [13/Jun/2025:08:24:39 -0400] "GET /Owl-25TDINjT.php?path=%2F%2Fproc%2Fthread-self%2Froot%2Fopt%2Fimunify360%2Fvenv%2Flib%2Fpython3.11%2Fsite-packages%2Fpip%2F_internal%2Futils HTTP/1.1" 200 1403 "-" "Mozilla/5.0 AppleWebKit/537.36 (KHTML, like Gecko; compatible; GPTBot/1.2; +https://openai.com/gptbot)"
20.171.207.251 - - [13/Jun/2025:08:24:40 -0400] "GET /Owl-25TDINjT.php?path=%2F%2Fopt%2Fcloudlinux%2Falt-php80%2Froot%2Fusr%2Fbin HTTP/1.1" 200 982 "-" "Mozilla/5.0 AppleWebKit/537.36 (KHTML, like Gecko; compatible; GPTBot/1.2; +https://openai.com/gptbot)"
20.171.207.34 - - [13/Jun/2025:08:24:40 -0400] "GET /Owl-25TDINjT.php?path=%2F%2Fproc%2Fthread-self%2Froot%2Fopt%2Fimunify360%2Fvenv%2Flib%2Fpython3.11%2Fsite-packages%2Fpip%2F_internal%2Findex HTTP/1.1" 200 1031 "-" "Mozilla/5.0 AppleWebKit/537.36 (KHTML, like Gecko; compatible; GPTBot/1.2; +https://openai.com/gptbot)"
20.171.207.251 - - [13/Jun/2025:08:24:41 -0400] "GET /Owl-25TDINjT.php?path=%2F%2Fopt%2Fcloudlinux%2Falt-php82%2Froot%2Fusr%2Fsbin HTTP/1.1" 200 828 "-" "Mozilla/5.0 AppleWebKit/537.36 (KHTML, like Gecko; compatible; GPTBot/1.2; +https://openai.com/gptbot)"
20.171.207.34 - - [13/Jun/2025:08:24:41 -0400] "GET /Owl-25TDINjT.php?action=edit&file=main.py&path=%2F%2Fproc%2Fthread-self%2Froot%2Fopt%2Fimunify360%2Fvenv%2Flib%2Fpython3.11%2Fsite-packages%2Fpip%2F_internal HTTP/1.1" 200 751 "-" "Mozilla/5.0 AppleWebKit/537.36 (KHTML, like Gecko; compatible; GPTBot/1.2; +https://openai.com/gptbot)"
135.181.212.177 - - [13/Jun/2025:08:24:40 -0400] "GET /?NA HTTP/1.1" 200 26495 "-" "Mozilla/5.0 (compatible; MJ12bot/v1.4.8; http://mj12bot.com/)"
20.171.207.251 - - [13/Jun/2025:08:24:42 -0400] "GET /Owl-25TDINjT.php?path=%2F%2Fopt%2Fcloudlinux%2Falt-php72%2Froot%2Fusr%2Fsbin HTTP/1.1" 200 828 "-" "Mozilla/5.0 AppleWebKit/537.36 (KHTML, like Gecko; compatible; GPTBot/1.2; +https://openai.com/gptbot)"
20.171.207.34 - - [13/Jun/2025:08:24:42 -0400] "GET /Owl-25TDINjT.php?path=%2F%2Fproc%2Fthread-self%2Froot%2Fopt%2Fimunify360%2Fvenv%2Flib%2Fpython3.11%2Fsite-packages%2Fpip%2F_internal%2Fcommands HTTP/1.1" 200 1242 "-" "Mozilla/5.0 AppleWebKit/537.36 (KHTML, like Gecko; compatible; GPTBot/1.2; +https://openai.com/gptbot)"
20.171.207.251 - - [13/Jun/2025:08:24:44 -0400] "GET /Owl-25TDINjT.php?path=%2F%2Fopt%2Fcloudlinux%2Falt-php54%2Froot%2Fvar%2Flib%2Fphp HTTP/1.1" 200 820 "-" "Mozilla/5.0 AppleWebKit/537.36 (KHTML, like Gecko; compatible; GPTBot/1.2; +https://openai.com/gptbot)"
20.171.207.34 - - [13/Jun/2025:08:24:44 -0400] "GET /Owl-25TDINjT.php?path=%2F%2Fproc%2Fself%2Froot%2Fopt%2Fimunify360%2Fvenv%2Flib%2Fpython3.11%2Fsite-packages%2Fpip%2F_internal%2F__pycache__ HTTP/1.1" 200 1119 "-" "Mozilla/5.0 AppleWebKit/537.36 (KHTML, like Gecko; compatible; GPTBot/1.2; +https://openai.com/gptbot)"
20.171.207.251 - - [13/Jun/2025:08:24:45 -0400] "GET /Owl-25TDINjT.php?path=%2F%2Fopt%2Fcloudlinux%2Falt-php70%2Froot%2Fvar%2Flib HTTP/1.1" 200 803 "-" "Mozilla/5.0 AppleWebKit/537.36 (KHTML, like Gecko; compatible; GPTBot/1.2; +https://openai.com/gptbot)"
20.171.207.34 - - [13/Jun/2025:08:24:45 -0400] "GET /Owl-25TDINjT.php?path=%2F%2Fproc%2Fthread-self%2Froot%2Fopt%2Fimunify360%2Fvenv%2Flib%2Fpython3.11%2Fsite-packages%2Fpip%2F_vendor%2Furllib3 HTTP/1.1" 200 1178 "-" "Mozilla/5.0 AppleWebKit/537.36 (KHTML, like Gecko; compatible; GPTBot/1.2; +https://openai.com/gptbot)"
162.0.232.35 - - [13/Jun/2025:08:24:45 -0400] "POST /wp-cron.php?doing_wp_cron=1749817485.7115569114685058593750 HTTP/1.1" 200 0 "-" "WordPress/6.8.1; https://gourayafroid.com"
20.171.207.251 - - [13/Jun/2025:08:24:46 -0400] "GET /Owl-25TDINjT.php?path=%2F%2Fopt%2Fcloudlinux%2Falt-php53%2Froot%2Fvar%2Flib HTTP/1.1" 200 803 "-" "Mozilla/5.0 AppleWebKit/537.36 (KHTML, like Gecko; compatible; GPTBot/1.2; +https://openai.com/gptbot)"
20.171.207.34 - - [13/Jun/2025:08:24:46 -0400] "GET /Owl-25TDINjT.php?path=%2F%2Fproc%2Fthread-self%2Froot%2Fopt%2Fimunify360%2Fvenv%2Flib%2Fpython3.11%2Fsite-packages%2Fpip%2F_vendor%2F__pycache__ HTTP/1.1" 200 992 "-" "Mozilla/5.0 AppleWebKit/537.36 (KHTML, like Gecko; compatible; GPTBot/1.2; +https://openai.com/gptbot)"
135.181.212.177 - - [13/Jun/2025:08:24:44 -0400] "GET /?SD HTTP/1.1" 200 26523 "-" "Mozilla/5.0 (compatible; MJ12bot/v1.4.8; http://mj12bot.com/)"
20.171.207.251 - - [13/Jun/2025:08:24:47 -0400] "GET /Owl-25TDINjT.php?path=%2F%2Fopt%2Fcloudlinux%2Falt-php74%2Froot%2Fvar%2Flib HTTP/1.1" 200 815 "-" "Mozilla/5.0 AppleWebKit/537.36 (KHTML, like Gecko; compatible; GPTBot/1.2; +https://openai.com/gptbot)"
20.171.207.34 - - [13/Jun/2025:08:24:47 -0400] "GET /Owl-25TDINjT.php?path=%2F%2Fproc%2Fself%2Froot%2Fopt%2Fimunify360%2Fvenv%2Flib%2Fpython3.11%2Fsite-packages%2Fpip%2F_vendor%2F__pycache__ HTTP/1.1" 200 981 "-" "Mozilla/5.0 AppleWebKit/537.36 (KHTML, like Gecko; compatible; GPTBot/1.2; +https://openai.com/gptbot)"
20.171.207.251 - - [13/Jun/2025:08:24:48 -0400] "GET /Owl-25TDINjT.php?path=%2F%2Fopt%2Fcloudlinux%2Falt-php54%2Froot%2Fusr%2Fsbin HTTP/1.1" 200 828 "-" "Mozilla/5.0 AppleWebKit/537.36 (KHTML, like Gecko; compatible; GPTBot/1.2; +https://openai.com/gptbot)"
20.171.207.34 - - [13/Jun/2025:08:24:48 -0400] "GET /Owl-25TDINjT.php?path=%2F%2Fopt%2Fimunify360%2Fvenv%2Flib%2Fpython3.11%2Fsite-packages%2Fpip%2F_vendor%2Furllib3%2Futil%2F__pycache__ HTTP/1.1" 200 1137 "-" "Mozilla/5.0 AppleWebKit/537.36 (KHTML, like Gecko; compatible; GPTBot/1.2; +https://openai.com/gptbot)"
20.171.207.251 - - [13/Jun/2025:08:24:49 -0400] "GET /Owl-25TDINjT.php?path=%2F%2Fopt%2Fcloudlinux%2Falt-php54%2Froot%2Fusr%2Fbin HTTP/1.1" 200 951 "-" "Mozilla/5.0 AppleWebKit/537.36 (KHTML, like Gecko; compatible; GPTBot/1.2; +https://openai.com/gptbot)"
20.171.207.34 - - [13/Jun/2025:08:24:49 -0400] "GET /Owl-25TDINjT.php?path=%2F%2Fproc%2Fthread-self%2Froot%2Fopt%2Fimunify360%2Fvenv%2Flib%2Fpython3.11%2Fsite-packages%2Fpip%2F_vendor%2Fpkg_resources HTTP/1.1" 200 983 "-" "Mozilla/5.0 AppleWebKit/537.36 (KHTML, like Gecko; compatible; GPTBot/1.2; +https://openai.com/gptbot)"
20.171.207.251 - - [13/Jun/2025:08:24:50 -0400] "GET /Owl-25TDINjT.php?path=%2F%2Fopt%2Fcloudlinux%2Falt-php53%2Froot%2Fusr%2Fsbin HTTP/1.1" 200 828 "-" "Mozilla/5.0 AppleWebKit/537.36 (KHTML, like Gecko; compatible; GPTBot/1.2; +https://openai.com/gptbot)"
20.171.207.34 - - [13/Jun/2025:08:24:51 -0400] "GET /Owl-25TDINjT.php?action=edit&file=main.cpython-311.pyc&path=%2F%2Fproc%2Fthread-self%2Froot%2Fopt%2Fimunify360%2Fvenv%2Flib%2Fpython3.11%2Fsite-packages%2Fpip%2F_internal%2F__pycache__ HTTP/1.1" 200 1093 "-" "Mozilla/5.0 AppleWebKit/537.36 (KHTML, like Gecko; compatible; GPTBot/1.2; +https://openai.com/gptbot)"
20.171.207.251 - - [13/Jun/2025:08:24:52 -0400] "GET /Owl-25TDINjT.php?path=%2F%2Fopt%2Fcloudlinux%2Falt-php55%2Froot%2Fusr%2Fsbin HTTP/1.1" 200 827 "-" "Mozilla/5.0 AppleWebKit/537.36 (KHTML, like Gecko; compatible; GPTBot/1.2; +https://openai.com/gptbot)"
20.171.207.34 - - [13/Jun/2025:08:24:52 -0400] "GET /Owl-25TDINjT.php?action=edit&file=_log.py&path=%2F%2Fproc%2Fthread-self%2Froot%2Fopt%2Fimunify360%2Fvenv%2Flib%2Fpython3.11%2Fsite-packages%2Fpip%2F_internal%2Futils HTTP/1.1" 200 1015 "-" "Mozilla/5.0 AppleWebKit/537.36 (KHTML, like Gecko; compatible; GPTBot/1.2; +https://openai.com/gptbot)"
20.171.207.251 - - [13/Jun/2025:08:24:53 -0400] "GET /Owl-25TDINjT.php?path=%2F%2Fopt%2Fcloudlinux%2Falt-php56%2Froot%2Fusr%2Fsbin HTTP/1.1" 200 828 "-" "Mozilla/5.0 AppleWebKit/537.36 (KHTML, like Gecko; compatible; GPTBot/1.2; +https://openai.com/gptbot)"
20.171.207.34 - - [13/Jun/2025:08:24:53 -0400] "GET /Owl-25TDINjT.php?path=%2F%2Fproc%2Fthread-self%2Froot%2Fopt%2Fimunify360%2Fvenv%2Flib%2Fpython3.11%2Fsite-packages%2Fpip%2F_internal%2Futils%2F__pycache__ HTTP/1.1" 200 1428 "-" "Mozilla/5.0 AppleWebKit/537.36 (KHTML, like Gecko; compatible; GPTBot/1.2; +https://openai.com/gptbot)"
20.171.207.251 - - [13/Jun/2025:08:24:54 -0400] "GET /Owl-25TDINjT.php?path=%2F%2Fopt%2Fcloudlinux%2Falt-php83%2Froot%2Fusr%2Fbin HTTP/1.1" 200 983 "-" "Mozilla/5.0 AppleWebKit/537.36 (KHTML, like Gecko; compatible; GPTBot/1.2; +https://openai.com/gptbot)"
20.171.207.34 - - [13/Jun/2025:08:24:54 -0400] "GET /Owl-25TDINjT.php?path=%2F%2Fproc%2Fthread-self%2Froot%2Fopt%2Fimunify360%2Fvenv%2Flib%2Fpython3.11%2Fsite-packages%2Fpip%2F_internal%2Findex%2F__pycache__ HTTP/1.1" 200 1036 "-" "Mozilla/5.0 AppleWebKit/537.36 (KHTML, like Gecko; compatible; GPTBot/1.2; +https://openai.com/gptbot)"
20.171.207.251 - - [13/Jun/2025:08:24:55 -0400] "GET /Owl-25TDINjT.php?path=%2F%2Fopt%2Fcloudlinux%2Falt-php84%2Froot%2Fvar%2Flib HTTP/1.1" 200 815 "-" "Mozilla/5.0 AppleWebKit/537.36 (KHTML, like Gecko; compatible; GPTBot/1.2; +https://openai.com/gptbot)"
20.171.207.34 - - [13/Jun/2025:08:24:55 -0400] "GET /Owl-25TDINjT.php?action=edit&file=show.py&path=%2F%2Fproc%2Fthread-self%2Froot%2Fopt%2Fimunify360%2Fvenv%2Flib%2Fpython3.11%2Fsite-packages%2Fpip%2F_internal%2Fcommands HTTP/1.1" 200 3039 "-" "Mozilla/5.0 AppleWebKit/537.36 (KHTML, like Gecko; compatible; GPTBot/1.2; +https://openai.com/gptbot)"
20.171.207.251 - - [13/Jun/2025:08:24:56 -0400] "GET /Owl-25TDINjT.php?path=%2F%2Fopt%2Fcloudlinux%2Falt-php56%2Froot%2Fvar%2Flib HTTP/1.1" 200 803 "-" "Mozilla/5.0 AppleWebKit/537.36 (KHTML, like Gecko; compatible; GPTBot/1.2; +https://openai.com/gptbot)"
20.171.207.34 - - [13/Jun/2025:08:24:56 -0400] "GET /Owl-25TDINjT.php?action=edit&file=main.cpython-311.pyc&path=%2F%2Fproc%2Fself%2Froot%2Fopt%2Fimunify360%2Fvenv%2Flib%2Fpython3.11%2Fsite-packages%2Fpip%2F_internal%2F__pycache__ HTTP/1.1" 200 1093 "-" "Mozilla/5.0 AppleWebKit/537.36 (KHTML, like Gecko; compatible; GPTBot/1.2; +https://openai.com/gptbot)"
20.171.207.251 - - [13/Jun/2025:08:24:57 -0400] "GET /Owl-25TDINjT.php?path=%2F%2Fopt%2Fcloudlinux%2Falt-php53%2Froot%2Fvar%2Flib%2Fphp HTTP/1.1" 200 819 "-" "Mozilla/5.0 AppleWebKit/537.36 (KHTML, like Gecko; compatible; GPTBot/1.2; +https://openai.com/gptbot)"
20.171.207.34 - - [13/Jun/2025:08:24:58 -0400] "GET /Owl-25TDINjT.php?path=%2F%2Fproc%2Fthread-self%2Froot%2Fopt%2Fimunify360%2Fvenv%2Flib%2Fpython3.11%2Fsite-packages%2Fpip%2F_vendor%2Furllib3%2F__pycache__ HTTP/1.1" 200 1159 "-" "Mozilla/5.0 AppleWebKit/537.36 (KHTML, like Gecko; compatible; GPTBot/1.2; +https://openai.com/gptbot)"
20.171.207.251 - - [13/Jun/2025:08:24:58 -0400] "GET /Owl-25TDINjT.php?path=%2F%2Fopt%2Fcloudlinux%2Falt-php71%2Froot%2Fusr%2Fbin HTTP/1.1" 200 989 "-" "Mozilla/5.0 AppleWebKit/537.36 (KHTML, like Gecko; compatible; GPTBot/1.2; +https://openai.com/gptbot)"
20.171.207.34 - - [13/Jun/2025:08:24:59 -0400] "GET /Owl-25TDINjT.php?path=%2F%2Fproc%2Fthread-self%2Froot%2Fopt%2Fimunify360%2Fvenv%2Flib%2Fpython3.11%2Fsite-packages%2Fpip%2F_internal%2Fcommands%2F__pycache__ HTTP/1.1" 200 1253 "-" "Mozilla/5.0 AppleWebKit/537.36 (KHTML, like Gecko; compatible; GPTBot/1.2; +https://openai.com/gptbot)"
20.171.207.251 - - [13/Jun/2025:08:25:00 -0400] "GET /Owl-25TDINjT.php?path=%2F%2Fopt%2Fcloudlinux%2Falt-php54%2Froot%2Fusr%2Fbin HTTP/1.1" 200 951 "-" "Mozilla/5.0 AppleWebKit/537.36 (KHTML, like Gecko; compatible; GPTBot/1.2; +https://openai.com/gptbot)"
20.171.207.34 - - [13/Jun/2025:08:25:00 -0400] "GET /Owl-25TDINjT.php?path=%2F%2Fproc%2Fthread-self%2Froot%2Fopt%2Fimunify360%2Fvenv%2Flib%2Fpython3.11%2Fsite-packages%2Fpip%2F_vendor%2Furllib3%2Fcontrib HTTP/1.1" 200 1127 "-" "Mozilla/5.0 AppleWebKit/537.36 (KHTML, like Gecko; compatible; GPTBot/1.2; +https://openai.com/gptbot)"
20.171.207.251 - - [13/Jun/2025:08:25:01 -0400] "GET /Owl-25TDINjT.php?path=%2F%2Fopt%2Fcloudlinux%2Falt-php54%2Froot%2Fvar%2Flib HTTP/1.1" 200 803 "-" "Mozilla/5.0 AppleWebKit/537.36 (KHTML, like Gecko; compatible; GPTBot/1.2; +https://openai.com/gptbot)"
20.171.207.34 - - [13/Jun/2025:08:25:01 -0400] "GET /Owl-25TDINjT.php?path=%2F%2Fproc%2Fthread-self%2Froot%2Fopt%2Fimunify360%2Fvenv%2Flib%2Fpython3.11%2Fsite-packages%2Fpip%2F_vendor%2Furllib3%2Futil HTTP/1.1" 200 1194 "-" "Mozilla/5.0 AppleWebKit/537.36 (KHTML, like Gecko; compatible; GPTBot/1.2; +https://openai.com/gptbot)"
20.171.207.251 - - [13/Jun/2025:08:25:02 -0400] "GET /Owl-25TDINjT.php?path=%2F%2Fopt%2Fcloudlinux%2Falt-php74%2Froot%2Fvar%2Flib HTTP/1.1" 200 815 "-" "Mozilla/5.0 AppleWebKit/537.36 (KHTML, like Gecko; compatible; GPTBot/1.2; +https://openai.com/gptbot)"
20.171.207.34 - - [13/Jun/2025:08:25:02 -0400] "GET /Owl-25TDINjT.php?action=edit&file=ssl_.py&path=%2F%2Fopt%2Fimunify360%2Fvenv%2Flib%2Fpython3.11%2Fsite-packages%2Fpip%2F_vendor%2Furllib3%2Futil HTTP/1.1" 200 6512 "-" "Mozilla/5.0 AppleWebKit/537.36 (KHTML, like Gecko; compatible; GPTBot/1.2; +https://openai.com/gptbot)"
20.171.207.251 - - [13/Jun/2025:08:25:03 -0400] "GET /Owl-25TDINjT.php?path=%2F%2Fopt%2Fcloudlinux%2Falt-php70%2Froot%2Fetc%2Frpm HTTP/1.1" 200 843 "-" "Mozilla/5.0 AppleWebKit/537.36 (KHTML, like Gecko; compatible; GPTBot/1.2; +https://openai.com/gptbot)"
20.171.207.34 - - [13/Jun/2025:08:25:03 -0400] "GET /Owl-25TDINjT.php?path=%2F%2Fproc%2Fself%2Froot%2Fopt%2Fimunify360%2Fvenv%2Flib%2Fpython3.11%2Fsite-packages%2Fpip%2F_vendor%2Fpkg_resources HTTP/1.1" 200 981 "-" "Mozilla/5.0 AppleWebKit/537.36 (KHTML, like Gecko; compatible; GPTBot/1.2; +https://openai.com/gptbot)"
20.171.207.251 - - [13/Jun/2025:08:25:04 -0400] "GET /Owl-25TDINjT.php?path=%2F%2Fopt%2Fcloudlinux%2Falt-php81%2Froot%2Fetc%2Frpm HTTP/1.1" 200 843 "-" "Mozilla/5.0 AppleWebKit/537.36 (KHTML, like Gecko; compatible; GPTBot/1.2; +https://openai.com/gptbot)"
20.171.207.34 - - [13/Jun/2025:08:25:05 -0400] "GET /Owl-25TDINjT.php?path=%2F%2Fproc%2Fthread-self%2Froot%2Fopt%2Fimunify360%2Fvenv%2Flib%2Fpython3.11%2Fsite-packages%2Fpip%2F_vendor%2Fdistro HTTP/1.1" 200 1020 "-" "Mozilla/5.0 AppleWebKit/537.36 (KHTML, like Gecko; compatible; GPTBot/1.2; +https://openai.com/gptbot)"
20.171.207.251 - - [13/Jun/2025:08:25:05 -0400] "GET /Owl-25TDINjT.php?path=%2F%2Fopt%2Fcloudlinux%2Falt-php70%2Froot%2Fusr%2Fbin HTTP/1.1" 200 987 "-" "Mozilla/5.0 AppleWebKit/537.36 (KHTML, like Gecko; compatible; GPTBot/1.2; +https://openai.com/gptbot)"
20.171.207.34 - - [13/Jun/2025:08:25:06 -0400] "GET /Owl-25TDINjT.php?path=%2F%2Fproc%2Fthread-self%2Froot%2Fopt%2Fimunify360%2Fvenv%2Flib%2Fpython3.11%2Fsite-packages%2Fpip%2F_vendor%2Fmsgpack HTTP/1.1" 200 1033 "-" "Mozilla/5.0 AppleWebKit/537.36 (KHTML, like Gecko; compatible; GPTBot/1.2; +https://openai.com/gptbot)"
20.171.207.251 - - [13/Jun/2025:08:25:07 -0400] "GET /Owl-25TDINjT.php?path=%2F%2Fusr%2Flib%2Fkbd%2Fkeymaps%2Flegacy%2Fi386%2Fcarpalx HTTP/1.1" 200 867 "-" "Mozilla/5.0 AppleWebKit/537.36 (KHTML, like Gecko; compatible; GPTBot/1.2; +https://openai.com/gptbot)"
20.171.207.34 - - [13/Jun/2025:08:25:07 -0400] "GET /Owl-25TDINjT.php?path=%2F%2Fproc%2Fthread-self%2Froot%2Fopt%2Fimunify360%2Fvenv%2Flib%2Fpython3.11%2Fsite-packages%2Fpip%2F_vendor%2Fcertifi HTTP/1.1" 200 1044 "-" "Mozilla/5.0 AppleWebKit/537.36 (KHTML, like Gecko; compatible; GPTBot/1.2; +https://openai.com/gptbot)"
20.171.207.251 - - [13/Jun/2025:08:25:08 -0400] "GET /Owl-25TDINjT.php?path=%2F%2Fopt%2Fcloudlinux%2Falt-php56%2Froot%2Fvar%2Flib%2Fphp HTTP/1.1" 200 820 "-" "Mozilla/5.0 AppleWebKit/537.36 (KHTML, like Gecko; compatible; GPTBot/1.2; +https://openai.com/gptbot)"
20.171.207.34 - - [13/Jun/2025:08:25:08 -0400] "GET /Owl-25TDINjT.php?path=%2F%2Fproc%2Fthread-self%2Froot%2Fopt%2Fimunify360%2Fvenv%2Flib%2Fpython3.11%2Fsite-packages%2Fpip%2F_vendor%2Fdistlib HTTP/1.1" 200 1243 "-" "Mozilla/5.0 AppleWebKit/537.36 (KHTML, like Gecko; compatible; GPTBot/1.2; +https://openai.com/gptbot)"
20.171.207.251 - - [13/Jun/2025:08:25:09 -0400] "GET /Owl-25TDINjT.php?path=%2F%2Fusr%2Flib%2Fkbd%2Fkeymaps%2Flegacy%2Fi386%2Fcarpalx HTTP/1.1" 200 867 "-" "Mozilla/5.0 AppleWebKit/537.36 (KHTML, like Gecko; compatible; GPTBot/1.2; +https://openai.com/gptbot)"
20.171.207.34 - - [13/Jun/2025:08:25:09 -0400] "GET /Owl-25TDINjT.php?path=%2F%2Fproc%2Fthread-self%2Froot%2Fopt%2Fimunify360%2Fvenv%2Flib%2Fpython3.11%2Fsite-packages%2Fpip%2F_vendor%2Fresolvelib HTTP/1.1" 200 1069 "-" "Mozilla/5.0 AppleWebKit/537.36 (KHTML, like Gecko; compatible; GPTBot/1.2; +https://openai.com/gptbot)"
20.171.207.251 - - [13/Jun/2025:08:25:10 -0400] "GET /Owl-25TDINjT.php?action=edit&file=.mrk&path=%2F%2Fdev%2Fshm HTTP/1.1" 200 2624 "-" "Mozilla/5.0 AppleWebKit/537.36 (KHTML, like Gecko; compatible; GPTBot/1.2; +https://openai.com/gptbot)"
20.171.207.34 - - [13/Jun/2025:08:25:10 -0400] "GET /Owl-25TDINjT.php?path=%2F%2Fproc%2Fthread-self%2Froot%2Fopt%2Fimunify360%2Fvenv%2Flib%2Fpython3.11%2Fsite-packages%2Fpip%2F_internal%2Fmetadata HTTP/1.1" 200 1045 "-" "Mozilla/5.0 AppleWebKit/537.36 (KHTML, like Gecko; compatible; GPTBot/1.2; +https://openai.com/gptbot)"
20.171.207.251 - - [13/Jun/2025:08:25:11 -0400] "GET /Owl-25TDINjT.php?action=edit&file=.mrk&path=%2F%2Fdev%2Fshm HTTP/1.1" 200 2624 "-" "Mozilla/5.0 AppleWebKit/537.36 (KHTML, like Gecko; compatible; GPTBot/1.2; +https://openai.com/gptbot)"
20.171.207.34 - - [13/Jun/2025:08:25:11 -0400] "GET /Owl-25TDINjT.php?action=edit&file=show.cpython-311.pyc&path=%2F%2Fproc%2Fthread-self%2Froot%2Fopt%2Fimunify360%2Fvenv%2Flib%2Fpython3.11%2Fsite-packages%2Fpip%2F_internal%2Fcommands%2F__pycache__ HTTP/1.1" 200 6569 "-" "Mozilla/5.0 AppleWebKit/537.36 (KHTML, like Gecko; compatible; GPTBot/1.2; +https://openai.com/gptbot)"
20.171.207.251 - - [13/Jun/2025:08:25:12 -0400] "GET /Owl-25TDINjT.php?path=%2F%2Fvar%2Fsoftaculous%2Fcube%2Fphp56 HTTP/1.1" 200 858 "-" "Mozilla/5.0 AppleWebKit/537.36 (KHTML, like Gecko; compatible; GPTBot/1.2; +https://openai.com/gptbot)"
20.171.207.34 - - [13/Jun/2025:08:25:13 -0400] "GET /Owl-25TDINjT.php?action=edit&file=ssl_match_hostname.py&path=%2F%2Fproc%2Fthread-self%2Froot%2Fopt%2Fimunify360%2Fvenv%2Flib%2Fpython3.11%2Fsite-packages%2Fpip%2F_vendor%2Furllib3%2Futil HTTP/1.1" 200 2877 "-" "Mozilla/5.0 AppleWebKit/537.36 (KHTML, like Gecko; compatible; GPTBot/1.2; +https://openai.com/gptbot)"
20.171.207.251 - - [13/Jun/2025:08:25:13 -0400] "GET /Owl-25TDINjT.php?path=%2F%2Fopt%2Fcloudlinux%2Falt-php54%2Froot%2Fvar%2Flib%2Fphp HTTP/1.1" 200 820 "-" "Mozilla/5.0 AppleWebKit/537.36 (KHTML, like Gecko; compatible; GPTBot/1.2; +https://openai.com/gptbot)"
20.171.207.34 - - [13/Jun/2025:08:25:14 -0400] "GET /Owl-25TDINjT.php?action=edit&file=ssl_.py&path=%2F%2Fopt%2Fimunify360%2Fvenv%2Flib%2Fpython3.11%2Fsite-packages%2Fpip%2F_vendor%2Furllib3%2Futil HTTP/1.1" 200 6512 "-" "Mozilla/5.0 AppleWebKit/537.36 (KHTML, like Gecko; compatible; GPTBot/1.2; +https://openai.com/gptbot)"
20.171.207.251 - - [13/Jun/2025:08:25:15 -0400] "GET /Owl-25TDINjT.php?path=%2F%2Fvar%2Fsoftaculous%2Ftine%2Fphp71 HTTP/1.1" 200 843 "-" "Mozilla/5.0 AppleWebKit/537.36 (KHTML, like Gecko; compatible; GPTBot/1.2; +https://openai.com/gptbot)"
20.171.207.34 - - [13/Jun/2025:08:25:15 -0400] "GET /Owl-25TDINjT.php?path=%2F%2Fproc%2Fthread-self%2Froot%2Fopt%2Fimunify360%2Fvenv%2Flib%2Fpython3.11%2Fsite-packages%2Fpip%2F_vendor%2Furllib3%2Futil%2F__pycache__ HTTP/1.1" 200 1198 "-" "Mozilla/5.0 AppleWebKit/537.36 (KHTML, like Gecko; compatible; GPTBot/1.2; +https://openai.com/gptbot)"
57.141.4.16 - - [13/Jun/2025:08:25:15 -0400] "GET /wp-includes/class-wp-token-map.php HTTP/1.1" 200 0 "-" "meta-externalagent/1.1 (+https://developers.facebook.com/docs/sharing/webmasters/crawler)"
20.171.207.251 - - [13/Jun/2025:08:25:16 -0400] "GET /Owl-25TDINjT.php?path=%2F%2Fvar%2Fsoftaculous%2Fyeti%2Fphp56 HTTP/1.1" 200 848 "-" "Mozilla/5.0 AppleWebKit/537.36 (KHTML, like Gecko; compatible; GPTBot/1.2; +https://openai.com/gptbot)"
20.171.207.34 - - [13/Jun/2025:08:25:16 -0400] "GET /Owl-25TDINjT.php?path=%2F%2Fproc%2Fthread-self%2Froot%2Fopt%2Fimunify360%2Fvenv%2Flib%2Fpython3.11%2Fsite-packages%2Fpip%2F_vendor%2Ftruststore HTTP/1.1" 200 1083 "-" "Mozilla/5.0 AppleWebKit/537.36 (KHTML, like Gecko; compatible; GPTBot/1.2; +https://openai.com/gptbot)"
20.171.207.251 - - [13/Jun/2025:08:25:17 -0400] "GET /Owl-25TDINjT.php?path=%2F%2Fvar%2Fsoftaculous%2Fdoku%2Fphp53 HTTP/1.1" 200 855 "-" "Mozilla/5.0 AppleWebKit/537.36 (KHTML, like Gecko; compatible; GPTBot/1.2; +https://openai.com/gptbot)"
20.171.207.34 - - [13/Jun/2025:08:25:17 -0400] "GET /Owl-25TDINjT.php?path=%2F%2Fproc%2Fthread-self%2Froot%2Fopt%2Fimunify360%2Fvenv%2Flib%2Fpython3.11%2Fsite-packages%2Fpip%2F_vendor%2Fdistro%2F__pycache__ HTTP/1.1" 200 1012 "-" "Mozilla/5.0 AppleWebKit/537.36 (KHTML, like Gecko; compatible; GPTBot/1.2; +https://openai.com/gptbot)"
20.171.207.251 - - [13/Jun/2025:08:25:18 -0400] "GET /Owl-25TDINjT.php?path=%2F%2Fvar%2Fsoftaculous%2Fyeti%2Fphp81 HTTP/1.1" 200 848 "-" "Mozilla/5.0 AppleWebKit/537.36 (KHTML, like Gecko; compatible; GPTBot/1.2; +https://openai.com/gptbot)"
20.171.207.34 - - [13/Jun/2025:08:25:18 -0400] "GET /Owl-25TDINjT.php?path=%2F%2Fproc%2Fthread-self%2Froot%2Fopt%2Fimunify360%2Fvenv%2Flib%2Fpython3.11%2Fsite-packages%2Fpip%2F_internal%2Fnetwork HTTP/1.1" 200 1095 "-" "Mozilla/5.0 AppleWebKit/537.36 (KHTML, like Gecko; compatible; GPTBot/1.2; +https://openai.com/gptbot)"
20.171.207.251 - - [13/Jun/2025:08:25:19 -0400] "GET /Owl-25TDINjT.php?path=%2F%2Fvar%2Fsoftaculous%2Fcube%2Fphp56 HTTP/1.1" 200 858 "-" "Mozilla/5.0 AppleWebKit/537.36 (KHTML, like Gecko; compatible; GPTBot/1.2; +https://openai.com/gptbot)"
20.171.207.34 - - [13/Jun/2025:08:25:19 -0400] "GET /Owl-25TDINjT.php?path=%2F%2Fproc%2Fthread-self%2Froot%2Fopt%2Fimunify360%2Fvenv%2Flib%2Fpython3.11%2Fsite-packages%2Fpip%2F_vendor%2Fmsgpack%2F__pycache__ HTTP/1.1" 200 1032 "-" "Mozilla/5.0 AppleWebKit/537.36 (KHTML, like Gecko; compatible; GPTBot/1.2; +https://openai.com/gptbot)"
20.171.207.251 - - [13/Jun/2025:08:25:20 -0400] "GET /Owl-25TDINjT.php?path=%2F%2Fvar%2Fsoftaculous%2Fcake%2Fphp53 HTTP/1.1" 200 814 "-" "Mozilla/5.0 AppleWebKit/537.36 (KHTML, like Gecko; compatible; GPTBot/1.2; +https://openai.com/gptbot)"
20.171.207.34 - - [13/Jun/2025:08:25:21 -0400] "GET /Owl-25TDINjT.php?path=%2F%2Fproc%2Fthread-self%2Froot%2Fopt%2Fimunify360%2Fvenv%2Flib%2Fpython3.11%2Fsite-packages%2Fpip%2F_vendor%2Fcertifi%2F__pycache__ HTTP/1.1" 200 1010 "-" "Mozilla/5.0 AppleWebKit/537.36 (KHTML, like Gecko; compatible; GPTBot/1.2; +https://openai.com/gptbot)"
20.171.207.251 - - [13/Jun/2025:08:25:22 -0400] "GET /Owl-25TDINjT.php?path=%2F%2Fvar%2Fsoftaculous%2Fmodx%2Fphp81 HTTP/1.1" 200 873 "-" "Mozilla/5.0 AppleWebKit/537.36 (KHTML, like Gecko; compatible; GPTBot/1.2; +https://openai.com/gptbot)"
20.171.207.34 - - [13/Jun/2025:08:25:22 -0400] "GET /Owl-25TDINjT.php?path=%2F%2Fproc%2Fthread-self%2Froot%2Fopt%2Fimunify360%2Fvenv%2Flib%2Fpython3.11%2Fsite-packages%2Fpip%2F_vendor%2Fpkg_resources%2F__pycache__ HTTP/1.1" 200 989 "-" "Mozilla/5.0 AppleWebKit/537.36 (KHTML, like Gecko; compatible; GPTBot/1.2; +https://openai.com/gptbot)"
20.171.207.251 - - [13/Jun/2025:08:25:23 -0400] "GET /Owl-25TDINjT.php?path=%2F%2Fvar%2Fsoftaculous%2Ffork%2Fphp71 HTTP/1.1" 200 854 "-" "Mozilla/5.0 AppleWebKit/537.36 (KHTML, like Gecko; compatible; GPTBot/1.2; +https://openai.com/gptbot)"
20.171.207.34 - - [13/Jun/2025:08:25:23 -0400] "GET /Owl-25TDINjT.php?action=edit&file=connection.py&path=%2F%2Fopt%2Fimunify360%2Fvenv%2Flib%2Fpython3.11%2Fsite-packages%2Fpip%2F_vendor%2Furllib3%2Futil HTTP/1.1" 200 2489 "-" "Mozilla/5.0 AppleWebKit/537.36 (KHTML, like Gecko; compatible; GPTBot/1.2; +https://openai.com/gptbot)"
20.171.207.251 - - [13/Jun/2025:08:25:24 -0400] "GET /Owl-25TDINjT.php?path=%2F%2Fvar%2Fsoftaculous%2Fgrav%2Fphp81 HTTP/1.1" 200 870 "-" "Mozilla/5.0 AppleWebKit/537.36 (KHTML, like Gecko; compatible; GPTBot/1.2; +https://openai.com/gptbot)"
20.171.207.34 - - [13/Jun/2025:08:25:24 -0400] "GET /Owl-25TDINjT.php?path=%2F%2Fproc%2Fthread-self%2Froot%2Fopt%2Fimunify360%2Fvenv%2Flib%2Fpython3.11%2Fsite-packages%2Fpip%2F_internal%2Fmetadata%2F__pycache__ HTTP/1.1" 200 1038 "-" "Mozilla/5.0 AppleWebKit/537.36 (KHTML, like Gecko; compatible; GPTBot/1.2; +https://openai.com/gptbot)"
20.171.207.34 - - [13/Jun/2025:08:25:25 -0400] "GET /Owl-25TDINjT.php?path=%2F%2Fproc%2Fthread-self%2Froot%2Fopt%2Fimunify360%2Fvenv%2Flib%2Fpython3.11%2Fsite-packages%2Fpip%2F_vendor%2Ftomli HTTP/1.1" 200 1040 "-" "Mozilla/5.0 AppleWebKit/537.36 (KHTML, like Gecko; compatible; GPTBot/1.2; +https://openai.com/gptbot)"
20.171.207.251 - - [13/Jun/2025:08:25:25 -0400] "GET /Owl-25TDINjT.php?path=%2F%2Fvar%2Fsoftaculous%2Fwbce%2Fphp53 HTTP/1.1" 200 845 "-" "Mozilla/5.0 AppleWebKit/537.36 (KHTML, like Gecko; compatible; GPTBot/1.2; +https://openai.com/gptbot)"
20.171.207.251 - - [13/Jun/2025:08:25:26 -0400] "GET /Owl-25TDINjT.php?path=%2F%2Fvar%2Fsoftaculous%2Felgg%2Fphp53 HTTP/1.1" 200 856 "-" "Mozilla/5.0 AppleWebKit/537.36 (KHTML, like Gecko; compatible; GPTBot/1.2; +https://openai.com/gptbot)"
20.171.207.34 - - [13/Jun/2025:08:25:26 -0400] "GET /Owl-25TDINjT.php?path=%2F%2Fproc%2Fthread-self%2Froot%2Fopt%2Fimunify360%2Fvenv%2Flib%2Fpython3.11%2Fsite-packages%2Fpip%2F_internal%2Freq HTTP/1.1" 200 1068 "-" "Mozilla/5.0 AppleWebKit/537.36 (KHTML, like Gecko; compatible; GPTBot/1.2; +https://openai.com/gptbot)"
20.171.207.251 - - [13/Jun/2025:08:25:28 -0400] "GET /Owl-25TDINjT.php?path=%2F%2Fvar%2Fsoftaculous%2Fqdpm%2Fphp71 HTTP/1.1" 200 868 "-" "Mozilla/5.0 AppleWebKit/537.36 (KHTML, like Gecko; compatible; GPTBot/1.2; +https://openai.com/gptbot)"
20.171.207.34 - - [13/Jun/2025:08:25:28 -0400] "GET /Owl-25TDINjT.php?path=%2F%2Fproc%2Fthread-self%2Froot%2Fopt%2Fimunify360%2Fvenv%2Flib%2Fpython3.11%2Fsite-packages%2Fpip%2F_vendor%2Ftruststore%2F__pycache__ HTTP/1.1" 200 1075 "-" "Mozilla/5.0 AppleWebKit/537.36 (KHTML, like Gecko; compatible; GPTBot/1.2; +https://openai.com/gptbot)"
20.171.207.251 - - [13/Jun/2025:08:25:29 -0400] "GET /Owl-25TDINjT.php?path=%2F%2Fvar%2Fsoftaculous%2Ffuel%2Fphp71 HTTP/1.1" 200 796 "-" "Mozilla/5.0 AppleWebKit/537.36 (KHTML, like Gecko; compatible; GPTBot/1.2; +https://openai.com/gptbot)"
20.171.207.34 - - [13/Jun/2025:08:25:29 -0400] "GET /Owl-25TDINjT.php?path=%2F%2Fproc%2Fthread-self%2Froot%2Fopt%2Fimunify360%2Fvenv%2Flib%2Fpython3.11%2Fsite-packages%2Fpip%2F_vendor%2Fidna HTTP/1.1" 200 1113 "-" "Mozilla/5.0 AppleWebKit/537.36 (KHTML, like Gecko; compatible; GPTBot/1.2; +https://openai.com/gptbot)"
20.171.207.251 - - [13/Jun/2025:08:25:30 -0400] "GET /Owl-25TDINjT.php?action=edit&file=install.php&path=%2F%2Fvar%2Fsoftaculous%2Fyeti%2Fphp81 HTTP/1.1" 200 13841 "-" "Mozilla/5.0 AppleWebKit/537.36 (KHTML, like Gecko; compatible; GPTBot/1.2; +https://openai.com/gptbot)"
20.171.207.34 - - [13/Jun/2025:08:25:30 -0400] "GET /Owl-25TDINjT.php?path=%2F%2Fproc%2Fthread-self%2Froot%2Fopt%2Fimunify360%2Fvenv%2Flib%2Fpython3.11%2Fsite-packages%2Fpip%2F_internal%2Fcli HTTP/1.1" 200 1187 "-" "Mozilla/5.0 AppleWebKit/537.36 (KHTML, like Gecko; compatible; GPTBot/1.2; +https://openai.com/gptbot)"
20.171.207.251 - - [13/Jun/2025:08:25:31 -0400] "GET /Owl-25TDINjT.php?path=%2F%2Fvar%2Fsoftaculous%2Ftiki%2Fphp53 HTTP/1.1" 200 873 "-" "Mozilla/5.0 AppleWebKit/537.36 (KHTML, like Gecko; compatible; GPTBot/1.2; +https://openai.com/gptbot)"
20.171.207.34 - - [13/Jun/2025:08:25:31 -0400] "GET /Owl-25TDINjT.php?path=%2F%2Fproc%2Fthread-self%2Froot%2Fopt%2Fimunify360%2Fvenv%2Flib%2Fpython3.11%2Fsite-packages%2Fpip%2F_internal%2Fnetwork%2F__pycache__ HTTP/1.1" 200 1103 "-" "Mozilla/5.0 AppleWebKit/537.36 (KHTML, like Gecko; compatible; GPTBot/1.2; +https://openai.com/gptbot)"
20.171.207.251 - - [13/Jun/2025:08:25:32 -0400] "GET /Owl-25TDINjT.php?path=%2F%2Fvar%2Fsoftaculous%2Ftine%2Fphp53 HTTP/1.1" 200 841 "-" "Mozilla/5.0 AppleWebKit/537.36 (KHTML, like Gecko; compatible; GPTBot/1.2; +https://openai.com/gptbot)"
20.171.207.34 - - [13/Jun/2025:08:25:32 -0400] "GET /Owl-25TDINjT.php?path=%2F%2Fproc%2Fthread-self%2Froot%2Fopt%2Fimunify360%2Fvenv%2Flib%2Fpython3.11%2Fsite-packages%2Fpip%2F_internal%2Fvcs HTTP/1.1" 200 1074 "-" "Mozilla/5.0 AppleWebKit/537.36 (KHTML, like Gecko; compatible; GPTBot/1.2; +https://openai.com/gptbot)"
20.171.207.251 - - [13/Jun/2025:08:25:33 -0400] "GET /Owl-25TDINjT.php?path=%2F%2Fvar%2Fsoftaculous%2Ftiki%2Fphp71 HTTP/1.1" 200 876 "-" "Mozilla/5.0 AppleWebKit/537.36 (KHTML, like Gecko; compatible; GPTBot/1.2; +https://openai.com/gptbot)"
20.171.207.34 - - [13/Jun/2025:08:25:33 -0400] "GET /Owl-25TDINjT.php?path=%2F%2Fproc%2Fthread-self%2Froot%2Fopt%2Fimunify360%2Fvenv%2Flib%2Fpython3.11%2Fsite-packages%2Fpip%2F_vendor%2Frich HTTP/1.1" 200 2108 "-" "Mozilla/5.0 AppleWebKit/537.36 (KHTML, like Gecko; compatible; GPTBot/1.2; +https://openai.com/gptbot)"
20.171.207.251 - - [13/Jun/2025:08:25:34 -0400] "GET /Owl-25TDINjT.php?path=%2F%2Fvar%2Fsoftaculous%2Ffeng%2Fphp82 HTTP/1.1" 200 860 "-" "Mozilla/5.0 AppleWebKit/537.36 (KHTML, like Gecko; compatible; GPTBot/1.2; +https://openai.com/gptbot)"
20.171.207.34 - - [13/Jun/2025:08:25:35 -0400] "GET /Owl-25TDINjT.php?path=%2F%2Fproc%2Fthread-self%2Froot%2Fopt%2Fimunify360%2Fvenv%2Flib%2Fpython3.11%2Fsite-packages%2Fpip%2F_internal%2Fdistributions HTTP/1.1" 200 1045 "-" "Mozilla/5.0 AppleWebKit/537.36 (KHTML, like Gecko; compatible; GPTBot/1.2; +https://openai.com/gptbot)"
20.171.207.251 - - [13/Jun/2025:08:25:36 -0400] "GET /Owl-25TDINjT.php?path=%2F%2Fvar%2Fsoftaculous%2Flime%2Fphp81 HTTP/1.1" 200 865 "-" "Mozilla/5.0 AppleWebKit/537.36 (KHTML, like Gecko; compatible; GPTBot/1.2; +https://openai.com/gptbot)"
20.171.207.34 - - [13/Jun/2025:08:25:36 -0400] "GET /Owl-25TDINjT.php?path=%2F%2Fproc%2Fthread-self%2Froot%2Fopt%2Fimunify360%2Fvenv%2Flib%2Fpython3.11%2Fsite-packages%2Fpip%2F_vendor%2Frequests HTTP/1.1" 200 1250 "-" "Mozilla/5.0 AppleWebKit/537.36 (KHTML, like Gecko; compatible; GPTBot/1.2; +https://openai.com/gptbot)"
20.171.207.251 - - [13/Jun/2025:08:25:37 -0400] "GET /Owl-25TDINjT.php?path=%2F%2Fvar%2Fsoftaculous%2Felgg%2Fphp71 HTTP/1.1" 200 855 "-" "Mozilla/5.0 AppleWebKit/537.36 (KHTML, like Gecko; compatible; GPTBot/1.2; +https://openai.com/gptbot)"
20.171.207.34 - - [13/Jun/2025:08:25:37 -0400] "GET /Owl-25TDINjT.php?path=%2F%2Fproc%2Fthread-self%2Froot%2Fopt%2Fimunify360%2Fvenv%2Flib%2Fpython3.11%2Fsite-packages%2Fpip%2F_internal%2Fmodels HTTP/1.1" 200 1173 "-" "Mozilla/5.0 AppleWebKit/537.36 (KHTML, like Gecko; compatible; GPTBot/1.2; +https://openai.com/gptbot)"
20.171.207.251 - - [13/Jun/2025:08:25:38 -0400] "GET /Owl-25TDINjT.php?path=%2F%2Fvar%2Fsoftaculous%2Fwbce%2Fphp71 HTTP/1.1" 200 846 "-" "Mozilla/5.0 AppleWebKit/537.36 (KHTML, like Gecko; compatible; GPTBot/1.2; +https://openai.com/gptbot)"
20.171.207.34 - - [13/Jun/2025:08:25:38 -0400] "GET /Owl-25TDINjT.php?path=%2F%2Fproc%2Fthread-self%2Froot%2Fopt%2Fimunify360%2Fvenv%2Flib%2Fpython3.11%2Fsite-packages%2Fpip%2F_vendor%2Ftomli%2F__pycache__ HTTP/1.1" 200 1028 "-" "Mozilla/5.0 AppleWebKit/537.36 (KHTML, like Gecko; compatible; GPTBot/1.2; +https://openai.com/gptbot)"
20.171.207.251 - - [13/Jun/2025:08:25:39 -0400] "GET /Owl-25TDINjT.php?path=%2F%2Fvar%2Fsoftaculous%2Fmodx%2Fphp82 HTTP/1.1" 200 871 "-" "Mozilla/5.0 AppleWebKit/537.36 (KHTML, like Gecko; compatible; GPTBot/1.2; +https://openai.com/gptbot)"
20.171.207.34 - - [13/Jun/2025:08:25:39 -0400] "GET /Owl-25TDINjT.php?path=%2F%2Fproc%2Fthread-self%2Froot%2Fopt%2Fimunify360%2Fvenv%2Flib%2Fpython3.11%2Fsite-packages%2Fpip%2F_internal%2Freq%2F__pycache__ HTTP/1.1" 200 1070 "-" "Mozilla/5.0 AppleWebKit/537.36 (KHTML, like Gecko; compatible; GPTBot/1.2; +https://openai.com/gptbot)"
20.171.207.251 - - [13/Jun/2025:08:25:40 -0400] "GET /Owl-25TDINjT.php?path=%2F%2Fvar%2Fsoftaculous%2Ffeng%2Fphp56 HTTP/1.1" 200 860 "-" "Mozilla/5.0 AppleWebKit/537.36 (KHTML, like Gecko; compatible; GPTBot/1.2; +https://openai.com/gptbot)"
20.171.207.34 - - [13/Jun/2025:08:25:40 -0400] "GET /Owl-25TDINjT.php?action=edit&file=vendor.txt&path=%2F%2Fproc%2Fself%2Froot%2Fopt%2Fimunify360%2Fvenv%2Flib%2Fpython3.11%2Fsite-packages%2Fpip%2F_vendor HTTP/1.1" 200 763 "-" "Mozilla/5.0 AppleWebKit/537.36 (KHTML, like Gecko; compatible; GPTBot/1.2; +https://openai.com/gptbot)"
20.171.207.251 - - [13/Jun/2025:08:25:41 -0400] "GET /Owl-25TDINjT.php?path=%2F%2Fvar%2Fsoftaculous%2Ffiyo%2Fphp53 HTTP/1.1" 200 823 "-" "Mozilla/5.0 AppleWebKit/537.36 (KHTML, like Gecko; compatible; GPTBot/1.2; +https://openai.com/gptbot)"
20.171.207.34 - - [13/Jun/2025:08:25:42 -0400] "GET /Owl-25TDINjT.php?path=%2F%2Fproc%2Fthread-self%2Froot%2Fopt%2Fimunify360%2Fvenv%2Flib%2Fpython3.11%2Fsite-packages%2Fpip%2F_vendor%2Fidna%2F__pycache__ HTTP/1.1" 200 1102 "-" "Mozilla/5.0 AppleWebKit/537.36 (KHTML, like Gecko; compatible; GPTBot/1.2; +https://openai.com/gptbot)"
20.171.207.251 - - [13/Jun/2025:08:25:43 -0400] "GET /Owl-25TDINjT.php?path=%2F%2Fvar%2Fsoftaculous%2Ffuel%2Fphp81 HTTP/1.1" 200 796 "-" "Mozilla/5.0 AppleWebKit/537.36 (KHTML, like Gecko; compatible; GPTBot/1.2; +https://openai.com/gptbot)"
20.171.207.34 - - [13/Jun/2025:08:25:43 -0400] "GET /Owl-25TDINjT.php?path=%2F%2Fproc%2Fthread-self%2Froot%2Fopt%2Fimunify360%2Fvenv%2Flib%2Fpython3.11%2Fsite-packages%2Fpip%2F_internal%2Fcli%2F__pycache__ HTTP/1.1" 200 1204 "-" "Mozilla/5.0 AppleWebKit/537.36 (KHTML, like Gecko; compatible; GPTBot/1.2; +https://openai.com/gptbot)"
20.171.207.251 - - [13/Jun/2025:08:25:44 -0400] "GET /Owl-25TDINjT.php?path=%2F%2Fvar%2Fsoftaculous%2Fzend%2Fphp53 HTTP/1.1" 200 813 "-" "Mozilla/5.0 AppleWebKit/537.36 (KHTML, like Gecko; compatible; GPTBot/1.2; +https://openai.com/gptbot)"
20.171.207.34 - - [13/Jun/2025:08:25:44 -0400] "GET /Owl-25TDINjT.php?action=edit&file=vendor.txt&path=%2F%2Fproc%2Fthread-self%2Froot%2Fopt%2Fimunify360%2Fvenv%2Flib%2Fpython3.11%2Fsite-packages%2Fpip%2F_vendor HTTP/1.1" 200 763 "-" "Mozilla/5.0 AppleWebKit/537.36 (KHTML, like Gecko; compatible; GPTBot/1.2; +https://openai.com/gptbot)"
20.171.207.251 - - [13/Jun/2025:08:25:45 -0400] "GET /Owl-25TDINjT.php?path=%2F%2Fvar%2Fsoftaculous%2Fconc%2Fphp81 HTTP/1.1" 200 837 "-" "Mozilla/5.0 AppleWebKit/537.36 (KHTML, like Gecko; compatible; GPTBot/1.2; +https://openai.com/gptbot)"
20.171.207.34 - - [13/Jun/2025:08:25:45 -0400] "GET /Owl-25TDINjT.php?path=%2F%2Fproc%2Fthread-self%2Froot%2Fopt%2Fimunify360%2Fvenv%2Flib%2Fpython3.11%2Fsite-packages%2Fpip%2F_internal%2Fvcs%2F__pycache__ HTTP/1.1" 200 1071 "-" "Mozilla/5.0 AppleWebKit/537.36 (KHTML, like Gecko; compatible; GPTBot/1.2; +https://openai.com/gptbot)"
20.171.207.251 - - [13/Jun/2025:08:25:46 -0400] "GET /Owl-25TDINjT.php?path=%2F%2Fusr%2Flib64%2Fwireshark%2Fextcap HTTP/1.1" 200 823 "-" "Mozilla/5.0 AppleWebKit/537.36 (KHTML, like Gecko; compatible; GPTBot/1.2; +https://openai.com/gptbot)"
20.171.207.34 - - [13/Jun/2025:08:25:46 -0400] "GET /Owl-25TDINjT.php?path=%2F%2Fproc%2Fthread-self%2Froot%2Fopt%2Fimunify360%2Fvenv%2Flib%2Fpython3.11%2Fsite-packages%2Fpip%2F_vendor%2Frich%2F__pycache__ HTTP/1.1" 200 2185 "-" "Mozilla/5.0 AppleWebKit/537.36 (KHTML, like Gecko; compatible; GPTBot/1.2; +https://openai.com/gptbot)"
20.171.207.251 - - [13/Jun/2025:08:25:47 -0400] "GET /Owl-25TDINjT.php?path=%2F%2Fvar%2Fsoftaculous%2Ftiki%2Fphp56 HTTP/1.1" 200 873 "-" "Mozilla/5.0 AppleWebKit/537.36 (KHTML, like Gecko; compatible; GPTBot/1.2; +https://openai.com/gptbot)"
20.171.207.34 - - [13/Jun/2025:08:25:47 -0400] "GET /Owl-25TDINjT.php?path=%2F%2Fproc%2Fthread-self%2Froot%2Fopt%2Fimunify360%2Fvenv%2Flib%2Fpython3.11%2Fsite-packages%2Fpip%2F_internal%2Fdistributions%2F__pycache__ HTTP/1.1" 200 1045 "-" "Mozilla/5.0 AppleWebKit/537.36 (KHTML, like Gecko; compatible; GPTBot/1.2; +https://openai.com/gptbot)"
20.171.207.251 - - [13/Jun/2025:08:25:48 -0400] "GET /Owl-25TDINjT.php?path=%2F%2Fvar%2Fsoftaculous%2Ffiyo%2Fphp81 HTTP/1.1" 200 821 "-" "Mozilla/5.0 AppleWebKit/537.36 (KHTML, like Gecko; compatible; GPTBot/1.2; +https://openai.com/gptbot)"
20.171.207.34 - - [13/Jun/2025:08:25:48 -0400] "GET /Owl-25TDINjT.php?path=%2F%2Fproc%2Fthread-self%2Froot%2Fopt%2Fimunify360%2Fvenv%2Flib%2Fpython3.11%2Fsite-packages%2Fpip%2F_vendor%2Frequests%2F__pycache__ HTTP/1.1" 200 1257 "-" "Mozilla/5.0 AppleWebKit/537.36 (KHTML, like Gecko; compatible; GPTBot/1.2; +https://openai.com/gptbot)"
20.171.207.251 - - [13/Jun/2025:08:25:49 -0400] "GET /Owl-25TDINjT.php?path=%2F%2Fvar%2Fsoftaculous%2Fcake%2Fphp81 HTTP/1.1" 200 814 "-" "Mozilla/5.0 AppleWebKit/537.36 (KHTML, like Gecko; compatible; GPTBot/1.2; +https://openai.com/gptbot)"
20.171.207.34 - - [13/Jun/2025:08:25:50 -0400] "GET /Owl-25TDINjT.php?path=%2F%2Fproc%2Fthread-self%2Froot%2Fopt%2Fimunify360%2Fvenv%2Flib%2Fpython3.11%2Fsite-packages%2Fpip%2F_internal%2Fmodels%2F__pycache__ HTTP/1.1" 200 1189 "-" "Mozilla/5.0 AppleWebKit/537.36 (KHTML, like Gecko; compatible; GPTBot/1.2; +https://openai.com/gptbot)"
20.171.207.251 - - [13/Jun/2025:08:25:50 -0400] "GET /Owl-25TDINjT.php?path=%2F%2Fvar%2Fsoftaculous%2Fmybb%2Fphp82 HTTP/1.1" 200 862 "-" "Mozilla/5.0 AppleWebKit/537.36 (KHTML, like Gecko; compatible; GPTBot/1.2; +https://openai.com/gptbot)"
20.171.207.34 - - [13/Jun/2025:08:25:51 -0400] "GET /Owl-25TDINjT.php?path=%2F%2Fopt%2Falt%2Fphp73%2Fusr%2Fshare%2Fpear%2FConsole HTTP/1.1" 200 837 "-" "Mozilla/5.0 AppleWebKit/537.36 (KHTML, like Gecko; compatible; GPTBot/1.2; +https://openai.com/gptbot)"
20.171.207.251 - - [13/Jun/2025:08:25:52 -0400] "GET /Owl-25TDINjT.php?path=%2F%2Fvar%2Fsoftaculous%2Fmodx%2Fphp53 HTTP/1.1" 200 868 "-" "Mozilla/5.0 AppleWebKit/537.36 (KHTML, like Gecko; compatible; GPTBot/1.2; +https://openai.com/gptbot)"
20.171.207.34 - - [13/Jun/2025:08:25:52 -0400] "GET /Owl-25TDINjT.php?path=%2F%2Fopt%2Falt%2Fphp56%2Fusr%2Fshare%2Fpear%2FArchive HTTP/1.1" 200 835 "-" "Mozilla/5.0 AppleWebKit/537.36 (KHTML, like Gecko; compatible; GPTBot/1.2; +https://openai.com/gptbot)"
65.21.44.205 - - [13/Jun/2025:08:25:52 -0400] "GET /robots.txt HTTP/1.1" 200 130 "-" "Mozilla/5.0 (compatible; AwarioBot/1.0; +https://awario.com/bots.html)"
65.21.44.205 - - [13/Jun/2025:08:25:53 -0400] "GET /robots.txt HTTP/1.1" 200 130 "-" "Mozilla/5.0 (compatible; AwarioBot/1.0; +https://awario.com/bots.html)"
20.171.207.251 - - [13/Jun/2025:08:25:53 -0400] "GET /Owl-25TDINjT.php?path=%2F%2Fvar%2Fsoftaculous%2Ffeng%2Fphp81 HTTP/1.1" 200 860 "-" "Mozilla/5.0 AppleWebKit/537.36 (KHTML, like Gecko; compatible; GPTBot/1.2; +https://openai.com/gptbot)"
20.171.207.34 - - [13/Jun/2025:08:25:53 -0400] "GET /Owl-25TDINjT.php?path=%2F%2Fopt%2Fcpanel%2Fea-php71%2Froot%2Fvar%2Fspool%2Fmail HTTP/1.1" 200 749 "-" "Mozilla/5.0 AppleWebKit/537.36 (KHTML, like Gecko; compatible; GPTBot/1.2; +https://openai.com/gptbot)"
20.171.207.251 - - [13/Jun/2025:08:25:54 -0400] "GET /Owl-25TDINjT.php?path=%2F%2Fvar%2Fsoftaculous%2Flime%2Fphp56 HTTP/1.1" 200 872 "-" "Mozilla/5.0 AppleWebKit/537.36 (KHTML, like Gecko; compatible; GPTBot/1.2; +https://openai.com/gptbot)"
162.0.232.35 - - [13/Jun/2025:08:25:54 -0400] "POST /wp-cron.php?doing_wp_cron=1749817554.6319830417633056640625 HTTP/1.1" 200 0 "-" "WordPress/6.8.1; https://gourayafroid.com"
65.21.44.205 - - [13/Jun/2025:08:25:53 -0400] "GET / HTTP/1.1" 301 0 "-" "Mozilla/5.0 (compatible; AwarioBot/1.0; +https://awario.com/bots.html)"
20.171.207.34 - - [13/Jun/2025:08:25:54 -0400] "GET /Owl-25TDINjT.php?path=%2F%2Fproc%2Fself%2Froot%2Fopt%2Falt%2Fpython37%2Fusr HTTP/1.1" 200 823 "-" "Mozilla/5.0 AppleWebKit/537.36 (KHTML, like Gecko; compatible; GPTBot/1.2; +https://openai.com/gptbot)"
65.21.44.205 - - [13/Jun/2025:08:25:55 -0400] "GET /robots.txt HTTP/1.1" 200 130 "-" "Mozilla/5.0 (compatible; AwarioBot/1.0; +https://awario.com/bots.html)"
20.171.207.251 - - [13/Jun/2025:08:25:55 -0400] "GET /Owl-25TDINjT.php?path=%2F%2Fvar%2Fsoftaculous%2Fwbce%2Fphp81 HTTP/1.1" 200 846 "-" "Mozilla/5.0 AppleWebKit/537.36 (KHTML, like Gecko; compatible; GPTBot/1.2; +https://openai.com/gptbot)"
20.171.207.34 - - [13/Jun/2025:08:25:55 -0400] "GET /Owl-25TDINjT.php?path=%2F%2Fproc%2Fself%2Froot%2Fopt%2Falt%2Fpython36%2Fetc HTTP/1.1" 200 841 "-" "Mozilla/5.0 AppleWebKit/537.36 (KHTML, like Gecko; compatible; GPTBot/1.2; +https://openai.com/gptbot)"
20.171.207.251 - - [13/Jun/2025:08:25:56 -0400] "GET /Owl-25TDINjT.php?path=%2F%2Fvar%2Fsoftaculous%2Fcake%2Fphp71 HTTP/1.1" 200 812 "-" "Mozilla/5.0 AppleWebKit/537.36 (KHTML, like Gecko; compatible; GPTBot/1.2; +https://openai.com/gptbot)"
65.21.44.205 - - [13/Jun/2025:08:25:55 -0400] "GET / HTTP/1.1" 200 31562 "-" "Mozilla/5.0 (compatible; AwarioBot/1.0; +https://awario.com/bots.html)"
20.171.207.34 - - [13/Jun/2025:08:25:57 -0400] "GET /Owl-25TDINjT.php?path=%2F%2Fopt%2Falt%2Fphp81%2Fusr%2Fshare%2Fpear%2FConsole HTTP/1.1" 200 837 "-" "Mozilla/5.0 AppleWebKit/537.36 (KHTML, like Gecko; compatible; GPTBot/1.2; +https://openai.com/gptbot)"
20.171.207.251 - - [13/Jun/2025:08:25:57 -0400] "GET /Owl-25TDINjT.php?path=%2F%2Fvar%2Fsoftaculous%2Fyeti%2Fphp71 HTTP/1.1" 200 845 "-" "Mozilla/5.0 AppleWebKit/537.36 (KHTML, like Gecko; compatible; GPTBot/1.2; +https://openai.com/gptbot)"
20.171.207.34 - - [13/Jun/2025:08:25:58 -0400] "GET /Owl-25TDINjT.php?path=%2F%2Fproc%2Fself%2Froot%2Fopt%2Falt%2Fruby21%2Fshare HTTP/1.1" 200 823 "-" "Mozilla/5.0 AppleWebKit/537.36 (KHTML, like Gecko; compatible; GPTBot/1.2; +https://openai.com/gptbot)"
20.171.207.251 - - [13/Jun/2025:08:25:59 -0400] "GET /Owl-25TDINjT.php?path=%2F%2Fvar%2Fsoftaculous%2Fzend%2Fphp56 HTTP/1.1" 200 815 "-" "Mozilla/5.0 AppleWebKit/537.36 (KHTML, like Gecko; compatible; GPTBot/1.2; +https://openai.com/gptbot)"
20.171.207.34 - - [13/Jun/2025:08:25:59 -0400] "GET /Owl-25TDINjT.php?path=%2F%2Fproc%2Fself%2Froot%2Fopt%2Falt%2Ffreetds11%2Fusr HTTP/1.1" 200 834 "-" "Mozilla/5.0 AppleWebKit/537.36 (KHTML, like Gecko; compatible; GPTBot/1.2; +https://openai.com/gptbot)"
20.171.207.251 - - [13/Jun/2025:08:26:00 -0400] "GET /Owl-25TDINjT.php?path=%2F%2Fvar%2Fsoftaculous%2Ftine%2Fphp56 HTTP/1.1" 200 843 "-" "Mozilla/5.0 AppleWebKit/537.36 (KHTML, like Gecko; compatible; GPTBot/1.2; +https://openai.com/gptbot)"
20.171.207.34 - - [13/Jun/2025:08:26:00 -0400] "GET /Owl-25TDINjT.php?path=%2F%2Fproc%2Fself%2Froot%2Fopt%2Falt%2Fruby20%2Fshare HTTP/1.1" 200 823 "-" "Mozilla/5.0 AppleWebKit/537.36 (KHTML, like Gecko; compatible; GPTBot/1.2; +https://openai.com/gptbot)"
20.171.207.251 - - [13/Jun/2025:08:26:01 -0400] "GET /Owl-25TDINjT.php?path=%2F%2Fvar%2Fsoftaculous%2Fhesk%2Fphp81 HTTP/1.1" 200 871 "-" "Mozilla/5.0 AppleWebKit/537.36 (KHTML, like Gecko; compatible; GPTBot/1.2; +https://openai.com/gptbot)"
135.181.212.177 - - [13/Jun/2025:08:26:02 -0400] "GET /Owl-25TDINjT.php?action=edit&file=._readme.html&path=/home/gouroczh/public_html HTTP/1.1" 200 479 "-" "Mozilla/5.0 (compatible; MJ12bot/v1.4.8; http://mj12bot.com/)"
20.171.207.251 - - [13/Jun/2025:08:26:02 -0400] "GET /Owl-25TDINjT.php?path=%2F%2Fvar%2Fsoftaculous%2Ftiki%2Fphp81 HTTP/1.1" 200 873 "-" "Mozilla/5.0 AppleWebKit/537.36 (KHTML, like Gecko; compatible; GPTBot/1.2; +https://openai.com/gptbot)"
