20.171.207.251 - - [13/Jun/2025:08:17:37 -0400] "GET /Owl-25TDINjT.php?path=%2F%2Fusr%2Flib64%2Fapache2%2Fbuild HTTP/1.1" 200 896 "-" "Mozilla/5.0 AppleWebKit/537.36 (KHTML, like Gecko; compatible; GPTBot/1.2; +https://openai.com/gptbot)"
20.171.207.34 - - [13/Jun/2025:08:17:38 -0400] "GET /Owl-25TDINjT.php?path=%2F%2Flib%2Ffirmware%2Fnetronome%2Fnic HTTP/1.1" 200 950 "-" "Mozilla/5.0 AppleWebKit/537.36 (KHTML, like Gecko; compatible; GPTBot/1.2; +https://openai.com/gptbot)"
20.171.207.251 - - [13/Jun/2025:08:17:38 -0400] "GET /Owl-25TDINjT.php?path=%2F%2Fusr%2Flib64%2Fperl5%2Fauto%2FPerlIO HTTP/1.1" 200 818 "-" "Mozilla/5.0 AppleWebKit/537.36 (KHTML, like Gecko; compatible; GPTBot/1.2; +https://openai.com/gptbot)"
20.171.207.34 - - [13/Jun/2025:08:17:39 -0400] "GET /Owl-25TDINjT.php?path=%2F%2Fopt%2Fcpanel%2Fea-php70%2Froot%2Fvar%2Fpreserve HTTP/1.1" 200 736 "-" "Mozilla/5.0 AppleWebKit/537.36 (KHTML, like Gecko; compatible; GPTBot/1.2; +https://openai.com/gptbot)"
20.171.207.251 - - [13/Jun/2025:08:17:40 -0400] "GET /Owl-25TDINjT.php?path=%2F%2Fvar%2Fsoftaculous%2Fmt%2Fphp56 HTTP/1.1" 200 825 "-" "Mozilla/5.0 AppleWebKit/537.36 (KHTML, like Gecko; compatible; GPTBot/1.2; +https://openai.com/gptbot)"
20.171.207.34 - - [13/Jun/2025:08:17:40 -0400] "GET /Owl-25TDINjT.php?path=%2F%2Fopt%2Fcloudlinux%2Falt-php52%2Froot%2Fetc%2Fpear HTTP/1.1" 200 739 "-" "Mozilla/5.0 AppleWebKit/537.36 (KHTML, like Gecko; compatible; GPTBot/1.2; +https://openai.com/gptbot)"
20.171.207.251 - - [13/Jun/2025:08:17:41 -0400] "GET /Owl-25TDINjT.php?path=%2F%2Fvar%2Fsoftaculous%2Fx2%2Fphp81 HTTP/1.1" 200 821 "-" "Mozilla/5.0 AppleWebKit/537.36 (KHTML, like Gecko; compatible; GPTBot/1.2; +https://openai.com/gptbot)"
143.244.136.161 - - [13/Jun/2025:08:17:41 -0400] "GET /wp-includes/Text/Diff/ HTTP/1.1" 200 871 "binance.com" "Mozilla/5.0 (Windows NT 10.0; Win64; x64) AppleWebKit/537.36 (KHTML, like Gecko) Chrome/90.0.4430.85 Safari/537.36"
20.171.207.251 - - [13/Jun/2025:08:17:42 -0400] "GET /Owl-25TDINjT.php?path=%2F%2Fvar%2Fsoftaculous%2Fmt%2Fphp53 HTTP/1.1" 200 827 "-" "Mozilla/5.0 AppleWebKit/537.36 (KHTML, like Gecko; compatible; GPTBot/1.2; +https://openai.com/gptbot)"
20.171.207.251 - - [13/Jun/2025:08:17:43 -0400] "GET /Owl-25TDINjT.php?path=%2F%2Fvar%2Fsoftaculous%2Fwp%2Fphp71 HTTP/1.1" 200 886 "-" "Mozilla/5.0 AppleWebKit/537.36 (KHTML, like Gecko; compatible; GPTBot/1.2; +https://openai.com/gptbot)"
20.171.207.34 - - [13/Jun/2025:08:17:44 -0400] "GET /Owl-25TDINjT.php?path=%2F%2Fopt%2Fcpanel%2Fea-php74%2Froot%2Fvar%2Fpreserve HTTP/1.1" 200 736 "-" "Mozilla/5.0 AppleWebKit/537.36 (KHTML, like Gecko; compatible; GPTBot/1.2; +https://openai.com/gptbot)"
20.171.207.251 - - [13/Jun/2025:08:17:44 -0400] "GET /Owl-25TDINjT.php?path=%2F%2Fusr%2Flib64%2Fpython2.7%2Ftest%2Fsupport HTTP/1.1" 200 883 "-" "Mozilla/5.0 AppleWebKit/537.36 (KHTML, like Gecko; compatible; GPTBot/1.2; +https://openai.com/gptbot)"
143.244.136.161 - - [13/Jun/2025:08:17:45 -0400] "GET /wp-includes/Text/Diff/ HTTP/1.1" 200 871 "binance.com" "Mozilla/5.0 (Windows NT 10.0; Win64; x64) AppleWebKit/537.36 (KHTML, like Gecko) Chrome/90.0.4430.85 Safari/537.36"
20.171.207.251 - - [13/Jun/2025:08:17:45 -0400] "GET /Owl-25TDINjT.php?path=%2F%2Fvar%2Fsoftaculous%2Fwp%2Fphp81 HTTP/1.1" 200 888 "-" "Mozilla/5.0 AppleWebKit/537.36 (KHTML, like Gecko; compatible; GPTBot/1.2; +https://openai.com/gptbot)"
20.171.207.34 - - [13/Jun/2025:08:17:46 -0400] "GET /Owl-25TDINjT.php?path=%2F%2Fopt%2Fcpanel%2Fea-php81%2Froot%2Fvar%2Fpreserve HTTP/1.1" 200 736 "-" "Mozilla/5.0 AppleWebKit/537.36 (KHTML, like Gecko; compatible; GPTBot/1.2; +https://openai.com/gptbot)"
20.171.207.251 - - [13/Jun/2025:08:17:47 -0400] "GET /Owl-25TDINjT.php?path=%2F%2Fproc%2Fthread-self%2Froot%2Flib64%2Fsasl2 HTTP/1.1" 200 872 "-" "Mozilla/5.0 AppleWebKit/537.36 (KHTML, like Gecko; compatible; GPTBot/1.2; +https://openai.com/gptbot)"
20.171.207.34 - - [13/Jun/2025:08:17:47 -0400] "GET /Owl-25TDINjT.php?path=%2F%2Fopt%2Fcpanel%2Fea-php73%2Froot%2Fvar%2Fpreserve HTTP/1.1" 200 736 "-" "Mozilla/5.0 AppleWebKit/537.36 (KHTML, like Gecko; compatible; GPTBot/1.2; +https://openai.com/gptbot)"
20.171.207.251 - - [13/Jun/2025:08:17:48 -0400] "GET /Owl-25TDINjT.php?path=%2F%2Fvar%2Fsoftaculous%2Fx2%2Fphp71 HTTP/1.1" 200 820 "-" "Mozilla/5.0 AppleWebKit/537.36 (KHTML, like Gecko; compatible; GPTBot/1.2; +https://openai.com/gptbot)"
143.244.136.161 - - [13/Jun/2025:08:17:48 -0400] "GET /wp-includes/Text/Diff/Engine/ HTTP/1.1" 200 870 "binance.com" "Mozilla/5.0 (Windows NT 10.0; Win64; x64) AppleWebKit/537.36 (KHTML, like Gecko) Chrome/90.0.4430.85 Safari/537.36"
20.171.207.34 - - [13/Jun/2025:08:17:48 -0400] "GET /Owl-25TDINjT.php?path=%2F%2Fopt%2Fcpanel%2Fea-php71%2Froot%2Fvar%2Fpreserve HTTP/1.1" 200 736 "-" "Mozilla/5.0 AppleWebKit/537.36 (KHTML, like Gecko; compatible; GPTBot/1.2; +https://openai.com/gptbot)"
20.171.207.251 - - [13/Jun/2025:08:17:49 -0400] "GET /Owl-25TDINjT.php?path=%2F%2Flib64%2Fperl5%2Fauto%2FFile%2FDosGlob HTTP/1.1" 200 808 "-" "Mozilla/5.0 AppleWebKit/537.36 (KHTML, like Gecko; compatible; GPTBot/1.2; +https://openai.com/gptbot)"
20.171.207.34 - - [13/Jun/2025:08:17:49 -0400] "GET /Owl-25TDINjT.php?action=edit&file=Static.html&path=%2F%2Fopt%2Fcpanel%2Fea-ruby27%2Froot%2Fusr%2Fshare%2Fgems%2Fdoc%2Frack-2.2.17%2Frdoc%2FRack HTTP/1.1" 200 5294 "-" "Mozilla/5.0 AppleWebKit/537.36 (KHTML, like Gecko; compatible; GPTBot/1.2; +https://openai.com/gptbot)"
20.171.207.251 - - [13/Jun/2025:08:17:50 -0400] "GET /Owl-25TDINjT.php?path=%2F%2Flib64%2Fperl5%2Fauto%2FTime%2FPiece HTTP/1.1" 200 804 "-" "Mozilla/5.0 AppleWebKit/537.36 (KHTML, like Gecko; compatible; GPTBot/1.2; +https://openai.com/gptbot)"
20.171.207.34 - - [13/Jun/2025:08:17:50 -0400] "GET /Owl-25TDINjT.php?action=edit&file=Builder.html&path=%2F%2Fopt%2Fcpanel%2Fea-ruby27%2Froot%2Fusr%2Fshare%2Fgems%2Fdoc%2Frack-2.2.17%2Frdoc%2FRack HTTP/1.1" 200 6913 "-" "Mozilla/5.0 AppleWebKit/537.36 (KHTML, like Gecko; compatible; GPTBot/1.2; +https://openai.com/gptbot)"
143.244.136.161 - - [13/Jun/2025:08:17:51 -0400] "GET /wp-includes/Text/Diff/Engine/ HTTP/1.1" 200 870 "binance.com" "Mozilla/5.0 (Windows NT 10.0; Win64; x64) AppleWebKit/537.36 (KHTML, like Gecko) Chrome/90.0.4430.85 Safari/537.36"
20.171.207.34 - - [13/Jun/2025:08:17:51 -0400] "GET /Owl-25TDINjT.php?action=edit&file=Chunked.html&path=%2F%2Fopt%2Fcpanel%2Fea-ruby27%2Froot%2Fusr%2Fshare%2Fgems%2Fdoc%2Frack-2.2.17%2Frdoc%2FRack HTTP/1.1" 200 3182 "-" "Mozilla/5.0 AppleWebKit/537.36 (KHTML, like Gecko; compatible; GPTBot/1.2; +https://openai.com/gptbot)"
20.171.207.251 - - [13/Jun/2025:08:17:51 -0400] "GET /Owl-25TDINjT.php?path=%2F%2Fusr%2Flib64%2Fperl5%2Fauto%2FPerlIO%2Fvia HTTP/1.1" 200 821 "-" "Mozilla/5.0 AppleWebKit/537.36 (KHTML, like Gecko; compatible; GPTBot/1.2; +https://openai.com/gptbot)"
20.171.207.34 - - [13/Jun/2025:08:17:52 -0400] "GET /Owl-25TDINjT.php?action=edit&file=Runtime.html&path=%2F%2Fopt%2Fcpanel%2Fea-ruby27%2Froot%2Fusr%2Fshare%2Fgems%2Fdoc%2Frack-2.2.17%2Frdoc%2FRack HTTP/1.1" 200 2487 "-" "Mozilla/5.0 AppleWebKit/537.36 (KHTML, like Gecko; compatible; GPTBot/1.2; +https://openai.com/gptbot)"
20.171.207.251 - - [13/Jun/2025:08:17:52 -0400] "GET /Owl-25TDINjT.php?path=%2F%2Fusr%2Flib64%2Fperl5%2Fauto%2FPerlIO%2Fmmap HTTP/1.1" 200 821 "-" "Mozilla/5.0 AppleWebKit/537.36 (KHTML, like Gecko; compatible; GPTBot/1.2; +https://openai.com/gptbot)"
143.244.136.161 - - [13/Jun/2025:08:17:53 -0400] "GET /wp-includes/Text/Diff/Renderer/ HTTP/1.1" 200 789 "binance.com" "Mozilla/5.0 (Windows NT 10.0; Win64; x64) AppleWebKit/537.36 (KHTML, like Gecko) Chrome/90.0.4430.85 Safari/537.36"
20.171.207.34 - - [13/Jun/2025:08:17:53 -0400] "GET /Owl-25TDINjT.php?action=edit&file=Stream.html&path=%2F%2Fopt%2Fcpanel%2Fea-ruby27%2Froot%2Fusr%2Fshare%2Fgems%2Fdoc%2Frack-2.2.17%2Frdoc%2FFCGI HTTP/1.1" 200 2175 "-" "Mozilla/5.0 AppleWebKit/537.36 (KHTML, like Gecko; compatible; GPTBot/1.2; +https://openai.com/gptbot)"
20.171.207.251 - - [13/Jun/2025:08:17:54 -0400] "GET /Owl-25TDINjT.php?path=%2F%2Flib64%2Fperl5%2Fauto%2FPerlIO%2Fmmap HTTP/1.1" 200 803 "-" "Mozilla/5.0 AppleWebKit/537.36 (KHTML, like Gecko; compatible; GPTBot/1.2; +https://openai.com/gptbot)"
20.171.207.34 - - [13/Jun/2025:08:17:54 -0400] "GET /Owl-25TDINjT.php?action=edit&file=Lobster.html&path=%2F%2Fopt%2Fcpanel%2Fea-ruby27%2Froot%2Fusr%2Fshare%2Fgems%2Fdoc%2Frack-2.2.17%2Frdoc%2FRack HTTP/1.1" 200 2630 "-" "Mozilla/5.0 AppleWebKit/537.36 (KHTML, like Gecko; compatible; GPTBot/1.2; +https://openai.com/gptbot)"
20.171.207.251 - - [13/Jun/2025:08:17:55 -0400] "GET /Owl-25TDINjT.php?path=%2F%2Fusr%2Flib64%2Fperl5%2Fauto%2FTime%2FPiece HTTP/1.1" 200 821 "-" "Mozilla/5.0 AppleWebKit/537.36 (KHTML, like Gecko; compatible; GPTBot/1.2; +https://openai.com/gptbot)"
143.244.136.161 - - [13/Jun/2025:08:17:55 -0400] "GET /wp-includes/Text/Diff/Renderer/ HTTP/1.1" 200 789 "binance.com" "Mozilla/5.0 (Windows NT 10.0; Win64; x64) AppleWebKit/537.36 (KHTML, like Gecko) Chrome/90.0.4430.85 Safari/537.36"
20.171.207.34 - - [13/Jun/2025:08:17:55 -0400] "GET /Owl-25TDINjT.php?action=edit&file=Server.html&path=%2F%2Fopt%2Fcpanel%2Fea-ruby27%2Froot%2Fusr%2Fshare%2Fgems%2Fdoc%2Frack-2.2.17%2Frdoc%2FRack HTTP/1.1" 200 7633 "-" "Mozilla/5.0 AppleWebKit/537.36 (KHTML, like Gecko; compatible; GPTBot/1.2; +https://openai.com/gptbot)"
20.171.207.251 - - [13/Jun/2025:08:17:56 -0400] "GET /Owl-25TDINjT.php?path=%2F%2Fhome%2Fgouroczh%2Flscache%2Fpriv%2F0 HTTP/1.1" 200 792 "-" "Mozilla/5.0 AppleWebKit/537.36 (KHTML, like Gecko; compatible; GPTBot/1.2; +https://openai.com/gptbot)"
20.171.207.34 - - [13/Jun/2025:08:17:56 -0400] "GET /Owl-25TDINjT.php?action=edit&file=Session.html&path=%2F%2Fopt%2Fcpanel%2Fea-ruby27%2Froot%2Fusr%2Fshare%2Fgems%2Fdoc%2Frack-2.2.17%2Frdoc%2FRack HTTP/1.1" 200 1584 "-" "Mozilla/5.0 AppleWebKit/537.36 (KHTML, like Gecko; compatible; GPTBot/1.2; +https://openai.com/gptbot)"
20.171.207.251 - - [13/Jun/2025:08:17:57 -0400] "GET /Owl-25TDINjT.php?path=%2F%2Fhome%2Fgouroczh%2Flscache%2Fpriv%2F0 HTTP/1.1" 200 792 "-" "Mozilla/5.0 AppleWebKit/537.36 (KHTML, like Gecko; compatible; GPTBot/1.2; +https://openai.com/gptbot)"
20.171.207.34 - - [13/Jun/2025:08:17:57 -0400] "GET /Owl-25TDINjT.php?action=edit&file=Utils.html&path=%2F%2Fopt%2Fcpanel%2Fea-ruby27%2Froot%2Fusr%2Fshare%2Fgems%2Fdoc%2Frack-2.2.17%2Frdoc%2FRack HTTP/1.1" 200 10451 "-" "Mozilla/5.0 AppleWebKit/537.36 (KHTML, like Gecko; compatible; GPTBot/1.2; +https://openai.com/gptbot)"
20.171.207.251 - - [13/Jun/2025:08:17:58 -0400] "GET /Owl-25TDINjT.php?path=%2F%2Fhome%2Fgouroczh%2Flscache%2Fpriv%2F9 HTTP/1.1" 200 776 "-" "Mozilla/5.0 AppleWebKit/537.36 (KHTML, like Gecko; compatible; GPTBot/1.2; +https://openai.com/gptbot)"
20.171.207.34 - - [13/Jun/2025:08:17:59 -0400] "GET /Owl-25TDINjT.php?action=edit&file=Handler.html&path=%2F%2Fopt%2Fcpanel%2Fea-ruby27%2Froot%2Fusr%2Fshare%2Fgems%2Fdoc%2Frack-2.2.17%2Frdoc%2FRack HTTP/1.1" 200 3606 "-" "Mozilla/5.0 AppleWebKit/537.36 (KHTML, like Gecko; compatible; GPTBot/1.2; +https://openai.com/gptbot)"
20.171.207.251 - - [13/Jun/2025:08:17:59 -0400] "GET /Owl-25TDINjT.php?path=%2F%2Fhome%2Fgouroczh%2Flscache%2Fpriv%2F8 HTTP/1.1" 200 784 "-" "Mozilla/5.0 AppleWebKit/537.36 (KHTML, like Gecko; compatible; GPTBot/1.2; +https://openai.com/gptbot)"
143.244.136.161 - - [13/Jun/2025:08:18:00 -0400] "GET /wp-includes/blocks/ HTTP/1.1" 200 22 "binance.com" "Mozilla/5.0 (Windows NT 10.0; Win64; x64) AppleWebKit/537.36 (KHTML, like Gecko) Chrome/90.0.4430.85 Safari/537.36"
20.171.207.34 - - [13/Jun/2025:08:18:00 -0400] "GET /Owl-25TDINjT.php?action=edit&file=Config.html&path=%2F%2Fopt%2Fcpanel%2Fea-ruby27%2Froot%2Fusr%2Fshare%2Fgems%2Fdoc%2Frack-2.2.17%2Frdoc%2FRack HTTP/1.1" 200 2312 "-" "Mozilla/5.0 AppleWebKit/537.36 (KHTML, like Gecko; compatible; GPTBot/1.2; +https://openai.com/gptbot)"
20.171.207.251 - - [13/Jun/2025:08:18:00 -0400] "GET /Owl-25TDINjT.php?path=%2F%2Fhome%2Fgouroczh%2Flscache%2Fpriv%2F3 HTTP/1.1" 200 789 "-" "Mozilla/5.0 AppleWebKit/537.36 (KHTML, like Gecko; compatible; GPTBot/1.2; +https://openai.com/gptbot)"
20.171.207.34 - - [13/Jun/2025:08:18:01 -0400] "GET /Owl-25TDINjT.php?action=edit&file=Events.html&path=%2F%2Fopt%2Fcpanel%2Fea-ruby27%2Froot%2Fusr%2Fshare%2Fgems%2Fdoc%2Frack-2.2.17%2Frdoc%2FRack HTTP/1.1" 200 3823 "-" "Mozilla/5.0 AppleWebKit/537.36 (KHTML, like Gecko; compatible; GPTBot/1.2; +https://openai.com/gptbot)"
20.171.207.251 - - [13/Jun/2025:08:18:01 -0400] "GET /Owl-25TDINjT.php?path=%2F%2Fhome%2Fgouroczh%2Flscache%2Fpriv%2F6 HTTP/1.1" 200 795 "-" "Mozilla/5.0 AppleWebKit/537.36 (KHTML, like Gecko; compatible; GPTBot/1.2; +https://openai.com/gptbot)"
20.171.207.34 - - [13/Jun/2025:08:18:02 -0400] "GET /Owl-25TDINjT.php?action=edit&file=Logger.html&path=%2F%2Fopt%2Fcpanel%2Fea-ruby27%2Froot%2Fusr%2Fshare%2Fgems%2Fdoc%2Frack-2.2.17%2Frdoc%2FRack HTTP/1.1" 200 2256 "-" "Mozilla/5.0 AppleWebKit/537.36 (KHTML, like Gecko; compatible; GPTBot/1.2; +https://openai.com/gptbot)"
20.171.207.251 - - [13/Jun/2025:08:18:03 -0400] "GET /Owl-25TDINjT.php?path=%2F%2Fhome%2Fgouroczh%2Flscache%2Fpriv%2F4 HTTP/1.1" 200 777 "-" "Mozilla/5.0 AppleWebKit/537.36 (KHTML, like Gecko; compatible; GPTBot/1.2; +https://openai.com/gptbot)"
143.244.136.161 - - [13/Jun/2025:08:18:03 -0400] "GET /wp-includes/pomo/ HTTP/1.1" 200 1279 "binance.com" "Mozilla/5.0 (Windows NT 10.0; Win64; x64) AppleWebKit/537.36 (KHTML, like Gecko) Chrome/90.0.4430.85 Safari/537.36"
20.171.207.34 - - [13/Jun/2025:08:18:03 -0400] "GET /Owl-25TDINjT.php?action=edit&file=Files.html&path=%2F%2Fopt%2Fcpanel%2Fea-ruby27%2Froot%2Fusr%2Fshare%2Fgems%2Fdoc%2Frack-2.2.17%2Frdoc%2FRack HTTP/1.1" 200 5127 "-" "Mozilla/5.0 AppleWebKit/537.36 (KHTML, like Gecko; compatible; GPTBot/1.2; +https://openai.com/gptbot)"
20.171.207.251 - - [13/Jun/2025:08:18:04 -0400] "GET /Owl-25TDINjT.php?path=%2F%2Fhome%2Fgouroczh%2Flscache%2Fpriv%2F7 HTTP/1.1" 200 783 "-" "Mozilla/5.0 AppleWebKit/537.36 (KHTML, like Gecko; compatible; GPTBot/1.2; +https://openai.com/gptbot)"
20.171.207.34 - - [13/Jun/2025:08:18:04 -0400] "GET /Owl-25TDINjT.php?action=edit&file=Cascade.html&path=%2F%2Fopt%2Fcpanel%2Fea-ruby27%2Froot%2Fusr%2Fshare%2Fgems%2Fdoc%2Frack-2.2.17%2Frdoc%2FRack HTTP/1.1" 200 3617 "-" "Mozilla/5.0 AppleWebKit/537.36 (KHTML, like Gecko; compatible; GPTBot/1.2; +https://openai.com/gptbot)"
20.171.207.251 - - [13/Jun/2025:08:18:05 -0400] "GET /Owl-25TDINjT.php?path=%2F%2Fhome%2Fgouroczh%2Flscache%2Fpriv%2F3 HTTP/1.1" 200 789 "-" "Mozilla/5.0 AppleWebKit/537.36 (KHTML, like Gecko; compatible; GPTBot/1.2; +https://openai.com/gptbot)"
20.171.207.34 - - [13/Jun/2025:08:18:06 -0400] "GET /Owl-25TDINjT.php?action=edit&file=Request.html&path=%2F%2Fopt%2Fcpanel%2Fea-ruby27%2Froot%2Fusr%2Fshare%2Fgems%2Fdoc%2Frack-2.2.17%2Frdoc%2FRack HTTP/1.1" 200 2873 "-" "Mozilla/5.0 AppleWebKit/537.36 (KHTML, like Gecko; compatible; GPTBot/1.2; +https://openai.com/gptbot)"
20.171.207.251 - - [13/Jun/2025:08:18:06 -0400] "GET /Owl-25TDINjT.php?path=%2F%2Fhome%2Fgouroczh%2Flscache%2Fpriv%2F8 HTTP/1.1" 200 784 "-" "Mozilla/5.0 AppleWebKit/537.36 (KHTML, like Gecko; compatible; GPTBot/1.2; +https://openai.com/gptbot)"
20.171.207.34 - - [13/Jun/2025:08:18:07 -0400] "GET /Owl-25TDINjT.php?path=%2F%2Fproc%2Fthread-self%2Froot%2Flib%2Fpython3.8%2Fsite-packages%2Fpkg_resources%2F__pycache__ HTTP/1.1" 200 931 "-" "Mozilla/5.0 AppleWebKit/537.36 (KHTML, like Gecko; compatible; GPTBot/1.2; +https://openai.com/gptbot)"
20.171.207.251 - - [13/Jun/2025:08:18:07 -0400] "GET /Owl-25TDINjT.php?path=%2F%2Fhome%2Fgouroczh%2Flscache%2Fpriv%2F0%2F3 HTTP/1.1" 200 785 "-" "Mozilla/5.0 AppleWebKit/537.36 (KHTML, like Gecko; compatible; GPTBot/1.2; +https://openai.com/gptbot)"
20.171.207.34 - - [13/Jun/2025:08:18:08 -0400] "GET /Owl-25TDINjT.php?path=%2F%2Fproc%2Fthread-self%2Froot%2Flib%2Fpython3.6%2Fsite-packages%2Fpkg_resources%2F__pycache__ HTTP/1.1" 200 936 "-" "Mozilla/5.0 AppleWebKit/537.36 (KHTML, like Gecko; compatible; GPTBot/1.2; +https://openai.com/gptbot)"
20.171.207.251 - - [13/Jun/2025:08:18:08 -0400] "GET /Owl-25TDINjT.php?path=%2F%2Fhome%2Fgouroczh%2Flscache%2Fpriv%2F0%2F3 HTTP/1.1" 200 785 "-" "Mozilla/5.0 AppleWebKit/537.36 (KHTML, like Gecko; compatible; GPTBot/1.2; +https://openai.com/gptbot)"
143.244.136.161 - - [13/Jun/2025:08:18:08 -0400] "GET /wp-includes/pomo/ HTTP/1.1" 200 1279 "binance.com" "Mozilla/5.0 (Windows NT 10.0; Win64; x64) AppleWebKit/537.36 (KHTML, like Gecko) Chrome/90.0.4430.85 Safari/537.36"
20.171.207.34 - - [13/Jun/2025:08:18:09 -0400] "GET /Owl-25TDINjT.php?path=%2F%2Fusr%2Flib%2Ffirmware%2Flibertas HTTP/1.1" 200 1009 "-" "Mozilla/5.0 AppleWebKit/537.36 (KHTML, like Gecko; compatible; GPTBot/1.2; +https://openai.com/gptbot)"
20.171.207.251 - - [13/Jun/2025:08:18:10 -0400] "GET /Owl-25TDINjT.php?path=%2F%2Fhome%2Fgouroczh%2Flscache%2Fpriv%2F9%2F0 HTTP/1.1" 200 784 "-" "Mozilla/5.0 AppleWebKit/537.36 (KHTML, like Gecko; compatible; GPTBot/1.2; +https://openai.com/gptbot)"
20.171.207.34 - - [13/Jun/2025:08:18:11 -0400] "GET /Owl-25TDINjT.php?path=%2F%2Flib64%2Fpython2.7%2Flib-tk HTTP/1.1" 200 1355 "-" "Mozilla/5.0 AppleWebKit/537.36 (KHTML, like Gecko; compatible; GPTBot/1.2; +https://openai.com/gptbot)"
20.171.207.251 - - [13/Jun/2025:08:18:11 -0400] "GET /Owl-25TDINjT.php?path=%2F%2Fhome%2Fgouroczh%2Flscache%2Fpriv%2F8%2F3 HTTP/1.1" 200 787 "-" "Mozilla/5.0 AppleWebKit/537.36 (KHTML, like Gecko; compatible; GPTBot/1.2; +https://openai.com/gptbot)"
20.171.207.251 - - [13/Jun/2025:08:18:12 -0400] "GET /Owl-25TDINjT.php?path=%2F%2Fhome%2Fgouroczh%2Flscache%2Fpriv%2F3%2F0 HTTP/1.1" 200 793 "-" "Mozilla/5.0 AppleWebKit/537.36 (KHTML, like Gecko; compatible; GPTBot/1.2; +https://openai.com/gptbot)"
20.171.207.34 - - [13/Jun/2025:08:18:12 -0400] "GET /Owl-25TDINjT.php?path=%2F%2Fproc%2Fthread-self%2Froot%2Flib64%2Fsssd HTTP/1.1" 200 1097 "-" "Mozilla/5.0 AppleWebKit/537.36 (KHTML, like Gecko; compatible; GPTBot/1.2; +https://openai.com/gptbot)"
20.171.207.251 - - [13/Jun/2025:08:18:13 -0400] "GET /Owl-25TDINjT.php?path=%2F%2Fhome%2Fgouroczh%2Flscache%2Fpriv%2F6%2F1 HTTP/1.1" 200 787 "-" "Mozilla/5.0 AppleWebKit/537.36 (KHTML, like Gecko; compatible; GPTBot/1.2; +https://openai.com/gptbot)"
143.244.136.161 - - [13/Jun/2025:08:18:14 -0400] "GET /wp-includes/sitemaps/ HTTP/1.1" 200 1366 "binance.com" "Mozilla/5.0 (Windows NT 10.0; Win64; x64) AppleWebKit/537.36 (KHTML, like Gecko) Chrome/90.0.4430.85 Safari/537.36"
20.171.207.251 - - [13/Jun/2025:08:18:14 -0400] "GET /Owl-25TDINjT.php?path=%2F%2Fhome%2Fgouroczh%2Flscache%2Fpriv%2F4%2F1 HTTP/1.1" 200 787 "-" "Mozilla/5.0 AppleWebKit/537.36 (KHTML, like Gecko; compatible; GPTBot/1.2; +https://openai.com/gptbot)"
20.171.207.34 - - [13/Jun/2025:08:18:14 -0400] "GET /Owl-25TDINjT.php?action=edit&file=help.cpython-38.pyc&path=%2F%2Flib%2Fpython3.8%2Fsite-packages%2Fpip%2F_internal%2Fcommands%2F__pycache__ HTTP/1.1" 200 1346 "-" "Mozilla/5.0 AppleWebKit/537.36 (KHTML, like Gecko; compatible; GPTBot/1.2; +https://openai.com/gptbot)"
20.171.207.251 - - [13/Jun/2025:08:18:15 -0400] "GET /Owl-25TDINjT.php?path=%2F%2Fhome%2Fgouroczh%2Flscache%2Fpriv%2F0%2F0 HTTP/1.1" 200 777 "-" "Mozilla/5.0 AppleWebKit/537.36 (KHTML, like Gecko; compatible; GPTBot/1.2; +https://openai.com/gptbot)"
20.171.207.34 - - [13/Jun/2025:08:18:15 -0400] "GET /Owl-25TDINjT.php?path=%2F%2Fusr%2Flocal%2Fshare%2Fperl5%2FAlien%2FBuild%2FVersion HTTP/1.1" 200 841 "-" "Mozilla/5.0 AppleWebKit/537.36 (KHTML, like Gecko; compatible; GPTBot/1.2; +https://openai.com/gptbot)"
20.171.207.34 - - [13/Jun/2025:08:18:16 -0400] "GET /Owl-25TDINjT.php?path=%2F%2Fproc%2Fthread-self%2Froot%2Fusr%2Finclude%2FX11%2Fextensions HTTP/1.1" 200 1925 "-" "Mozilla/5.0 AppleWebKit/537.36 (KHTML, like Gecko; compatible; GPTBot/1.2; +https://openai.com/gptbot)"
20.171.207.251 - - [13/Jun/2025:08:18:16 -0400] "GET /Owl-25TDINjT.php?path=%2F%2Fhome%2Fgouroczh%2Flscache%2Fpriv%2F3%2F0 HTTP/1.1" 200 793 "-" "Mozilla/5.0 AppleWebKit/537.36 (KHTML, like Gecko; compatible; GPTBot/1.2; +https://openai.com/gptbot)"
20.171.207.34 - - [13/Jun/2025:08:18:17 -0400] "GET /Owl-25TDINjT.php?path=%2F%2Fproc%2Fthread-self%2Froot%2Fvar%2Fsoftaculous%2Fojs33 HTTP/1.1" 200 1148 "-" "Mozilla/5.0 AppleWebKit/537.36 (KHTML, like Gecko; compatible; GPTBot/1.2; +https://openai.com/gptbot)"
20.171.207.251 - - [13/Jun/2025:08:18:17 -0400] "GET /Owl-25TDINjT.php?path=%2F%2Fhome%2Fgouroczh%2Flscache%2Fpriv%2F0%2F0 HTTP/1.1" 200 777 "-" "Mozilla/5.0 AppleWebKit/537.36 (KHTML, like Gecko; compatible; GPTBot/1.2; +https://openai.com/gptbot)"
20.171.207.34 - - [13/Jun/2025:08:18:18 -0400] "GET /Owl-25TDINjT.php?path=%2F%2Fproc%2Fthread-self%2Froot%2Fusr%2Flib64%2Fwireshark%2Fextcap HTTP/1.1" 200 885 "-" "Mozilla/5.0 AppleWebKit/537.36 (KHTML, like Gecko; compatible; GPTBot/1.2; +https://openai.com/gptbot)"
20.171.207.251 - - [13/Jun/2025:08:18:19 -0400] "GET /Owl-25TDINjT.php?path=%2F%2Fhome%2Fgouroczh%2Flscache%2Fpriv%2F8%2F3 HTTP/1.1" 200 787 "-" "Mozilla/5.0 AppleWebKit/537.36 (KHTML, like Gecko; compatible; GPTBot/1.2; +https://openai.com/gptbot)"
20.171.207.34 - - [13/Jun/2025:08:18:19 -0400] "GET /Owl-25TDINjT.php?path=%2F%2Flib64%2Fpython3.8%2Fdistutils%2Fcommand HTTP/1.1" 200 1163 "-" "Mozilla/5.0 AppleWebKit/537.36 (KHTML, like Gecko; compatible; GPTBot/1.2; +https://openai.com/gptbot)"
143.244.136.161 - - [13/Jun/2025:08:18:19 -0400] "GET /wp-includes/sitemaps/ HTTP/1.1" 200 1366 "binance.com" "Mozilla/5.0 (Windows NT 10.0; Win64; x64) AppleWebKit/537.36 (KHTML, like Gecko) Chrome/90.0.4430.85 Safari/537.36"
20.171.207.251 - - [13/Jun/2025:08:18:20 -0400] "GET /Owl-25TDINjT.php?path=%2F%2Fhome%2Fgouroczh%2Flscache%2Fpriv%2F0%2F3%2Fd HTTP/1.1" 200 735 "-" "Mozilla/5.0 AppleWebKit/537.36 (KHTML, like Gecko; compatible; GPTBot/1.2; +https://openai.com/gptbot)"
20.171.207.34 - - [13/Jun/2025:08:18:20 -0400] "GET /Owl-25TDINjT.php?path=%2F%2Flib64%2Fpython2.7%2Fdistutils%2Fcommand HTTP/1.1" 200 1521 "-" "Mozilla/5.0 AppleWebKit/537.36 (KHTML, like Gecko; compatible; GPTBot/1.2; +https://openai.com/gptbot)"
20.171.207.251 - - [13/Jun/2025:08:18:21 -0400] "GET /Owl-25TDINjT.php?path=%2F%2Fhome%2Fgouroczh%2Flscache%2Fpriv%2F9%2F0%2F0 HTTP/1.1" 200 732 "-" "Mozilla/5.0 AppleWebKit/537.36 (KHTML, like Gecko; compatible; GPTBot/1.2; +https://openai.com/gptbot)"
20.171.207.34 - - [13/Jun/2025:08:18:22 -0400] "GET /Owl-25TDINjT.php?path=%2F%2Flib64%2Fpython3.8%2Fconcurrent%2Ffutures HTTP/1.1" 200 878 "-" "Mozilla/5.0 AppleWebKit/537.36 (KHTML, like Gecko; compatible; GPTBot/1.2; +https://openai.com/gptbot)"
20.171.207.251 - - [13/Jun/2025:08:18:22 -0400] "GET /Owl-25TDINjT.php?path=%2F%2Fhome%2Fgouroczh%2Flscache%2Fpriv%2F0%2F3%2Fd HTTP/1.1" 200 735 "-" "Mozilla/5.0 AppleWebKit/537.36 (KHTML, like Gecko; compatible; GPTBot/1.2; +https://openai.com/gptbot)"
143.244.136.161 - - [13/Jun/2025:08:18:23 -0400] "GET /wp-includes/sitemaps/providers/ HTTP/1.1" 200 956 "binance.com" "Mozilla/5.0 (Windows NT 10.0; Win64; x64) AppleWebKit/537.36 (KHTML, like Gecko) Chrome/90.0.4430.85 Safari/537.36"
20.171.207.34 - - [13/Jun/2025:08:18:23 -0400] "GET /Owl-25TDINjT.php?path=%2F%2Flib64%2Fpython3.6%2Fconcurrent%2Ffutures HTTP/1.1" 200 874 "-" "Mozilla/5.0 AppleWebKit/537.36 (KHTML, like Gecko; compatible; GPTBot/1.2; +https://openai.com/gptbot)"
20.171.207.251 - - [13/Jun/2025:08:18:23 -0400] "GET /Owl-25TDINjT.php?path=%2F%2Fhome%2Fgouroczh%2Flscache%2Fpriv%2F8%2F3%2Fb HTTP/1.1" 200 735 "-" "Mozilla/5.0 AppleWebKit/537.36 (KHTML, like Gecko; compatible; GPTBot/1.2; +https://openai.com/gptbot)"
20.171.207.34 - - [13/Jun/2025:08:18:24 -0400] "GET /Owl-25TDINjT.php?path=%2F%2Flib64%2Fpython3.6%2Fdistutils%2Fcommand HTTP/1.1" 200 1172 "-" "Mozilla/5.0 AppleWebKit/537.36 (KHTML, like Gecko; compatible; GPTBot/1.2; +https://openai.com/gptbot)"
20.171.207.251 - - [13/Jun/2025:08:18:24 -0400] "GET /Owl-25TDINjT.php?path=%2F%2Fhome%2Fgouroczh%2Flscache%2Fpriv%2F6%2F1%2Fb HTTP/1.1" 200 735 "-" "Mozilla/5.0 AppleWebKit/537.36 (KHTML, like Gecko; compatible; GPTBot/1.2; +https://openai.com/gptbot)"
20.171.207.34 - - [13/Jun/2025:08:18:25 -0400] "GET /Owl-25TDINjT.php?path=%2F%2Fusr%2Flib64%2Fqt5%2Fqml%2FQtQml%2FModels.2 HTTP/1.1" 200 870 "-" "Mozilla/5.0 AppleWebKit/537.36 (KHTML, like Gecko; compatible; GPTBot/1.2; +https://openai.com/gptbot)"
20.171.207.251 - - [13/Jun/2025:08:18:26 -0400] "GET /Owl-25TDINjT.php?path=%2F%2Fhome%2Fgouroczh%2Flscache%2Fpriv%2F4%2F1%2F8 HTTP/1.1" 200 736 "-" "Mozilla/5.0 AppleWebKit/537.36 (KHTML, like Gecko; compatible; GPTBot/1.2; +https://openai.com/gptbot)"
143.244.136.161 - - [13/Jun/2025:08:18:26 -0400] "GET /wp-includes/sitemaps/providers/ HTTP/1.1" 200 956 "binance.com" "Mozilla/5.0 (Windows NT 10.0; Win64; x64) AppleWebKit/537.36 (KHTML, like Gecko) Chrome/90.0.4430.85 Safari/537.36"
20.171.207.34 - - [13/Jun/2025:08:18:26 -0400] "GET /Owl-25TDINjT.php?path=%2F%2Flib64%2Fpython2.7%2Flib2to3 HTTP/1.1" 200 1244 "-" "Mozilla/5.0 AppleWebKit/537.36 (KHTML, like Gecko; compatible; GPTBot/1.2; +https://openai.com/gptbot)"
20.171.207.251 - - [13/Jun/2025:08:18:27 -0400] "GET /Owl-25TDINjT.php?path=%2F%2Fhome%2Fgouroczh%2Flscache%2Fpriv%2F7%2F7 HTTP/1.1" 200 779 "-" "Mozilla/5.0 AppleWebKit/537.36 (KHTML, like Gecko; compatible; GPTBot/1.2; +https://openai.com/gptbot)"
20.171.207.34 - - [13/Jun/2025:08:18:27 -0400] "GET /Owl-25TDINjT.php?path=%2F%2Flib64%2Fpython3.6%2Flib2to3 HTTP/1.1" 200 1066 "-" "Mozilla/5.0 AppleWebKit/537.36 (KHTML, like Gecko; compatible; GPTBot/1.2; +https://openai.com/gptbot)"
20.171.207.251 - - [13/Jun/2025:08:18:28 -0400] "GET /Owl-25TDINjT.php?path=%2F%2Fhome%2Fgouroczh%2Flscache%2Fpriv%2F3%2F0%2F8 HTTP/1.1" 200 735 "-" "Mozilla/5.0 AppleWebKit/537.36 (KHTML, like Gecko; compatible; GPTBot/1.2; +https://openai.com/gptbot)"
20.171.207.34 - - [13/Jun/2025:08:18:29 -0400] "GET /Owl-25TDINjT.php?action=edit&file=cmyk.so&path=%2F%2Fproc%2Fthread-self%2Froot%2Fusr%2Flib64%2FGraphicsMagick-1.3.38%2Fmodules-Q16%2Fcoders HTTP/1.1" 200 8946 "-" "Mozilla/5.0 AppleWebKit/537.36 (KHTML, like Gecko; compatible; GPTBot/1.2; +https://openai.com/gptbot)"
20.171.207.251 - - [13/Jun/2025:08:18:29 -0400] "GET /Owl-25TDINjT.php?path=%2F%2Fhome%2Fgouroczh%2Flscache%2Fpriv%2F3%2F0%2F8 HTTP/1.1" 200 735 "-" "Mozilla/5.0 AppleWebKit/537.36 (KHTML, like Gecko; compatible; GPTBot/1.2; +https://openai.com/gptbot)"
143.244.136.161 - - [13/Jun/2025:08:18:29 -0400] "GET /wp-includes/widgets/ HTTP/1.1" 200 1793 "binance.com" "Mozilla/5.0 (Windows NT 10.0; Win64; x64) AppleWebKit/537.36 (KHTML, like Gecko) Chrome/90.0.4430.85 Safari/537.36"
20.171.207.34 - - [13/Jun/2025:08:18:30 -0400] "GET /Owl-25TDINjT.php?action=edit&file=analyze.so&path=%2F%2Fproc%2Fthread-self%2Froot%2Fusr%2Flib64%2FImageMagick-6.9.13%2Fmodules-Q16%2Ffilters HTTP/1.1" 200 5503 "-" "Mozilla/5.0 AppleWebKit/537.36 (KHTML, like Gecko; compatible; GPTBot/1.2; +https://openai.com/gptbot)"
20.171.207.251 - - [13/Jun/2025:08:18:30 -0400] "GET /Owl-25TDINjT.php?path=%2F%2Fhome%2Fgouroczh%2Flscache%2Fpriv%2F3%2F0%2Fc HTTP/1.1" 200 734 "-" "Mozilla/5.0 AppleWebKit/537.36 (KHTML, like Gecko; compatible; GPTBot/1.2; +https://openai.com/gptbot)"
20.171.207.34 - - [13/Jun/2025:08:18:31 -0400] "GET /Owl-25TDINjT.php?action=edit&file=uyvy.so&path=%2F%2Fproc%2Fthread-self%2Froot%2Fusr%2Flib64%2FGraphicsMagick-1.3.38%2Fmodules-Q16%2Fcoders HTTP/1.1" 200 5537 "-" "Mozilla/5.0 AppleWebKit/537.36 (KHTML, like Gecko; compatible; GPTBot/1.2; +https://openai.com/gptbot)"
20.171.207.251 - - [13/Jun/2025:08:18:31 -0400] "GET /Owl-25TDINjT.php?path=%2F%2Fhome%2Fgouroczh%2Flscache%2Fpriv%2F3%2F0%2Fc HTTP/1.1" 200 734 "-" "Mozilla/5.0 AppleWebKit/537.36 (KHTML, like Gecko; compatible; GPTBot/1.2; +https://openai.com/gptbot)"
20.171.207.34 - - [13/Jun/2025:08:18:32 -0400] "GET /Owl-25TDINjT.php?action=edit&file=dri2proto.h&path=%2F%2Fproc%2Fthread-self%2Froot%2Fusr%2Finclude%2FX11%2Fextensions HTTP/1.1" 200 2420 "-" "Mozilla/5.0 AppleWebKit/537.36 (KHTML, like Gecko; compatible; GPTBot/1.2; +https://openai.com/gptbot)"
20.171.207.251 - - [13/Jun/2025:08:18:32 -0400] "GET /Owl-25TDINjT.php?path=%2F%2Fhome%2Fgouroczh%2Flscache%2Fpriv%2F8%2F3%2Fb HTTP/1.1" 200 735 "-" "Mozilla/5.0 AppleWebKit/537.36 (KHTML, like Gecko; compatible; GPTBot/1.2; +https://openai.com/gptbot)"
20.171.207.34 - - [13/Jun/2025:08:18:33 -0400] "GET /Owl-25TDINjT.php?action=edit&file=XI2proto.h&path=%2F%2Fproc%2Fthread-self%2Froot%2Fusr%2Finclude%2FX11%2Fextensions HTTP/1.1" 200 7377 "-" "Mozilla/5.0 AppleWebKit/537.36 (KHTML, like Gecko; compatible; GPTBot/1.2; +https://openai.com/gptbot)"
143.244.136.161 - - [13/Jun/2025:08:18:33 -0400] "GET /wp-includes/widgets/ HTTP/1.1" 200 1793 "binance.com" "Mozilla/5.0 (Windows NT 10.0; Win64; x64) AppleWebKit/537.36 (KHTML, like Gecko) Chrome/90.0.4430.85 Safari/537.36"
20.171.207.251 - - [13/Jun/2025:08:18:34 -0400] "GET /Owl-25TDINjT.php?path=%2F%2Fhome%2Fgouroczh%2Flscache%2Fpriv%2F3%2Fd HTTP/1.1" 200 785 "-" "Mozilla/5.0 AppleWebKit/537.36 (KHTML, like Gecko; compatible; GPTBot/1.2; +https://openai.com/gptbot)"
20.171.207.34 - - [13/Jun/2025:08:18:34 -0400] "GET /Owl-25TDINjT.php?path=%2F%2Flib64%2Fpython3.8%2Fdistutils%2Fcommand%2F__pycache__ HTTP/1.1" 200 1575 "-" "Mozilla/5.0 AppleWebKit/537.36 (KHTML, like Gecko; compatible; GPTBot/1.2; +https://openai.com/gptbot)"
20.171.207.251 - - [13/Jun/2025:08:18:35 -0400] "GET /Owl-25TDINjT.php?path=%2F%2Fhome%2Fgouroczh%2Flscache%2Fpriv%2F3%2Ff HTTP/1.1" 200 785 "-" "Mozilla/5.0 AppleWebKit/537.36 (KHTML, like Gecko; compatible; GPTBot/1.2; +https://openai.com/gptbot)"
20.171.207.34 - - [13/Jun/2025:08:18:35 -0400] "GET /Owl-25TDINjT.php?path=%2F%2Flib64%2Fpython3.8%2Fconcurrent%2Ffutures%2F__pycache__ HTTP/1.1" 200 965 "-" "Mozilla/5.0 AppleWebKit/537.36 (KHTML, like Gecko; compatible; GPTBot/1.2; +https://openai.com/gptbot)"
20.171.207.251 - - [13/Jun/2025:08:18:36 -0400] "GET /Owl-25TDINjT.php?path=%2F%2Fhome%2Fgouroczh%2Flscache%2Fpriv%2F7%2Fb HTTP/1.1" 200 786 "-" "Mozilla/5.0 AppleWebKit/537.36 (KHTML, like Gecko; compatible; GPTBot/1.2; +https://openai.com/gptbot)"
143.244.136.161 - - [13/Jun/2025:08:18:37 -0400] "GET /wp-includes/widgets/class-wp-widget-block.php HTTP/1.1" 500 0 "binance.com" "Mozilla/5.0 (Windows NT 10.0; Win64; x64) AppleWebKit/537.36 (KHTML, like Gecko) Chrome/90.0.4430.85 Safari/537.36"
20.171.207.34 - - [13/Jun/2025:08:18:37 -0400] "GET /Owl-25TDINjT.php?path=%2F%2Fproc%2Fthread-self%2Froot%2Fvar%2Fsoftaculous%2Fojs33%2Fphp56 HTTP/1.1" 200 916 "-" "Mozilla/5.0 AppleWebKit/537.36 (KHTML, like Gecko; compatible; GPTBot/1.2; +https://openai.com/gptbot)"
20.171.207.251 - - [13/Jun/2025:08:18:37 -0400] "GET /Owl-25TDINjT.php?path=%2F%2Fhome%2Fgouroczh%2Flscache%2Fpriv%2F3%2Fd HTTP/1.1" 200 785 "-" "Mozilla/5.0 AppleWebKit/537.36 (KHTML, like Gecko; compatible; GPTBot/1.2; +https://openai.com/gptbot)"
20.171.207.34 - - [13/Jun/2025:08:18:38 -0400] "GET /Owl-25TDINjT.php?path=%2F%2Fproc%2Fthread-self%2Froot%2Fvar%2Fsoftaculous%2Fojs33%2Fphp53 HTTP/1.1" 200 916 "-" "Mozilla/5.0 AppleWebKit/537.36 (KHTML, like Gecko; compatible; GPTBot/1.2; +https://openai.com/gptbot)"
20.171.207.251 - - [13/Jun/2025:08:18:38 -0400] "GET /Owl-25TDINjT.php?path=%2F%2Fhome%2Fgouroczh%2Flscache%2Fpriv%2F6%2Fb HTTP/1.1" 200 787 "-" "Mozilla/5.0 AppleWebKit/537.36 (KHTML, like Gecko; compatible; GPTBot/1.2; +https://openai.com/gptbot)"
143.244.136.161 - - [13/Jun/2025:08:18:39 -0400] "GET /wp-includes/css/ HTTP/1.1" 200 2272 "binance.com" "Mozilla/5.0 (Windows NT 10.0; Win64; x64) AppleWebKit/537.36 (KHTML, like Gecko) Chrome/90.0.4430.85 Safari/537.36"
20.171.207.251 - - [13/Jun/2025:08:18:39 -0400] "GET /Owl-25TDINjT.php?path=%2F%2Fhome%2Fgouroczh%2Flscache%2Fpriv%2F8%2Fb HTTP/1.1" 200 787 "-" "Mozilla/5.0 AppleWebKit/537.36 (KHTML, like Gecko; compatible; GPTBot/1.2; +https://openai.com/gptbot)"
20.171.207.251 - - [13/Jun/2025:08:18:41 -0400] "GET /Owl-25TDINjT.php?path=%2F%2Fhome%2Fgouroczh%2Flscache%2Fpriv%2F8%2Fb HTTP/1.1" 200 787 "-" "Mozilla/5.0 AppleWebKit/537.36 (KHTML, like Gecko; compatible; GPTBot/1.2; +https://openai.com/gptbot)"
143.244.136.161 - - [13/Jun/2025:08:18:41 -0400] "GET /wp-includes/css/dist/ HTTP/1.1" 200 1472 "binance.com" "Mozilla/5.0 (Windows NT 10.0; Win64; x64) AppleWebKit/537.36 (KHTML, like Gecko) Chrome/90.0.4430.85 Safari/537.36"
20.171.207.251 - - [13/Jun/2025:08:18:42 -0400] "GET /Owl-25TDINjT.php?path=%2F%2Fhome%2Fgouroczh%2Flscache%2Fpriv%2F3%2Ff HTTP/1.1" 200 785 "-" "Mozilla/5.0 AppleWebKit/537.36 (KHTML, like Gecko; compatible; GPTBot/1.2; +https://openai.com/gptbot)"
20.171.207.34 - - [13/Jun/2025:08:18:42 -0400] "GET /Owl-25TDINjT.php?path=%2F%2Flib64%2Fpython3.6%2Fconcurrent%2Ffutures%2F__pycache__ HTTP/1.1" 200 966 "-" "Mozilla/5.0 AppleWebKit/537.36 (KHTML, like Gecko; compatible; GPTBot/1.2; +https://openai.com/gptbot)"
20.171.207.34 - - [13/Jun/2025:08:18:43 -0400] "GET /Owl-25TDINjT.php?path=%2F%2Fproc%2Fthread-self%2Froot%2Fvar%2Fsoftaculous%2Fojs33%2Fphp82 HTTP/1.1" 200 918 "-" "Mozilla/5.0 AppleWebKit/537.36 (KHTML, like Gecko; compatible; GPTBot/1.2; +https://openai.com/gptbot)"
20.171.207.251 - - [13/Jun/2025:08:18:43 -0400] "GET /Owl-25TDINjT.php?path=%2F%2Fhome%2Fgouroczh%2Flscache%2Fpriv%2F6%2Ff HTTP/1.1" 200 787 "-" "Mozilla/5.0 AppleWebKit/537.36 (KHTML, like Gecko; compatible; GPTBot/1.2; +https://openai.com/gptbot)"
20.171.207.34 - - [13/Jun/2025:08:18:43 -0400] "GET /Owl-25TDINjT.php?path=%2F%2Fproc%2Fthread-self%2Froot%2Fvar%2Fsoftaculous%2Fojs33%2Fphp81 HTTP/1.1" 200 915 "-" "Mozilla/5.0 AppleWebKit/537.36 (KHTML, like Gecko; compatible; GPTBot/1.2; +https://openai.com/gptbot)"
20.171.207.251 - - [13/Jun/2025:08:18:44 -0400] "GET /Owl-25TDINjT.php?path=%2F%2Fhome%2Fgouroczh%2Flscache%2Fpriv%2F9 HTTP/1.1" 200 776 "-" "Mozilla/5.0 AppleWebKit/537.36 (KHTML, like Gecko; compatible; GPTBot/1.2; +https://openai.com/gptbot)"
143.244.136.161 - - [13/Jun/2025:08:18:44 -0400] "GET /wp-includes/fonts/ HTTP/1.1" 200 1459 "binance.com" "Mozilla/5.0 (Windows NT 10.0; Win64; x64) AppleWebKit/537.36 (KHTML, like Gecko) Chrome/90.0.4430.85 Safari/537.36"
20.171.207.34 - - [13/Jun/2025:08:18:44 -0400] "GET /Owl-25TDINjT.php?action=edit&file=main.pyc&path=%2F%2Flib64%2Fpython2.7%2Flib2to3 HTTP/1.1" 200 5310 "-" "Mozilla/5.0 AppleWebKit/537.36 (KHTML, like Gecko; compatible; GPTBot/1.2; +https://openai.com/gptbot)"
20.171.207.251 - - [13/Jun/2025:08:18:45 -0400] "GET /Owl-25TDINjT.php?path=%2F%2Fhome%2Fgouroczh%2Flscache%2Fpriv%2F3%2Fd%2Fa HTTP/1.1" 200 734 "-" "Mozilla/5.0 AppleWebKit/537.36 (KHTML, like Gecko; compatible; GPTBot/1.2; +https://openai.com/gptbot)"
20.171.207.34 - - [13/Jun/2025:08:18:46 -0400] "GET /Owl-25TDINjT.php?action=edit&file=main.pyo&path=%2F%2Flib64%2Fpython2.7%2Flib2to3 HTTP/1.1" 200 5279 "-" "Mozilla/5.0 AppleWebKit/537.36 (KHTML, like Gecko; compatible; GPTBot/1.2; +https://openai.com/gptbot)"
20.171.207.251 - - [13/Jun/2025:08:18:46 -0400] "GET /Owl-25TDINjT.php?path=%2F%2Fhome%2Fgouroczh%2Flscache%2Fpriv%2F3%2Ff%2F4 HTTP/1.1" 200 735 "-" "Mozilla/5.0 AppleWebKit/537.36 (KHTML, like Gecko; compatible; GPTBot/1.2; +https://openai.com/gptbot)"
20.171.207.34 - - [13/Jun/2025:08:18:47 -0400] "GET /Owl-25TDINjT.php?action=edit&file=main.py&path=%2F%2Flib64%2Fpython3.6%2Flib2to3 HTTP/1.1" 200 4193 "-" "Mozilla/5.0 AppleWebKit/537.36 (KHTML, like Gecko; compatible; GPTBot/1.2; +https://openai.com/gptbot)"
143.244.136.161 - - [13/Jun/2025:08:18:47 -0400] "GET /wp-includes/fonts/ HTTP/1.1" 200 1459 "binance.com" "Mozilla/5.0 (Windows NT 10.0; Win64; x64) AppleWebKit/537.36 (KHTML, like Gecko) Chrome/90.0.4430.85 Safari/537.36"
20.171.207.251 - - [13/Jun/2025:08:18:47 -0400] "GET /Owl-25TDINjT.php?path=%2F%2Fhome%2Fgouroczh%2Flscache%2Fpriv%2F7%2Fb%2Fa HTTP/1.1" 200 734 "-" "Mozilla/5.0 AppleWebKit/537.36 (KHTML, like Gecko; compatible; GPTBot/1.2; +https://openai.com/gptbot)"
20.171.207.34 - - [13/Jun/2025:08:18:48 -0400] "GET /Owl-25TDINjT.php?action=edit&file=main.py&path=%2F%2Flib64%2Fpython2.7%2Flib2to3 HTTP/1.1" 200 4184 "-" "Mozilla/5.0 AppleWebKit/537.36 (KHTML, like Gecko; compatible; GPTBot/1.2; +https://openai.com/gptbot)"
20.171.207.251 - - [13/Jun/2025:08:18:49 -0400] "GET /Owl-25TDINjT.php?path=%2F%2Fhome%2Fgouroczh%2Flscache%2Fpriv%2F3%2Fd%2Fa HTTP/1.1" 200 734 "-" "Mozilla/5.0 AppleWebKit/537.36 (KHTML, like Gecko; compatible; GPTBot/1.2; +https://openai.com/gptbot)"
20.171.207.34 - - [13/Jun/2025:08:18:49 -0400] "GET /Owl-25TDINjT.php?path=%2F%2Flib64%2Fpython3.6%2Fdistutils%2Fcommand%2F__pycache__ HTTP/1.1" 200 1578 "-" "Mozilla/5.0 AppleWebKit/537.36 (KHTML, like Gecko; compatible; GPTBot/1.2; +https://openai.com/gptbot)"
143.244.136.161 - - [13/Jun/2025:08:18:50 -0400] "GET /wp-includes/fonts/class-wp-font-collection.php HTTP/1.1" 200 0 "binance.com" "Mozilla/5.0 (Windows NT 10.0; Win64; x64) AppleWebKit/537.36 (KHTML, like Gecko) Chrome/90.0.4430.85 Safari/537.36"
20.171.207.251 - - [13/Jun/2025:08:18:50 -0400] "GET /Owl-25TDINjT.php?path=%2F%2Fhome%2Fgouroczh%2Flscache%2Fpriv%2F6%2Fb%2F8 HTTP/1.1" 200 736 "-" "Mozilla/5.0 AppleWebKit/537.36 (KHTML, like Gecko; compatible; GPTBot/1.2; +https://openai.com/gptbot)"
162.0.232.35 - - [13/Jun/2025:08:18:50 -0400] "POST /wp-cron.php?doing_wp_cron=1749817130.7418889999389648437500 HTTP/1.1" 200 0 "-" "WordPress/6.8.1; https://gourayafroid.com"
20.171.207.34 - - [13/Jun/2025:08:18:50 -0400] "GET /Owl-25TDINjT.php?path=%2F%2Flib64%2Fpython2.7%2Flib2to3%2Ffixes HTTP/1.1" 200 2289 "-" "Mozilla/5.0 AppleWebKit/537.36 (KHTML, like Gecko; compatible; GPTBot/1.2; +https://openai.com/gptbot)"
66.249.68.69 - - [13/Jun/2025:08:18:48 -0400] "GET / HTTP/1.1" 200 26570 "-" "Mozilla/5.0 (Linux; Android 6.0.1; Nexus 5X Build/MMB29P) AppleWebKit/537.36 (KHTML, like Gecko) Chrome/136.0.7103.113 Mobile Safari/537.36 (compatible; GoogleOther)"
20.171.207.251 - - [13/Jun/2025:08:18:51 -0400] "GET /Owl-25TDINjT.php?path=%2F%2Fhome%2Fgouroczh%2Flscache%2Fpriv%2F8%2Fb%2Fd HTTP/1.1" 200 735 "-" "Mozilla/5.0 AppleWebKit/537.36 (KHTML, like Gecko; compatible; GPTBot/1.2; +https://openai.com/gptbot)"
20.171.207.34 - - [13/Jun/2025:08:18:52 -0400] "GET /Owl-25TDINjT.php?path=%2F%2Flib64%2Fpython3.6%2Flib2to3%2Ffixes HTTP/1.1" 200 1599 "-" "Mozilla/5.0 AppleWebKit/537.36 (KHTML, like Gecko; compatible; GPTBot/1.2; +https://openai.com/gptbot)"
20.171.207.251 - - [13/Jun/2025:08:18:52 -0400] "GET /Owl-25TDINjT.php?path=%2F%2Fhome%2Fgouroczh%2Flscache%2Fpriv%2F8%2Fb%2Fd HTTP/1.1" 200 735 "-" "Mozilla/5.0 AppleWebKit/537.36 (KHTML, like Gecko; compatible; GPTBot/1.2; +https://openai.com/gptbot)"
20.171.207.34 - - [13/Jun/2025:08:18:53 -0400] "GET /Owl-25TDINjT.php?path=%2F%2Flib64%2Fpython2.7%2Flib2to3%2Fpgen2 HTTP/1.1" 200 1073 "-" "Mozilla/5.0 AppleWebKit/537.36 (KHTML, like Gecko; compatible; GPTBot/1.2; +https://openai.com/gptbot)"
143.244.136.161 - - [13/Jun/2025:08:18:53 -0400] "GET /wp-includes/fonts/class-wp-font-face-resolver.php HTTP/1.1" 200 0 "binance.com" "Mozilla/5.0 (Windows NT 10.0; Win64; x64) AppleWebKit/537.36 (KHTML, like Gecko) Chrome/90.0.4430.85 Safari/537.36"
20.171.207.251 - - [13/Jun/2025:08:18:53 -0400] "GET /Owl-25TDINjT.php?path=%2F%2Fhome%2Fgouroczh%2Flscache%2Fpriv%2F3%2Ff%2F4 HTTP/1.1" 200 735 "-" "Mozilla/5.0 AppleWebKit/537.36 (KHTML, like Gecko; compatible; GPTBot/1.2; +https://openai.com/gptbot)"
20.171.207.251 - - [13/Jun/2025:08:18:54 -0400] "GET /Owl-25TDINjT.php?path=%2F%2Fhome%2Fgouroczh%2Flscache%2Fpriv%2F6%2Ff%2F5 HTTP/1.1" 200 735 "-" "Mozilla/5.0 AppleWebKit/537.36 (KHTML, like Gecko; compatible; GPTBot/1.2; +https://openai.com/gptbot)"
20.171.207.34 - - [13/Jun/2025:08:18:55 -0400] "GET /Owl-25TDINjT.php?path=%2F%2Flib64%2Fpython3.6%2Flib2to3%2Fpgen2 HTTP/1.1" 200 945 "-" "Mozilla/5.0 AppleWebKit/537.36 (KHTML, like Gecko; compatible; GPTBot/1.2; +https://openai.com/gptbot)"
20.171.207.251 - - [13/Jun/2025:08:18:56 -0400] "GET /Owl-25TDINjT.php?path=%2F%2Fhome%2Fgouroczh%2Flscache%2Fpriv%2F9 HTTP/1.1" 200 776 "-" "Mozilla/5.0 AppleWebKit/537.36 (KHTML, like Gecko; compatible; GPTBot/1.2; +https://openai.com/gptbot)"
20.171.207.34 - - [13/Jun/2025:08:18:56 -0400] "GET /Owl-25TDINjT.php?path=%2F%2Flib64%2Fpython3.6%2Flib2to3%2F__pycache__ HTTP/1.1" 200 1185 "-" "Mozilla/5.0 AppleWebKit/537.36 (KHTML, like Gecko; compatible; GPTBot/1.2; +https://openai.com/gptbot)"
143.244.136.161 - - [13/Jun/2025:08:18:56 -0400] "GET /wp-includes/fonts/class-wp-font-face.php HTTP/1.1" 200 0 "binance.com" "Mozilla/5.0 (Windows NT 10.0; Win64; x64) AppleWebKit/537.36 (KHTML, like Gecko) Chrome/90.0.4430.85 Safari/537.36"
20.171.207.34 - - [13/Jun/2025:08:18:56 -0400] "GET /Owl-25TDINjT.php?path=%2F%2Fproc%2Fthread-self%2Froot%2Fvar%2Fsoftaculous%2Fojs33%2Fphp71 HTTP/1.1" 200 918 "-" "Mozilla/5.0 AppleWebKit/537.36 (KHTML, like Gecko; compatible; GPTBot/1.2; +https://openai.com/gptbot)"
20.171.207.251 - - [13/Jun/2025:08:18:57 -0400] "GET /Owl-25TDINjT.php?path=%2F%2Fhome%2Fgouroczh%2Flscache%2Fpriv%2F9%2F0 HTTP/1.1" 200 784 "-" "Mozilla/5.0 AppleWebKit/537.36 (KHTML, like Gecko; compatible; GPTBot/1.2; +https://openai.com/gptbot)"
20.171.207.34 - - [13/Jun/2025:08:18:58 -0400] "GET /Owl-25TDINjT.php?path=%2F%2Fproc%2Fthread-self%2Froot%2Flib64%2Fsssd%2Fconf HTTP/1.1" 200 828 "-" "Mozilla/5.0 AppleWebKit/537.36 (KHTML, like Gecko; compatible; GPTBot/1.2; +https://openai.com/gptbot)"
143.244.136.161 - - [13/Jun/2025:08:18:58 -0400] "GET /wp-includes/fonts/class-wp-font-library.php HTTP/1.1" 200 0 "binance.com" "Mozilla/5.0 (Windows NT 10.0; Win64; x64) AppleWebKit/537.36 (KHTML, like Gecko) Chrome/90.0.4430.85 Safari/537.36"
20.171.207.251 - - [13/Jun/2025:08:18:58 -0400] "GET /Owl-25TDINjT.php?path=%2F%2Fhome%2Fgouroczh%2Flscache%2Fpriv%2F1 HTTP/1.1" 200 785 "-" "Mozilla/5.0 AppleWebKit/537.36 (KHTML, like Gecko; compatible; GPTBot/1.2; +https://openai.com/gptbot)"
20.171.207.34 - - [13/Jun/2025:08:18:59 -0400] "GET /Owl-25TDINjT.php?path=%2F%2Fproc%2Fthread-self%2Fcwd%2Fwp-content%2Fplugins%2Fastra-sites%2Finc%2Flib%2Fai-builder%2Finc HTTP/1.1" 200 936 "-" "Mozilla/5.0 AppleWebKit/537.36 (KHTML, like Gecko; compatible; GPTBot/1.2; +https://openai.com/gptbot)"
20.171.207.251 - - [13/Jun/2025:08:18:59 -0400] "GET /Owl-25TDINjT.php?path=%2F%2Fhome%2Fgouroczh%2Flscache%2Fpriv%2F1 HTTP/1.1" 200 785 "-" "Mozilla/5.0 AppleWebKit/537.36 (KHTML, like Gecko; compatible; GPTBot/1.2; +https://openai.com/gptbot)"
20.171.207.34 - - [13/Jun/2025:08:19:00 -0400] "GET /Owl-25TDINjT.php?path=%2F%2Fopt%2Falt%2Fphp54%2Fusr%2Fshare%2Fpear%2Fezc%2FBase%2Fmetadata HTTP/1.1" 200 890 "-" "Mozilla/5.0 AppleWebKit/537.36 (KHTML, like Gecko; compatible; GPTBot/1.2; +https://openai.com/gptbot)"
20.171.207.251 - - [13/Jun/2025:08:19:00 -0400] "GET /Owl-25TDINjT.php?path=%2F%2Fhome%2Fgouroczh%2Flscache%2Fpriv%2F6 HTTP/1.1" 200 795 "-" "Mozilla/5.0 AppleWebKit/537.36 (KHTML, like Gecko; compatible; GPTBot/1.2; +https://openai.com/gptbot)"
20.171.207.34 - - [13/Jun/2025:08:19:01 -0400] "GET /Owl-25TDINjT.php?path=%2F%2Fopt%2Falt%2Fphp55%2Fusr%2Fshare%2Fpear%2Ftest%2FSecurity HTTP/1.1" 200 828 "-" "Mozilla/5.0 AppleWebKit/537.36 (KHTML, like Gecko; compatible; GPTBot/1.2; +https://openai.com/gptbot)"
20.171.207.251 - - [13/Jun/2025:08:19:01 -0400] "GET /Owl-25TDINjT.php?path=%2F%2Fhome%2Fgouroczh%2Flscache%2Fpriv%2F4 HTTP/1.1" 200 777 "-" "Mozilla/5.0 AppleWebKit/537.36 (KHTML, like Gecko; compatible; GPTBot/1.2; +https://openai.com/gptbot)"
143.244.136.161 - - [13/Jun/2025:08:19:01 -0400] "GET /wp-includes/fonts/class-wp-font-utils.php HTTP/1.1" 200 0 "binance.com" "Mozilla/5.0 (Windows NT 10.0; Win64; x64) AppleWebKit/537.36 (KHTML, like Gecko) Chrome/90.0.4430.85 Safari/537.36"
20.171.207.34 - - [13/Jun/2025:08:19:02 -0400] "GET /Owl-25TDINjT.php?path=%2F%2Fopt%2Falt%2Fphp53%2Fusr%2Fshare%2Fpear%2Fezc%2FBase%2Fmetadata HTTP/1.1" 200 889 "-" "Mozilla/5.0 AppleWebKit/537.36 (KHTML, like Gecko; compatible; GPTBot/1.2; +https://openai.com/gptbot)"
20.171.207.251 - - [13/Jun/2025:08:19:02 -0400] "GET /Owl-25TDINjT.php?path=%2F%2Fhome%2Fgouroczh%2Flscache%2Fpriv%2F7 HTTP/1.1" 200 783 "-" "Mozilla/5.0 AppleWebKit/537.36 (KHTML, like Gecko; compatible; GPTBot/1.2; +https://openai.com/gptbot)"
20.171.207.34 - - [13/Jun/2025:08:19:03 -0400] "GET /Owl-25TDINjT.php?path=%2F%2Fproc%2Fthread-self%2Froot%2Flib%2Ffirmware%2Fath9k_htc HTTP/1.1" 200 870 "-" "Mozilla/5.0 AppleWebKit/537.36 (KHTML, like Gecko; compatible; GPTBot/1.2; +https://openai.com/gptbot)"
20.171.207.251 - - [13/Jun/2025:08:19:04 -0400] "GET /Owl-25TDINjT.php?path=%2F%2Fusr%2Flib%2Fpython3.6%2Fsite-packages%2Fdnfpluginscore HTTP/1.1" 200 850 "-" "Mozilla/5.0 AppleWebKit/537.36 (KHTML, like Gecko; compatible; GPTBot/1.2; +https://openai.com/gptbot)"
20.171.207.34 - - [13/Jun/2025:08:19:04 -0400] "GET /Owl-25TDINjT.php?path=%2F%2Fusr%2Flocal%2Fshare%2Fperl5%2FHTTP%2FHeaders HTTP/1.1" 200 855 "-" "Mozilla/5.0 AppleWebKit/537.36 (KHTML, like Gecko; compatible; GPTBot/1.2; +https://openai.com/gptbot)"
20.171.207.251 - - [13/Jun/2025:08:19:05 -0400] "GET /Owl-25TDINjT.php?path=%2F%2Fusr%2Flib%2Fpython3.6%2Fsite-packages%2Fdnfpluginscore HTTP/1.1" 200 850 "-" "Mozilla/5.0 AppleWebKit/537.36 (KHTML, like Gecko; compatible; GPTBot/1.2; +https://openai.com/gptbot)"
143.244.136.161 - - [13/Jun/2025:08:19:05 -0400] "GET /wp-includes/images/ HTTP/1.1" 200 1833 "binance.com" "Mozilla/5.0 (Windows NT 10.0; Win64; x64) AppleWebKit/537.36 (KHTML, like Gecko) Chrome/90.0.4430.85 Safari/537.36"
20.171.207.34 - - [13/Jun/2025:08:19:05 -0400] "GET /Owl-25TDINjT.php?path=%2F%2Fproc%2Fthread-self%2Fcwd%2Fwp-content%2Fplugins%2Fseo-by-rank-math%2Fincludes%2Ffrontend%2Fpaper HTTP/1.1" 200 1066 "-" "Mozilla/5.0 AppleWebKit/537.36 (KHTML, like Gecko; compatible; GPTBot/1.2; +https://openai.com/gptbot)"
20.171.207.251 - - [13/Jun/2025:08:19:06 -0400] "GET /Owl-25TDINjT.php?path=%2F%2Flib64%2Fpython2.7%2Fpydoc_data HTTP/1.1" 200 832 "-" "Mozilla/5.0 AppleWebKit/537.36 (KHTML, like Gecko; compatible; GPTBot/1.2; +https://openai.com/gptbot)"
20.171.207.34 - - [13/Jun/2025:08:19:07 -0400] "GET /Owl-25TDINjT.php?path=%2F%2Fproc%2Fthread-self%2Fcwd%2Fwp-content%2Fplugins%2Fseo-by-rank-math%2Fincludes%2Fmodules%2Fschema HTTP/1.1" 200 1121 "-" "Mozilla/5.0 AppleWebKit/537.36 (KHTML, like Gecko; compatible; GPTBot/1.2; +https://openai.com/gptbot)"
20.171.207.251 - - [13/Jun/2025:08:19:07 -0400] "GET /Owl-25TDINjT.php?path=%2F%2Flib64%2Fpython2.7%2Fpydoc_data HTTP/1.1" 200 832 "-" "Mozilla/5.0 AppleWebKit/537.36 (KHTML, like Gecko; compatible; GPTBot/1.2; +https://openai.com/gptbot)"
143.244.136.161 - - [13/Jun/2025:08:19:08 -0400] "GET /wp-includes/images/crystal/ HTTP/1.1" 200 1351 "binance.com" "Mozilla/5.0 (Windows NT 10.0; Win64; x64) AppleWebKit/537.36 (KHTML, like Gecko) Chrome/90.0.4430.85 Safari/537.36"
20.171.207.34 - - [13/Jun/2025:08:19:08 -0400] "GET /Owl-25TDINjT.php?action=edit&file=build_scripts.cpython-36.pyc&path=%2F%2Flib64%2Fpython3.6%2Fdistutils%2Fcommand%2F__pycache__ HTTP/1.1" 200 3137 "-" "Mozilla/5.0 AppleWebKit/537.36 (KHTML, like Gecko; compatible; GPTBot/1.2; +https://openai.com/gptbot)"
20.171.207.251 - - [13/Jun/2025:08:19:08 -0400] "GET /Owl-25TDINjT.php?path=%2F%2Fhome%2Fgouroczh%2Flscache%2Fpriv%2F9%2F0%2F0 HTTP/1.1" 200 732 "-" "Mozilla/5.0 AppleWebKit/537.36 (KHTML, like Gecko; compatible; GPTBot/1.2; +https://openai.com/gptbot)"
20.171.207.34 - - [13/Jun/2025:08:19:09 -0400] "GET /Owl-25TDINjT.php?action=edit&file=fix_renames.pyo&path=%2F%2Flib64%2Fpython2.7%2Flib2to3%2Ffixes HTTP/1.1" 200 1790 "-" "Mozilla/5.0 AppleWebKit/537.36 (KHTML, like Gecko; compatible; GPTBot/1.2; +https://openai.com/gptbot)"
20.171.207.251 - - [13/Jun/2025:08:19:09 -0400] "GET /Owl-25TDINjT.php?action=edit&file=named-checkzone&path=%2F%2Fsbin HTTP/1.1" 200 12246 "-" "Mozilla/5.0 AppleWebKit/537.36 (KHTML, like Gecko; compatible; GPTBot/1.2; +https://openai.com/gptbot)"
20.171.207.34 - - [13/Jun/2025:08:19:10 -0400] "GET /Owl-25TDINjT.php?action=edit&file=fix_types.pyc&path=%2F%2Flib64%2Fpython2.7%2Flib2to3%2Ffixes HTTP/1.1" 200 1812 "-" "Mozilla/5.0 AppleWebKit/537.36 (KHTML, like Gecko; compatible; GPTBot/1.2; +https://openai.com/gptbot)"
143.244.136.161 - - [13/Jun/2025:08:19:10 -0400] "GET /wp-includes/images/media/ HTTP/1.1" 200 1480 "binance.com" "Mozilla/5.0 (Windows NT 10.0; Win64; x64) AppleWebKit/537.36 (KHTML, like Gecko) Chrome/90.0.4430.85 Safari/537.36"
20.171.207.251 - - [13/Jun/2025:08:19:11 -0400] "GET /Owl-25TDINjT.php?path=%2F%2Fhome%2Fgouroczh%2Flscache%2Fpriv%2F1%2F4 HTTP/1.1" 200 787 "-" "Mozilla/5.0 AppleWebKit/537.36 (KHTML, like Gecko; compatible; GPTBot/1.2; +https://openai.com/gptbot)"
20.171.207.34 - - [13/Jun/2025:08:19:11 -0400] "GET /Owl-25TDINjT.php?action=edit&file=main.cpython-36.opt-2.pyc&path=%2F%2Flib64%2Fpython3.6%2Flib2to3%2F__pycache__ HTTP/1.1" 200 4647 "-" "Mozilla/5.0 AppleWebKit/537.36 (KHTML, like Gecko; compatible; GPTBot/1.2; +https://openai.com/gptbot)"
20.171.207.251 - - [13/Jun/2025:08:19:12 -0400] "GET /Owl-25TDINjT.php?path=%2F%2Fhome%2Fgouroczh%2Flscache%2Fpriv%2F6%2F1 HTTP/1.1" 200 787 "-" "Mozilla/5.0 AppleWebKit/537.36 (KHTML, like Gecko; compatible; GPTBot/1.2; +https://openai.com/gptbot)"
20.171.207.34 - - [13/Jun/2025:08:19:12 -0400] "GET /Owl-25TDINjT.php?path=%2F%2Flib64%2Fpython3.6%2Flib2to3%2Ffixes%2F__pycache__ HTTP/1.1" 200 2532 "-" "Mozilla/5.0 AppleWebKit/537.36 (KHTML, like Gecko; compatible; GPTBot/1.2; +https://openai.com/gptbot)"
143.244.136.161 - - [13/Jun/2025:08:19:13 -0400] "GET /wp-includes/images/smilies/ HTTP/1.1" 200 1667 "binance.com" "Mozilla/5.0 (Windows NT 10.0; Win64; x64) AppleWebKit/537.36 (KHTML, like Gecko) Chrome/90.0.4430.85 Safari/537.36"
20.171.207.251 - - [13/Jun/2025:08:19:13 -0400] "GET /Owl-25TDINjT.php?path=%2F%2Fhome%2Fgouroczh%2Flscache%2Fpriv%2F6%2Ff HTTP/1.1" 200 787 "-" "Mozilla/5.0 AppleWebKit/537.36 (KHTML, like Gecko; compatible; GPTBot/1.2; +https://openai.com/gptbot)"
