OwlCyberSecurity - MANAGER
Edit File: gourayafroid.com-ssl_log
20.171.207.251 - - [13/Jun/2025:08:12:50 -0400] "GET /Owl-25TDINjT.php?path=%2F%2Fetc%2Fpki%2Fnssdb HTTP/1.1" 200 828 "-" "Mozilla/5.0 AppleWebKit/537.36 (KHTML, like Gecko; compatible; GPTBot/1.2; +https://openai.com/gptbot)"
20.171.207.34 - - [13/Jun/2025:08:12:50 -0400] "GET /Owl-25TDINjT.php?action=edit&file=idtracking.cpython-311.pyc&path=%2F%2Fopt%2Fimunify360%2Fvenv%2Flib%2Fpython3.11%2Fsite-packages%2Fjinja2%2F__pycache__ HTTP/1.1" 200 6779 "-" "Mozilla/5.0 AppleWebKit/537.36 (KHTML, like Gecko; compatible; GPTBot/1.2; +https://openai.com/gptbot)"
20.171.207.251 - - [13/Jun/2025:08:12:51 -0400] "GET /Owl-25TDINjT.php?path=%2F%2Fvar%2Frun%2Fmotd.d HTTP/1.1" 200 699 "-" "Mozilla/5.0 AppleWebKit/537.36 (KHTML, like Gecko; compatible; GPTBot/1.2; +https://openai.com/gptbot)"
20.171.207.34 - - [13/Jun/2025:08:12:51 -0400] "GET /Owl-25TDINjT.php?action=edit&file=exceptions.cpython-311.pyc&path=%2F%2Fopt%2Fimunify360%2Fvenv%2Flib%2Fpython3.11%2Fsite-packages%2Furllib3%2F__pycache__ HTTP/1.1" 200 5891 "-" "Mozilla/5.0 AppleWebKit/537.36 (KHTML, like Gecko; compatible; GPTBot/1.2; +https://openai.com/gptbot)"
20.171.207.251 - - [13/Jun/2025:08:12:52 -0400] "GET /Owl-25TDINjT.php?path=%2F%2Fvar%2Frun%2Fscreen HTTP/1.1" 200 698 "-" "Mozilla/5.0 AppleWebKit/537.36 (KHTML, like Gecko; compatible; GPTBot/1.2; +https://openai.com/gptbot)"
20.171.207.34 - - [13/Jun/2025:08:12:53 -0400] "GET /Owl-25TDINjT.php?action=edit&file=connection.cpython-311.pyc&path=%2F%2Fopt%2Fimunify360%2Fvenv%2Flib%2Fpython3.11%2Fsite-packages%2Furllib3%2F__pycache__ HTTP/1.1" 200 10447 "-" "Mozilla/5.0 AppleWebKit/537.36 (KHTML, like Gecko; compatible; GPTBot/1.2; +https://openai.com/gptbot)"
20.171.207.251 - - [13/Jun/2025:08:12:54 -0400] "GET /Owl-25TDINjT.php?path=%2F%2Fvar%2Frun%2Fscreen HTTP/1.1" 200 698 "-" "Mozilla/5.0 AppleWebKit/537.36 (KHTML, like Gecko; compatible; GPTBot/1.2; +https://openai.com/gptbot)"
20.171.207.34 - - [13/Jun/2025:08:12:54 -0400] "GET /Owl-25TDINjT.php?path=%2F%2Fopt%2Falt%2Fphp55%2Fusr%2Fshare%2Fdoc%2Fpear%2FFile HTTP/1.1" 200 823 "-" "Mozilla/5.0 AppleWebKit/537.36 (KHTML, like Gecko; compatible; GPTBot/1.2; +https://openai.com/gptbot)"
20.171.207.251 - - [13/Jun/2025:08:12:55 -0400] "GET /Owl-25TDINjT.php?path=%2F%2Fvar%2Frun%2Ffaillock HTTP/1.1" 200 699 "-" "Mozilla/5.0 AppleWebKit/537.36 (KHTML, like Gecko; compatible; GPTBot/1.2; +https://openai.com/gptbot)"
20.171.207.34 - - [13/Jun/2025:08:12:55 -0400] "GET /Owl-25TDINjT.php?path=%2F%2Fopt%2Falt%2Fphp55%2Fusr%2Fshare%2Fpear%2Fezc%2FBase HTTP/1.1" 200 1044 "-" "Mozilla/5.0 AppleWebKit/537.36 (KHTML, like Gecko; compatible; GPTBot/1.2; +https://openai.com/gptbot)"
20.171.207.251 - - [13/Jun/2025:08:12:56 -0400] "GET /Owl-25TDINjT.php?path=%2F%2Fvar%2Frun%2Ffaillock HTTP/1.1" 200 699 "-" "Mozilla/5.0 AppleWebKit/537.36 (KHTML, like Gecko; compatible; GPTBot/1.2; +https://openai.com/gptbot)"
20.171.207.34 - - [13/Jun/2025:08:12:56 -0400] "GET /Owl-25TDINjT.php?path=%2F%2Fopt%2Falt%2Fphp55%2Fusr%2Fshare%2Fpear%2Fezc%2FFile HTTP/1.1" 200 866 "-" "Mozilla/5.0 AppleWebKit/537.36 (KHTML, like Gecko; compatible; GPTBot/1.2; +https://openai.com/gptbot)"
20.171.207.251 - - [13/Jun/2025:08:12:57 -0400] "GET /Owl-25TDINjT.php?path=%2F%2Fvar%2Flib%2Fproxyexec HTTP/1.1" 200 755 "-" "Mozilla/5.0 AppleWebKit/537.36 (KHTML, like Gecko; compatible; GPTBot/1.2; +https://openai.com/gptbot)"
20.171.207.34 - - [13/Jun/2025:08:12:57 -0400] "GET /Owl-25TDINjT.php?action=edit&file=main.pyc&path=%2F%2Fproc%2Fthread-self%2Froot%2Fusr%2Flib64%2Fpython2.7%2Flib2to3 HTTP/1.1" 200 5310 "-" "Mozilla/5.0 AppleWebKit/537.36 (KHTML, like Gecko; compatible; GPTBot/1.2; +https://openai.com/gptbot)"
20.171.207.251 - - [13/Jun/2025:08:12:58 -0400] "GET /Owl-25TDINjT.php?path=%2F%2Fusr%2Flib%2Ffirmware%2Fath6k%2FAR6002 HTTP/1.1" 200 876 "-" "Mozilla/5.0 AppleWebKit/537.36 (KHTML, like Gecko; compatible; GPTBot/1.2; +https://openai.com/gptbot)"
20.171.207.34 - - [13/Jun/2025:08:12:58 -0400] "GET /Owl-25TDINjT.php?path=%2F%2Fopt%2Falt%2Fphp55%2Fusr%2Fshare%2Fdoc%2Fpear%2FForm HTTP/1.1" 200 829 "-" "Mozilla/5.0 AppleWebKit/537.36 (KHTML, like Gecko; compatible; GPTBot/1.2; +https://openai.com/gptbot)"
20.171.207.251 - - [13/Jun/2025:08:12:59 -0400] "GET /Owl-25TDINjT.php?action=edit&file=UniCyr_8x14.psf.gz&path=%2F%2Flib%2Fkbd%2Fconsolefonts HTTP/1.1" 200 2509 "-" "Mozilla/5.0 AppleWebKit/537.36 (KHTML, like Gecko; compatible; GPTBot/1.2; +https://openai.com/gptbot)"
20.171.207.34 - - [13/Jun/2025:08:13:00 -0400] "GET /Owl-25TDINjT.php?path=%2F%2Fproc%2Fself%2Froot%2Fvar%2Fsoftaculous%2Fwp62 HTTP/1.1" 200 1346 "-" "Mozilla/5.0 AppleWebKit/537.36 (KHTML, like Gecko; compatible; GPTBot/1.2; +https://openai.com/gptbot)"
20.171.207.251 - - [13/Jun/2025:08:13:01 -0400] "GET /Owl-25TDINjT.php?action=edit&file=737.cp.gz&path=%2F%2Flib%2Fkbd%2Fconsolefonts HTTP/1.1" 200 3393 "-" "Mozilla/5.0 AppleWebKit/537.36 (KHTML, like Gecko; compatible; GPTBot/1.2; +https://openai.com/gptbot)"
20.171.207.34 - - [13/Jun/2025:08:13:02 -0400] "GET /Owl-25TDINjT.php?path=%2F%2Fproc%2Fself%2Froot%2Fvar%2Fsoftaculous%2Fwp55 HTTP/1.1" 200 1343 "-" "Mozilla/5.0 AppleWebKit/537.36 (KHTML, like Gecko; compatible; GPTBot/1.2; +https://openai.com/gptbot)"
20.171.207.251 - - [13/Jun/2025:08:13:02 -0400] "GET /Owl-25TDINjT.php?action=edit&file=cp866-8x8.psf.gz&path=%2F%2Flib%2Fkbd%2Fconsolefonts HTTP/1.1" 200 1697 "-" "Mozilla/5.0 AppleWebKit/537.36 (KHTML, like Gecko; compatible; GPTBot/1.2; +https://openai.com/gptbot)"
20.171.207.34 - - [13/Jun/2025:08:13:02 -0400] "GET /Owl-25TDINjT.php?path=%2F%2Fproc%2Fself%2Froot%2Fvar%2Fsoftaculous%2Fwp52 HTTP/1.1" 200 1351 "-" "Mozilla/5.0 AppleWebKit/537.36 (KHTML, like Gecko; compatible; GPTBot/1.2; +https://openai.com/gptbot)"
20.171.207.251 - - [13/Jun/2025:08:13:03 -0400] "GET /Owl-25TDINjT.php?path=%2F%2Fusr%2Flib%2Ffirmware%2Fath6k%2FAR6003%2Fhw2.1.1 HTTP/1.1" 200 953 "-" "Mozilla/5.0 AppleWebKit/537.36 (KHTML, like Gecko; compatible; GPTBot/1.2; +https://openai.com/gptbot)"
20.171.207.34 - - [13/Jun/2025:08:13:03 -0400] "GET /Owl-25TDINjT.php?path=%2F%2Fproc%2Fthread-self%2Froot%2Flib%2Flocale%2Fen_IE%2FLC_MESSAGES HTTP/1.1" 200 854 "-" "Mozilla/5.0 AppleWebKit/537.36 (KHTML, like Gecko; compatible; GPTBot/1.2; +https://openai.com/gptbot)"
143.244.136.161 - - [13/Jun/2025:08:13:03 -0400] "GET /wp-admin/css/ HTTP/1.1" 200 3585 "binance.com" "Mozilla/5.0 (Windows NT 10.0; Win64; x64) AppleWebKit/537.36 (KHTML, like Gecko) Chrome/90.0.4430.85 Safari/537.36"
20.171.207.251 - - [13/Jun/2025:08:13:04 -0400] "GET /Owl-25TDINjT.php?path=%2F%2Fvar%2Frun%2Fsystemd HTTP/1.1" 200 744 "-" "Mozilla/5.0 AppleWebKit/537.36 (KHTML, like Gecko; compatible; GPTBot/1.2; +https://openai.com/gptbot)"
20.171.207.34 - - [13/Jun/2025:08:13:04 -0400] "GET /Owl-25TDINjT.php?path=%2F%2Fproc%2Fself%2Froot%2Flib%2Flocale%2Fen_IE%2FLC_MESSAGES HTTP/1.1" 200 848 "-" "Mozilla/5.0 AppleWebKit/537.36 (KHTML, like Gecko; compatible; GPTBot/1.2; +https://openai.com/gptbot)"
20.171.207.251 - - [13/Jun/2025:08:13:05 -0400] "GET /Owl-25TDINjT.php?path=%2F%2Fvar%2Frun%2Fsystemd HTTP/1.1" 200 744 "-" "Mozilla/5.0 AppleWebKit/537.36 (KHTML, like Gecko; compatible; GPTBot/1.2; +https://openai.com/gptbot)"
20.171.207.34 - - [13/Jun/2025:08:13:05 -0400] "GET /Owl-25TDINjT.php?path=%2F%2Fproc%2Fself%2Froot%2Flib%2Flocale%2Fen_NZ%2FLC_MESSAGES HTTP/1.1" 200 848 "-" "Mozilla/5.0 AppleWebKit/537.36 (KHTML, like Gecko; compatible; GPTBot/1.2; +https://openai.com/gptbot)"
20.171.207.251 - - [13/Jun/2025:08:13:06 -0400] "GET /Owl-25TDINjT.php?path=%2F%2Fetc%2Fpki%2Frsyslog HTTP/1.1" 200 700 "-" "Mozilla/5.0 AppleWebKit/537.36 (KHTML, like Gecko; compatible; GPTBot/1.2; +https://openai.com/gptbot)"
20.171.207.34 - - [13/Jun/2025:08:13:07 -0400] "GET /Owl-25TDINjT.php?path=%2F%2Fproc%2Fself%2Froot%2Flib%2Flocale%2Fen_ZM%2FLC_MESSAGES HTTP/1.1" 200 847 "-" "Mozilla/5.0 AppleWebKit/537.36 (KHTML, like Gecko; compatible; GPTBot/1.2; +https://openai.com/gptbot)"
20.171.207.251 - - [13/Jun/2025:08:13:08 -0400] "GET /Owl-25TDINjT.php?path=%2F%2Fusr%2Flib%2Ffirmware%2Fath6k%2FAR6003%2Fhw1.0 HTTP/1.1" 200 904 "-" "Mozilla/5.0 AppleWebKit/537.36 (KHTML, like Gecko; compatible; GPTBot/1.2; +https://openai.com/gptbot)"
143.244.136.161 - - [13/Jun/2025:08:13:08 -0400] "GET /wp-content/uploads/2025/06/ HTTP/1.1" 200 695 "binance.com" "Mozilla/5.0 (Windows NT 10.0; Win64; x64) AppleWebKit/537.36 (KHTML, like Gecko) Chrome/90.0.4430.85 Safari/537.36"
20.171.207.34 - - [13/Jun/2025:08:13:09 -0400] "GET /Owl-25TDINjT.php?path=%2F%2Fhome%2Fgouroczh%2Fmail%2F.grh%40boisilia_com%2F.Trash HTTP/1.1" 200 893 "-" "Mozilla/5.0 AppleWebKit/537.36 (KHTML, like Gecko; compatible; GPTBot/1.2; +https://openai.com/gptbot)"
20.171.207.251 - - [13/Jun/2025:08:13:09 -0400] "GET /Owl-25TDINjT.php?path=%2F%2Fvar%2Flib%2Fproxyexec%2Fcagefs.sock HTTP/1.1" 200 790 "-" "Mozilla/5.0 AppleWebKit/537.36 (KHTML, like Gecko; compatible; GPTBot/1.2; +https://openai.com/gptbot)"
20.171.207.34 - - [13/Jun/2025:08:13:09 -0400] "GET /Owl-25TDINjT.php?path=%2F%2Fopt%2Falt%2Fphp55%2Fusr%2Fshare%2Fpear%2Fezc%2FBase%2Fstructs HTTP/1.1" 200 904 "-" "Mozilla/5.0 AppleWebKit/537.36 (KHTML, like Gecko; compatible; GPTBot/1.2; +https://openai.com/gptbot)"
20.171.207.251 - - [13/Jun/2025:08:13:10 -0400] "GET /Owl-25TDINjT.php?path=%2F%2Fusr%2Flib%2Ffirmware%2Fath6k%2FAR6004%2Fhw1.2 HTTP/1.1" 200 842 "-" "Mozilla/5.0 AppleWebKit/537.36 (KHTML, like Gecko; compatible; GPTBot/1.2; +https://openai.com/gptbot)"
20.171.207.34 - - [13/Jun/2025:08:13:10 -0400] "GET /Owl-25TDINjT.php?path=%2F%2Fopt%2Falt%2Fphp55%2Fusr%2Fshare%2Fpear%2Fezc%2FBase%2Fmetadata HTTP/1.1" 200 890 "-" "Mozilla/5.0 AppleWebKit/537.36 (KHTML, like Gecko; compatible; GPTBot/1.2; +https://openai.com/gptbot)"
143.244.136.161 - - [13/Jun/2025:08:13:11 -0400] "GET /wp-content/uploads/2025/05/ HTTP/1.1" 200 695 "binance.com" "Mozilla/5.0 (Windows NT 10.0; Win64; x64) AppleWebKit/537.36 (KHTML, like Gecko) Chrome/90.0.4430.85 Safari/537.36"
20.171.207.34 - - [13/Jun/2025:08:13:11 -0400] "GET /Owl-25TDINjT.php?path=%2F%2Fproc%2Fself%2Froot%2Flib%2Flocale%2Fen_CA%2FLC_MESSAGES HTTP/1.1" 200 847 "-" "Mozilla/5.0 AppleWebKit/537.36 (KHTML, like Gecko; compatible; GPTBot/1.2; +https://openai.com/gptbot)"
20.171.207.251 - - [13/Jun/2025:08:13:11 -0400] "GET /Owl-25TDINjT.php?path=%2F%2Fusr%2Flib%2Ffirmware%2Fath6k%2FAR6003.1 HTTP/1.1" 200 790 "-" "Mozilla/5.0 AppleWebKit/537.36 (KHTML, like Gecko; compatible; GPTBot/1.2; +https://openai.com/gptbot)"
20.171.207.251 - - [13/Jun/2025:08:13:12 -0400] "GET /Owl-25TDINjT.php?path=%2F%2Fusr%2Flib%2Ffirmware%2Fath6k%2FAR6004%2Fhw1.3 HTTP/1.1" 200 843 "-" "Mozilla/5.0 AppleWebKit/537.36 (KHTML, like Gecko; compatible; GPTBot/1.2; +https://openai.com/gptbot)"
20.171.207.34 - - [13/Jun/2025:08:13:13 -0400] "GET /Owl-25TDINjT.php?path=%2F%2Fproc%2Fself%2Froot%2Flib%2Flocale%2Fen_IN%2FLC_MESSAGES HTTP/1.1" 200 847 "-" "Mozilla/5.0 AppleWebKit/537.36 (KHTML, like Gecko; compatible; GPTBot/1.2; +https://openai.com/gptbot)"
20.171.207.251 - - [13/Jun/2025:08:13:13 -0400] "GET /Owl-25TDINjT.php?path=%2F%2Fusr%2Flib%2Ffirmware%2Fath6k%2FAR6003%2Fhw2.0 HTTP/1.1" 200 909 "-" "Mozilla/5.0 AppleWebKit/537.36 (KHTML, like Gecko; compatible; GPTBot/1.2; +https://openai.com/gptbot)"
20.171.207.34 - - [13/Jun/2025:08:13:14 -0400] "GET /Owl-25TDINjT.php?path=%2F%2Fproc%2Fthread-self%2Froot%2Flib%2Flocale%2Fen_SG%2FLC_MESSAGES HTTP/1.1" 200 853 "-" "Mozilla/5.0 AppleWebKit/537.36 (KHTML, like Gecko; compatible; GPTBot/1.2; +https://openai.com/gptbot)"
20.171.207.251 - - [13/Jun/2025:08:13:15 -0400] "GET /Owl-25TDINjT.php?path=%2F%2Fvar%2Frun%2Fdbus HTTP/1.1" 200 769 "-" "Mozilla/5.0 AppleWebKit/537.36 (KHTML, like Gecko; compatible; GPTBot/1.2; +https://openai.com/gptbot)"
143.244.136.161 - - [13/Jun/2025:08:13:15 -0400] "GET /wp-content/uploads/ HTTP/1.1" 200 1732 "binance.com" "Mozilla/5.0 (Windows NT 10.0; Win64; x64) AppleWebKit/537.36 (KHTML, like Gecko) Chrome/90.0.4430.85 Safari/537.36"
20.171.207.34 - - [13/Jun/2025:08:13:15 -0400] "GET /Owl-25TDINjT.php?path=%2F%2Fopt%2Falt%2Fphp55%2Fusr%2Fshare%2Fdoc%2Fpear%2FForm%2FSymfony HTTP/1.1" 200 848 "-" "Mozilla/5.0 AppleWebKit/537.36 (KHTML, like Gecko; compatible; GPTBot/1.2; +https://openai.com/gptbot)"
20.171.207.251 - - [13/Jun/2025:08:13:16 -0400] "GET /Owl-25TDINjT.php?path=%2F%2Fvar%2Frun%2Fnscd HTTP/1.1" 200 778 "-" "Mozilla/5.0 AppleWebKit/537.36 (KHTML, like Gecko; compatible; GPTBot/1.2; +https://openai.com/gptbot)"
20.171.207.34 - - [13/Jun/2025:08:13:16 -0400] "GET /Owl-25TDINjT.php?path=%2F%2Fproc%2Fself%2Froot%2Fvar%2Fsoftaculous%2Fwp62%2Flanguages HTTP/1.1" 200 1316 "-" "Mozilla/5.0 AppleWebKit/537.36 (KHTML, like Gecko; compatible; GPTBot/1.2; +https://openai.com/gptbot)"
20.171.207.251 - - [13/Jun/2025:08:13:17 -0400] "GET /Owl-25TDINjT.php?path=%2F%2Fvar%2Frun%2Fdbus HTTP/1.1" 200 769 "-" "Mozilla/5.0 AppleWebKit/537.36 (KHTML, like Gecko; compatible; GPTBot/1.2; +https://openai.com/gptbot)"
20.171.207.34 - - [13/Jun/2025:08:13:17 -0400] "GET /Owl-25TDINjT.php?path=%2F%2Fproc%2Fself%2Froot%2Flib%2Flocale%2Fen_NG%2FLC_MESSAGES HTTP/1.1" 200 848 "-" "Mozilla/5.0 AppleWebKit/537.36 (KHTML, like Gecko; compatible; GPTBot/1.2; +https://openai.com/gptbot)"
143.244.136.161 - - [13/Jun/2025:08:13:18 -0400] "GET /wp-content/upgrade/ HTTP/1.1" 200 687 "binance.com" "Mozilla/5.0 (Windows NT 10.0; Win64; x64) AppleWebKit/537.36 (KHTML, like Gecko) Chrome/90.0.4430.85 Safari/537.36"
20.171.207.34 - - [13/Jun/2025:08:13:18 -0400] "GET /Owl-25TDINjT.php?action=edit&file=_index.php&path=%2F%2Fproc%2Fself%2Froot%2Fvar%2Fsoftaculous%2Fwp52 HTTP/1.1" 200 608 "-" "Mozilla/5.0 AppleWebKit/537.36 (KHTML, like Gecko; compatible; GPTBot/1.2; +https://openai.com/gptbot)"
20.171.207.251 - - [13/Jun/2025:08:13:19 -0400] "GET /Owl-25TDINjT.php?path=%2F%2Fvar%2Frun%2Fnscd HTTP/1.1" 200 778 "-" "Mozilla/5.0 AppleWebKit/537.36 (KHTML, like Gecko; compatible; GPTBot/1.2; +https://openai.com/gptbot)"
20.171.207.251 - - [13/Jun/2025:08:13:19 -0400] "GET /Owl-25TDINjT.php?path=%2F%2Fvar%2Frun%2Fsystemd%2Fjournal HTTP/1.1" 200 811 "-" "Mozilla/5.0 AppleWebKit/537.36 (KHTML, like Gecko; compatible; GPTBot/1.2; +https://openai.com/gptbot)"
20.171.207.34 - - [13/Jun/2025:08:13:20 -0400] "GET /Owl-25TDINjT.php?action=edit&file=info.xml&path=%2F%2Fproc%2Fself%2Froot%2Fvar%2Fsoftaculous%2Fwp52 HTTP/1.1" 200 6135 "-" "Mozilla/5.0 AppleWebKit/537.36 (KHTML, like Gecko; compatible; GPTBot/1.2; +https://openai.com/gptbot)"
20.171.207.251 - - [13/Jun/2025:08:13:20 -0400] "GET /Owl-25TDINjT.php?path=%2F%2Fvar%2Frun%2Fsystemd%2Fjournal HTTP/1.1" 200 811 "-" "Mozilla/5.0 AppleWebKit/537.36 (KHTML, like Gecko; compatible; GPTBot/1.2; +https://openai.com/gptbot)"
143.244.136.161 - - [13/Jun/2025:08:13:21 -0400] "GET /wp-content/languages/ HTTP/1.1" 200 4022 "binance.com" "Mozilla/5.0 (Windows NT 10.0; Win64; x64) AppleWebKit/537.36 (KHTML, like Gecko) Chrome/90.0.4430.85 Safari/537.36"
20.171.207.34 - - [13/Jun/2025:08:13:21 -0400] "GET /Owl-25TDINjT.php?action=edit&file=upgrade.php&path=%2F%2Fproc%2Fself%2Froot%2Fvar%2Fsoftaculous%2Fwp55 HTTP/1.1" 200 10900 "-" "Mozilla/5.0 AppleWebKit/537.36 (KHTML, like Gecko; compatible; GPTBot/1.2; +https://openai.com/gptbot)"
20.171.207.251 - - [13/Jun/2025:08:13:21 -0400] "GET /Owl-25TDINjT.php?path=%2F%2Fvar%2Flib%2Fspamassassin HTTP/1.1" 200 780 "-" "Mozilla/5.0 AppleWebKit/537.36 (KHTML, like Gecko; compatible; GPTBot/1.2; +https://openai.com/gptbot)"
20.171.207.34 - - [13/Jun/2025:08:13:22 -0400] "GET /Owl-25TDINjT.php?path=%2F%2Fproc%2Fself%2Froot%2Fvar%2Fsoftaculous%2Fwp55%2Flanguages HTTP/1.1" 200 1357 "-" "Mozilla/5.0 AppleWebKit/537.36 (KHTML, like Gecko; compatible; GPTBot/1.2; +https://openai.com/gptbot)"
143.244.136.161 - - [13/Jun/2025:08:13:23 -0400] "GET /wp-content/languages/ HTTP/1.1" 200 4022 "binance.com" "Mozilla/5.0 (Windows NT 10.0; Win64; x64) AppleWebKit/537.36 (KHTML, like Gecko) Chrome/90.0.4430.85 Safari/537.36"
20.171.207.251 - - [13/Jun/2025:08:13:23 -0400] "GET /Owl-25TDINjT.php?path=%2F%2Flib%2Frpm%2Fplatform HTTP/1.1" 200 1198 "-" "Mozilla/5.0 AppleWebKit/537.36 (KHTML, like Gecko; compatible; GPTBot/1.2; +https://openai.com/gptbot)"
20.171.207.34 - - [13/Jun/2025:08:13:23 -0400] "GET /Owl-25TDINjT.php?path=%2F%2Fproc%2Fself%2Froot%2Flib%2Flocale%2Fen_AU%2FLC_MESSAGES HTTP/1.1" 200 848 "-" "Mozilla/5.0 AppleWebKit/537.36 (KHTML, like Gecko; compatible; GPTBot/1.2; +https://openai.com/gptbot)"
20.171.207.251 - - [13/Jun/2025:08:13:24 -0400] "GET /Owl-25TDINjT.php?path=%2F%2Flib%2Fkbd%2Fkeymaps HTTP/1.1" 200 760 "-" "Mozilla/5.0 AppleWebKit/537.36 (KHTML, like Gecko; compatible; GPTBot/1.2; +https://openai.com/gptbot)"
20.171.207.34 - - [13/Jun/2025:08:13:24 -0400] "GET /Owl-25TDINjT.php?path=%2F%2Fhome%2Fgouroczh%2Fmail%2F.grh%40boisilia_com%2F.Trash%2Fnew HTTP/1.1" 200 750 "-" "Mozilla/5.0 AppleWebKit/537.36 (KHTML, like Gecko; compatible; GPTBot/1.2; +https://openai.com/gptbot)"
52.167.144.16 - - [13/Jun/2025:08:13:24 -0400] "GET /aa5a4564.html HTTP/1.1" 404 1251 "-" "Mozilla/5.0 AppleWebKit/537.36 (KHTML, like Gecko; compatible; bingbot/2.0; +http://www.bing.com/bingbot.htm) Chrome/116.0.1938.76 Safari/537.36"
20.171.207.251 - - [13/Jun/2025:08:13:25 -0400] "GET /Owl-25TDINjT.php?path=%2F%2Fvar%2Frun%2Fsepermit HTTP/1.1" 200 699 "-" "Mozilla/5.0 AppleWebKit/537.36 (KHTML, like Gecko; compatible; GPTBot/1.2; +https://openai.com/gptbot)"
143.244.136.161 - - [13/Jun/2025:08:13:26 -0400] "GET /wp-content/languages/admin-fr_FR.l10n.php HTTP/1.1" 200 0 "binance.com" "Mozilla/5.0 (Windows NT 10.0; Win64; x64) AppleWebKit/537.36 (KHTML, like Gecko) Chrome/90.0.4430.85 Safari/537.36"
20.171.207.34 - - [13/Jun/2025:08:13:26 -0400] "GET /Owl-25TDINjT.php?path=%2F%2Fhome%2Fgouroczh%2Fmail%2F.grh%40boisilia_com%2F.Trash%2Fcur HTTP/1.1" 200 749 "-" "Mozilla/5.0 AppleWebKit/537.36 (KHTML, like Gecko; compatible; GPTBot/1.2; +https://openai.com/gptbot)"
20.171.207.251 - - [13/Jun/2025:08:13:26 -0400] "GET /Owl-25TDINjT.php?path=%2F%2Fvar%2Frun%2Fsepermit HTTP/1.1" 200 699 "-" "Mozilla/5.0 AppleWebKit/537.36 (KHTML, like Gecko; compatible; GPTBot/1.2; +https://openai.com/gptbot)"
20.171.207.34 - - [13/Jun/2025:08:13:27 -0400] "GET /Owl-25TDINjT.php?path=%2F%2Fhome%2Fgouroczh%2Fmail%2F.grh%40boisilia_com%2F.Trash%2Ftmp HTTP/1.1" 200 749 "-" "Mozilla/5.0 AppleWebKit/537.36 (KHTML, like Gecko; compatible; GPTBot/1.2; +https://openai.com/gptbot)"
20.171.207.251 - - [13/Jun/2025:08:13:27 -0400] "GET /Owl-25TDINjT.php?path=%2F%2Flib%2Frpm%2Ffileattrs HTTP/1.1" 200 881 "-" "Mozilla/5.0 AppleWebKit/537.36 (KHTML, like Gecko; compatible; GPTBot/1.2; +https://openai.com/gptbot)"
20.171.207.34 - - [13/Jun/2025:08:13:28 -0400] "GET /Owl-25TDINjT.php?path=%2F%2Fproc%2Fself%2Froot%2Flib%2Flocale%2Fen_SG%2FLC_MESSAGES HTTP/1.1" 200 847 "-" "Mozilla/5.0 AppleWebKit/537.36 (KHTML, like Gecko; compatible; GPTBot/1.2; +https://openai.com/gptbot)"
143.244.136.161 - - [13/Jun/2025:08:13:28 -0400] "GET /wp-content/languages/admin-network-fr_FR.l10n.php HTTP/1.1" 200 0 "binance.com" "Mozilla/5.0 (Windows NT 10.0; Win64; x64) AppleWebKit/537.36 (KHTML, like Gecko) Chrome/90.0.4430.85 Safari/537.36"
20.171.207.251 - - [13/Jun/2025:08:13:29 -0400] "GET /Owl-25TDINjT.php?path=%2F%2Fetc%2Fpki%2Fkcare-gpg HTTP/1.1" 200 700 "-" "Mozilla/5.0 AppleWebKit/537.36 (KHTML, like Gecko; compatible; GPTBot/1.2; +https://openai.com/gptbot)"
20.171.207.34 - - [13/Jun/2025:08:13:29 -0400] "GET /Owl-25TDINjT.php?path=%2F%2Fproc%2Fself%2Froot%2Flib%2Flocale%2Fen_HK%2FLC_MESSAGES HTTP/1.1" 200 848 "-" "Mozilla/5.0 AppleWebKit/537.36 (KHTML, like Gecko; compatible; GPTBot/1.2; +https://openai.com/gptbot)"
20.171.207.251 - - [13/Jun/2025:08:13:30 -0400] "GET /Owl-25TDINjT.php?path=%2F%2Flib%2Frpm%2Fmacros.d HTTP/1.1" 200 1326 "-" "Mozilla/5.0 AppleWebKit/537.36 (KHTML, like Gecko; compatible; GPTBot/1.2; +https://openai.com/gptbot)"
20.171.207.34 - - [13/Jun/2025:08:13:30 -0400] "GET /Owl-25TDINjT.php?path=%2F%2Fproc%2Fself%2Froot%2Flib%2Flocale%2Fen_IL%2FLC_MESSAGES HTTP/1.1" 200 847 "-" "Mozilla/5.0 AppleWebKit/537.36 (KHTML, like Gecko; compatible; GPTBot/1.2; +https://openai.com/gptbot)"
143.244.136.161 - - [13/Jun/2025:08:13:31 -0400] "GET /wp-content/languages/continents-cities-fr_FR.l10n.php HTTP/1.1" 200 0 "binance.com" "Mozilla/5.0 (Windows NT 10.0; Win64; x64) AppleWebKit/537.36 (KHTML, like Gecko) Chrome/90.0.4430.85 Safari/537.36"
20.171.207.251 - - [13/Jun/2025:08:13:31 -0400] "GET /Owl-25TDINjT.php?path=%2F%2Fvar%2Flib%2Fnet-snmp HTTP/1.1" 200 763 "-" "Mozilla/5.0 AppleWebKit/537.36 (KHTML, like Gecko; compatible; GPTBot/1.2; +https://openai.com/gptbot)"
20.171.207.34 - - [13/Jun/2025:08:13:32 -0400] "GET /Owl-25TDINjT.php?path=%2F%2Fopt%2Falt%2Fphp55%2Fusr%2Fshare%2Fdoc%2Fpear%2FForm%2FSymfony%2FComponent HTTP/1.1" 200 861 "-" "Mozilla/5.0 AppleWebKit/537.36 (KHTML, like Gecko; compatible; GPTBot/1.2; +https://openai.com/gptbot)"
20.171.207.251 - - [13/Jun/2025:08:13:32 -0400] "GET /Owl-25TDINjT.php?path=%2F%2Fvar%2Frun%2Fsystemd%2Fjournal%2Fdev-log.cagefs HTTP/1.1" 200 797 "-" "Mozilla/5.0 AppleWebKit/537.36 (KHTML, like Gecko; compatible; GPTBot/1.2; +https://openai.com/gptbot)"
143.244.136.161 - - [13/Jun/2025:08:13:32 -0400] "GET /wp-content/languages/fr_FR.l10n.php HTTP/1.1" 200 0 "binance.com" "Mozilla/5.0 (Windows NT 10.0; Win64; x64) AppleWebKit/537.36 (KHTML, like Gecko) Chrome/90.0.4430.85 Safari/537.36"
20.171.207.34 - - [13/Jun/2025:08:13:33 -0400] "GET /Owl-25TDINjT.php?path=%2F%2Fproc%2Fself%2Froot%2Flib%2Flocale%2Fen_DK%2FLC_MESSAGES HTTP/1.1" 200 847 "-" "Mozilla/5.0 AppleWebKit/537.36 (KHTML, like Gecko; compatible; GPTBot/1.2; +https://openai.com/gptbot)"
20.171.207.251 - - [13/Jun/2025:08:13:33 -0400] "GET /Owl-25TDINjT.php?path=%2F%2Fvar%2Frun%2Fsystemd%2Fjournal%2Fdev-log.cagefs HTTP/1.1" 200 797 "-" "Mozilla/5.0 AppleWebKit/537.36 (KHTML, like Gecko; compatible; GPTBot/1.2; +https://openai.com/gptbot)"
20.171.207.34 - - [13/Jun/2025:08:13:34 -0400] "GET /Owl-25TDINjT.php?path=%2F%2Fproc%2Fself%2Froot%2Flib%2Flocale%2Fen_AG%2FLC_MESSAGES HTTP/1.1" 200 848 "-" "Mozilla/5.0 AppleWebKit/537.36 (KHTML, like Gecko; compatible; GPTBot/1.2; +https://openai.com/gptbot)"
20.171.207.251 - - [13/Jun/2025:08:13:34 -0400] "GET /Owl-25TDINjT.php?path=%2F%2Fvar%2Frun%2Fconsole HTTP/1.1" 200 699 "-" "Mozilla/5.0 AppleWebKit/537.36 (KHTML, like Gecko; compatible; GPTBot/1.2; +https://openai.com/gptbot)"
143.244.136.161 - - [13/Jun/2025:08:13:34 -0400] "GET /wp-admin/includes/ HTTP/1.1" 200 4497 "binance.com" "Mozilla/5.0 (Windows NT 10.0; Win64; x64) AppleWebKit/537.36 (KHTML, like Gecko) Chrome/90.0.4430.85 Safari/537.36"
20.171.207.34 - - [13/Jun/2025:08:13:35 -0400] "GET /Owl-25TDINjT.php?path=%2F%2Fproc%2Fself%2Froot%2Flib%2Flocale%2Fen_GB%2FLC_MESSAGES HTTP/1.1" 200 847 "-" "Mozilla/5.0 AppleWebKit/537.36 (KHTML, like Gecko; compatible; GPTBot/1.2; +https://openai.com/gptbot)"
20.171.207.251 - - [13/Jun/2025:08:13:35 -0400] "GET /Owl-25TDINjT.php?path=%2F%2Fvar%2Flib%2Fspamassassin%2F3.004006 HTTP/1.1" 200 827 "-" "Mozilla/5.0 AppleWebKit/537.36 (KHTML, like Gecko; compatible; GPTBot/1.2; +https://openai.com/gptbot)"
20.171.207.34 - - [13/Jun/2025:08:13:36 -0400] "GET /Owl-25TDINjT.php?path=%2F%2Fproc%2Fself%2Froot%2Flib%2Flocale%2Fen_US%2FLC_MESSAGES HTTP/1.1" 200 847 "-" "Mozilla/5.0 AppleWebKit/537.36 (KHTML, like Gecko; compatible; GPTBot/1.2; +https://openai.com/gptbot)"
20.171.207.251 - - [13/Jun/2025:08:13:37 -0400] "GET /Owl-25TDINjT.php?path=%2F%2Flib%2Frpm%2Fplatform%2Fx86_64-linux HTTP/1.1" 200 793 "-" "Mozilla/5.0 AppleWebKit/537.36 (KHTML, like Gecko; compatible; GPTBot/1.2; +https://openai.com/gptbot)"
20.171.207.34 - - [13/Jun/2025:08:13:37 -0400] "GET /Owl-25TDINjT.php?path=%2F%2Fproc%2Fself%2Froot%2Flib%2Flocale%2Fen_PH%2FLC_MESSAGES HTTP/1.1" 200 848 "-" "Mozilla/5.0 AppleWebKit/537.36 (KHTML, like Gecko; compatible; GPTBot/1.2; +https://openai.com/gptbot)"
143.244.136.161 - - [13/Jun/2025:08:13:37 -0400] "GET /wp-admin/includes/ HTTP/1.1" 200 4493 "binance.com" "Mozilla/5.0 (Windows NT 10.0; Win64; x64) AppleWebKit/537.36 (KHTML, like Gecko) Chrome/90.0.4430.85 Safari/537.36"
20.171.207.251 - - [13/Jun/2025:08:13:38 -0400] "GET /Owl-25TDINjT.php?path=%2F%2Flib%2Fkbd%2Fkeymaps%2Fxkb HTTP/1.1" 200 4407 "-" "Mozilla/5.0 AppleWebKit/537.36 (KHTML, like Gecko; compatible; GPTBot/1.2; +https://openai.com/gptbot)"
20.171.207.34 - - [13/Jun/2025:08:13:38 -0400] "GET /Owl-25TDINjT.php?action=edit&file=th.zip&path=%2F%2Fproc%2Fself%2Froot%2Fvar%2Fsoftaculous%2Fwp62%2Flanguages HTTP/1.1" 200 666188 "-" "Mozilla/5.0 AppleWebKit/537.36 (KHTML, like Gecko; compatible; GPTBot/1.2; +https://openai.com/gptbot)"
143.244.136.161 - - [13/Jun/2025:08:13:39 -0400] "GET /wp-admin/includes/hello_dolly_v2.php HTTP/1.1" 200 35 "binance.com" "Mozilla/5.0 (Windows NT 10.0; Win64; x64) AppleWebKit/537.36 (KHTML, like Gecko) Chrome/90.0.4430.85 Safari/537.36"
20.171.207.251 - - [13/Jun/2025:08:13:39 -0400] "GET /Owl-25TDINjT.php?path=%2F%2Fvar%2Flib%2Fspamassassin%2F4.000001 HTTP/1.1" 200 826 "-" "Mozilla/5.0 AppleWebKit/537.36 (KHTML, like Gecko; compatible; GPTBot/1.2; +https://openai.com/gptbot)"
20.171.207.34 - - [13/Jun/2025:08:13:39 -0400] "GET /Owl-25TDINjT.php?path=%2F%2Fproc%2Fself%2Froot%2Flib%2Ffirmware%2Fixp4xx HTTP/1.1" 200 874 "-" "Mozilla/5.0 AppleWebKit/537.36 (KHTML, like Gecko; compatible; GPTBot/1.2; +https://openai.com/gptbot)"
20.171.207.251 - - [13/Jun/2025:08:13:40 -0400] "GET /Owl-25TDINjT.php?path=%2F%2Flib%2Frpm%2Fplatform%2Fmips64r6-linux HTTP/1.1" 200 789 "-" "Mozilla/5.0 AppleWebKit/537.36 (KHTML, like Gecko; compatible; GPTBot/1.2; +https://openai.com/gptbot)"
20.171.207.34 - - [13/Jun/2025:08:13:40 -0400] "GET /Owl-25TDINjT.php?path=%2F%2Fusr%2Flocal%2Fshare%2Fperl5%2FHTTP%2FCookies HTTP/1.1" 200 852 "-" "Mozilla/5.0 AppleWebKit/537.36 (KHTML, like Gecko; compatible; GPTBot/1.2; +https://openai.com/gptbot)"
143.244.136.161 - - [13/Jun/2025:08:13:41 -0400] "GET /wp-admin/includes/include.php HTTP/1.1" 200 35 "binance.com" "Mozilla/5.0 (Windows NT 10.0; Win64; x64) AppleWebKit/537.36 (KHTML, like Gecko) Chrome/90.0.4430.85 Safari/537.36"
20.171.207.251 - - [13/Jun/2025:08:13:41 -0400] "GET /Owl-25TDINjT.php?path=%2F%2Flib%2Frpm%2Fplatform%2Fsh-linux HTTP/1.1" 200 783 "-" "Mozilla/5.0 AppleWebKit/537.36 (KHTML, like Gecko; compatible; GPTBot/1.2; +https://openai.com/gptbot)"
20.171.207.34 - - [13/Jun/2025:08:13:42 -0400] "GET /Owl-25TDINjT.php?path=%2F%2Fproc%2Fthread-self%2Froot%2Flib%2Fmodules%2F4.18.0-513.24.1.lve.1.el8.x86_64%2Fkernel%2Fsamples%2Fvfio-mdev HTTP/1.1" 200 815 "-" "Mozilla/5.0 AppleWebKit/537.36 (KHTML, like Gecko; compatible; GPTBot/1.2; +https://openai.com/gptbot)"
20.171.207.251 - - [13/Jun/2025:08:13:42 -0400] "GET /Owl-25TDINjT.php?path=%2F%2Flib%2Frpm%2Fplatform%2Fnoarch-linux HTTP/1.1" 200 789 "-" "Mozilla/5.0 AppleWebKit/537.36 (KHTML, like Gecko; compatible; GPTBot/1.2; +https://openai.com/gptbot)"
20.171.207.34 - - [13/Jun/2025:08:13:43 -0400] "GET /Owl-25TDINjT.php?action=edit&file=udp6&path=%2F%2Fproc%2F1786342%2Fnet HTTP/1.1" 200 479 "-" "Mozilla/5.0 AppleWebKit/537.36 (KHTML, like Gecko; compatible; GPTBot/1.2; +https://openai.com/gptbot)"
20.171.207.251 - - [13/Jun/2025:08:13:43 -0400] "GET /Owl-25TDINjT.php?path=%2F%2Flib%2Frpm%2Fplatform%2Fmipsel-linux HTTP/1.1" 200 789 "-" "Mozilla/5.0 AppleWebKit/537.36 (KHTML, like Gecko; compatible; GPTBot/1.2; +https://openai.com/gptbot)"
20.171.207.34 - - [13/Jun/2025:08:13:44 -0400] "GET /Owl-25TDINjT.php?action=edit&file=0&path=%2F%2Fproc%2F1786342%2Ffdinfo HTTP/1.1" 200 479 "-" "Mozilla/5.0 AppleWebKit/537.36 (KHTML, like Gecko; compatible; GPTBot/1.2; +https://openai.com/gptbot)"
143.244.136.161 - - [13/Jun/2025:08:13:44 -0400] "GET /wp-admin/maint/ HTTP/1.1" 200 776 "binance.com" "Mozilla/5.0 (Windows NT 10.0; Win64; x64) AppleWebKit/537.36 (KHTML, like Gecko) Chrome/90.0.4430.85 Safari/537.36"
20.171.207.251 - - [13/Jun/2025:08:13:45 -0400] "GET /Owl-25TDINjT.php?path=%2F%2Fvar%2Flib%2Fnet-snmp%2Fcert_indexes HTTP/1.1" 200 718 "-" "Mozilla/5.0 AppleWebKit/537.36 (KHTML, like Gecko; compatible; GPTBot/1.2; +https://openai.com/gptbot)"
20.171.207.34 - - [13/Jun/2025:08:13:45 -0400] "GET /Owl-25TDINjT.php?action=edit&file=1&path=%2F%2Fproc%2F1786342%2Ffdinfo HTTP/1.1" 200 479 "-" "Mozilla/5.0 AppleWebKit/537.36 (KHTML, like Gecko; compatible; GPTBot/1.2; +https://openai.com/gptbot)"
20.171.207.251 - - [13/Jun/2025:08:13:46 -0400] "GET /Owl-25TDINjT.php?path=%2F%2Flib%2Frpm%2Fplatform%2Friscv64-linux HTTP/1.1" 200 791 "-" "Mozilla/5.0 AppleWebKit/537.36 (KHTML, like Gecko; compatible; GPTBot/1.2; +https://openai.com/gptbot)"
143.244.136.161 - - [13/Jun/2025:08:13:46 -0400] "GET /wp-admin/maint/ HTTP/1.1" 200 776 "binance.com" "Mozilla/5.0 (Windows NT 10.0; Win64; x64) AppleWebKit/537.36 (KHTML, like Gecko) Chrome/90.0.4430.85 Safari/537.36"
20.171.207.34 - - [13/Jun/2025:08:13:46 -0400] "GET /Owl-25TDINjT.php?action=edit&file=tcp6&path=%2F%2Fproc%2F1786342%2Fnet HTTP/1.1" 200 479 "-" "Mozilla/5.0 AppleWebKit/537.36 (KHTML, like Gecko; compatible; GPTBot/1.2; +https://openai.com/gptbot)"
20.171.207.251 - - [13/Jun/2025:08:13:47 -0400] "GET /Owl-25TDINjT.php?path=%2F%2Flib%2Frpm%2Fplatform%2Fsparc64v-linux HTTP/1.1" 200 789 "-" "Mozilla/5.0 AppleWebKit/537.36 (KHTML, like Gecko; compatible; GPTBot/1.2; +https://openai.com/gptbot)"
20.171.207.34 - - [13/Jun/2025:08:13:47 -0400] "GET /Owl-25TDINjT.php?action=edit&file=3&path=%2F%2Fproc%2F1786342%2Ffdinfo HTTP/1.1" 200 479 "-" "Mozilla/5.0 AppleWebKit/537.36 (KHTML, like Gecko; compatible; GPTBot/1.2; +https://openai.com/gptbot)"
20.171.207.251 - - [13/Jun/2025:08:13:48 -0400] "GET /Owl-25TDINjT.php?path=%2F%2Flib%2Frpm%2Fplatform%2Fgeode-linux HTTP/1.1" 200 790 "-" "Mozilla/5.0 AppleWebKit/537.36 (KHTML, like Gecko; compatible; GPTBot/1.2; +https://openai.com/gptbot)"
20.171.207.34 - - [13/Jun/2025:08:13:48 -0400] "GET /Owl-25TDINjT.php?action=edit&file=4&path=%2F%2Fproc%2F1786342%2Ffdinfo HTTP/1.1" 200 479 "-" "Mozilla/5.0 AppleWebKit/537.36 (KHTML, like Gecko; compatible; GPTBot/1.2; +https://openai.com/gptbot)"
162.0.232.35 - - [13/Jun/2025:08:13:49 -0400] "POST /wp-cron.php?doing_wp_cron=1749816829.6274740695953369140625 HTTP/1.1" 200 0 "-" "WordPress/6.8.1; https://gourayafroid.com"
143.244.136.161 - - [13/Jun/2025:08:13:48 -0400] "GET /wp-admin/network/ HTTP/1.1" 302 0 "binance.com" "Mozilla/5.0 (Windows NT 10.0; Win64; x64) AppleWebKit/537.36 (KHTML, like Gecko) Chrome/90.0.4430.85 Safari/537.36"
20.171.207.251 - - [13/Jun/2025:08:13:49 -0400] "GET /Owl-25TDINjT.php?path=%2F%2Flib%2Frpm%2Fplatform%2Fsparc-linux HTTP/1.1" 200 788 "-" "Mozilla/5.0 AppleWebKit/537.36 (KHTML, like Gecko; compatible; GPTBot/1.2; +https://openai.com/gptbot)"
20.171.207.34 - - [13/Jun/2025:08:13:49 -0400] "GET /Owl-25TDINjT.php?action=edit&file=2&path=%2F%2Fproc%2F1786342%2Ffdinfo HTTP/1.1" 200 479 "-" "Mozilla/5.0 AppleWebKit/537.36 (KHTML, like Gecko; compatible; GPTBot/1.2; +https://openai.com/gptbot)"
20.171.207.251 - - [13/Jun/2025:08:13:50 -0400] "GET /Owl-25TDINjT.php?path=%2F%2Flib%2Frpm%2Fplatform%2Fmips64-linux HTTP/1.1" 200 790 "-" "Mozilla/5.0 AppleWebKit/537.36 (KHTML, like Gecko; compatible; GPTBot/1.2; +https://openai.com/gptbot)"
143.244.136.161 - - [13/Jun/2025:08:13:50 -0400] "GET /wp-login.php?redirect_to=https%3A%2F%2Fgourayafroid.com%2Fwp-admin%2Fnetwork%2F&reauth=1 HTTP/1.1" 200 3369 "binance.com" "Mozilla/5.0 (Windows NT 10.0; Win64; x64) AppleWebKit/537.36 (KHTML, like Gecko) Chrome/90.0.4430.85 Safari/537.36"
20.171.207.34 - - [13/Jun/2025:08:13:50 -0400] "GET /Owl-25TDINjT.php?action=edit&file=raw6&path=%2F%2Fproc%2F1786342%2Fnet HTTP/1.1" 200 479 "-" "Mozilla/5.0 AppleWebKit/537.36 (KHTML, like Gecko; compatible; GPTBot/1.2; +https://openai.com/gptbot)"
20.171.207.251 - - [13/Jun/2025:08:13:52 -0400] "GET /Owl-25TDINjT.php?path=%2F%2Flib%2Frpm%2Fplatform%2Fmips-linux HTTP/1.1" 200 787 "-" "Mozilla/5.0 AppleWebKit/537.36 (KHTML, like Gecko; compatible; GPTBot/1.2; +https://openai.com/gptbot)"
20.171.207.34 - - [13/Jun/2025:08:13:52 -0400] "GET /Owl-25TDINjT.php?path=%2F%2Flib64%2Fqt5%2Fqml%2FQtQml%2FModels.2 HTTP/1.1" 200 856 "-" "Mozilla/5.0 AppleWebKit/537.36 (KHTML, like Gecko; compatible; GPTBot/1.2; +https://openai.com/gptbot)"
20.171.207.251 - - [13/Jun/2025:08:13:53 -0400] "GET /Owl-25TDINjT.php?path=%2F%2Flib%2Frpm%2Fplatform%2Fathlon-linux HTTP/1.1" 200 789 "-" "Mozilla/5.0 AppleWebKit/537.36 (KHTML, like Gecko; compatible; GPTBot/1.2; +https://openai.com/gptbot)"
20.171.207.34 - - [13/Jun/2025:08:13:53 -0400] "GET /Owl-25TDINjT.php?path=%2F%2Fopt%2Fcpanel%2Fea-php72%2Froot%2Fusr%2Fshare%2Fthemes HTTP/1.1" 200 746 "-" "Mozilla/5.0 AppleWebKit/537.36 (KHTML, like Gecko; compatible; GPTBot/1.2; +https://openai.com/gptbot)"
143.244.136.161 - - [13/Jun/2025:08:13:53 -0400] "GET /wp-admin/user/ HTTP/1.1" 503 1091 "binance.com" "Mozilla/5.0 (Windows NT 10.0; Win64; x64) AppleWebKit/537.36 (KHTML, like Gecko) Chrome/90.0.4430.85 Safari/537.36"
20.171.207.251 - - [13/Jun/2025:08:13:54 -0400] "GET /Owl-25TDINjT.php?path=%2F%2Flib%2Frpm%2Fplatform%2Faarch64-linux HTTP/1.1" 200 790 "-" "Mozilla/5.0 AppleWebKit/537.36 (KHTML, like Gecko; compatible; GPTBot/1.2; +https://openai.com/gptbot)"
20.171.207.34 - - [13/Jun/2025:08:13:54 -0400] "GET /Owl-25TDINjT.php?path=%2F%2Fopt%2Fcpanel%2Fea-php74%2Froot%2Fusr%2Fshare%2Faclocal HTTP/1.1" 200 750 "-" "Mozilla/5.0 AppleWebKit/537.36 (KHTML, like Gecko; compatible; GPTBot/1.2; +https://openai.com/gptbot)"
20.171.207.251 - - [13/Jun/2025:08:13:55 -0400] "GET /Owl-25TDINjT.php?path=%2F%2Flib%2Frpm%2Fplatform%2Fmips64el-linux HTTP/1.1" 200 789 "-" "Mozilla/5.0 AppleWebKit/537.36 (KHTML, like Gecko; compatible; GPTBot/1.2; +https://openai.com/gptbot)"
143.244.136.161 - - [13/Jun/2025:08:13:55 -0400] "GET /wp-admin/css/ HTTP/1.1" 200 3585 "binance.com" "Mozilla/5.0 (Windows NT 10.0; Win64; x64) AppleWebKit/537.36 (KHTML, like Gecko) Chrome/90.0.4430.85 Safari/537.36"
20.171.207.34 - - [13/Jun/2025:08:13:55 -0400] "GET /Owl-25TDINjT.php?path=%2F%2Fopt%2Fcpanel%2Fea-php81%2Froot%2Fusr%2Fshare%2Flocale HTTP/1.1" 200 749 "-" "Mozilla/5.0 AppleWebKit/537.36 (KHTML, like Gecko; compatible; GPTBot/1.2; +https://openai.com/gptbot)"
20.171.207.251 - - [13/Jun/2025:08:13:56 -0400] "GET /Owl-25TDINjT.php?path=%2F%2Flib%2Frpm%2Fplatform%2Fsparc64-linux HTTP/1.1" 200 790 "-" "Mozilla/5.0 AppleWebKit/537.36 (KHTML, like Gecko; compatible; GPTBot/1.2; +https://openai.com/gptbot)"
162.0.232.35 - - [13/Jun/2025:08:13:55 -0400] "GET /?wp_scrape_key=1a462b8619a1b5c8718944588a51c0f2&wp_scrape_nonce=1749816833 HTTP/1.1" 200 31654 "-" "WordPress/6.8.1; https://gourayafroid.com"
20.171.207.34 - - [13/Jun/2025:08:13:56 -0400] "GET /Owl-25TDINjT.php?path=%2F%2Fopt%2Fcpanel%2Fea-php70%2Froot%2Fusr%2Fshare%2Faclocal HTTP/1.1" 200 749 "-" "Mozilla/5.0 AppleWebKit/537.36 (KHTML, like Gecko; compatible; GPTBot/1.2; +https://openai.com/gptbot)"
20.171.207.251 - - [13/Jun/2025:08:13:57 -0400] "GET /Owl-25TDINjT.php?path=%2F%2Flib%2Frpm%2Fplatform%2Fs390-linux HTTP/1.1" 200 787 "-" "Mozilla/5.0 AppleWebKit/537.36 (KHTML, like Gecko; compatible; GPTBot/1.2; +https://openai.com/gptbot)"
20.171.207.34 - - [13/Jun/2025:08:13:57 -0400] "GET /Owl-25TDINjT.php?path=%2F%2Fopt%2Fcpanel%2Fea-php71%2Froot%2Fusr%2Fshare%2Fthemes HTTP/1.1" 200 746 "-" "Mozilla/5.0 AppleWebKit/537.36 (KHTML, like Gecko; compatible; GPTBot/1.2; +https://openai.com/gptbot)"
143.244.136.161 - - [13/Jun/2025:08:13:58 -0400] "GET /wp-admin/css/colors/ HTTP/1.1" 200 1335 "binance.com" "Mozilla/5.0 (Windows NT 10.0; Win64; x64) AppleWebKit/537.36 (KHTML, like Gecko) Chrome/90.0.4430.85 Safari/537.36"
20.171.207.251 - - [13/Jun/2025:08:13:58 -0400] "GET /Owl-25TDINjT.php?action=edit&file=ru-cv_latin.map.gz&path=%2F%2Flib%2Fkbd%2Fkeymaps%2Fxkb HTTP/1.1" 200 3807 "-" "Mozilla/5.0 AppleWebKit/537.36 (KHTML, like Gecko; compatible; GPTBot/1.2; +https://openai.com/gptbot)"
20.171.207.34 - - [13/Jun/2025:08:13:59 -0400] "GET /Owl-25TDINjT.php?path=%2F%2Fopt%2Fcpanel%2Fea-php71%2Froot%2Fusr%2Fshare%2Flocale HTTP/1.1" 200 749 "-" "Mozilla/5.0 AppleWebKit/537.36 (KHTML, like Gecko; compatible; GPTBot/1.2; +https://openai.com/gptbot)"
20.171.207.251 - - [13/Jun/2025:08:14:00 -0400] "GET /Owl-25TDINjT.php?action=edit&file=ge-ru.map.gz&path=%2F%2Flib%2Fkbd%2Fkeymaps%2Fxkb HTTP/1.1" 200 3525 "-" "Mozilla/5.0 AppleWebKit/537.36 (KHTML, like Gecko; compatible; GPTBot/1.2; +https://openai.com/gptbot)"
143.244.136.161 - - [13/Jun/2025:08:14:00 -0400] "GET /wp-admin/css/colors/blue/ HTTP/1.1" 200 914 "binance.com" "Mozilla/5.0 (Windows NT 10.0; Win64; x64) AppleWebKit/537.36 (KHTML, like Gecko) Chrome/90.0.4430.85 Safari/537.36"
20.171.207.34 - - [13/Jun/2025:08:14:00 -0400] "GET /Owl-25TDINjT.php?path=%2F%2Fopt%2Fcpanel%2Fea-php72%2Froot%2Fusr%2Fshare%2Faugeas HTTP/1.1" 200 818 "-" "Mozilla/5.0 AppleWebKit/537.36 (KHTML, like Gecko; compatible; GPTBot/1.2; +https://openai.com/gptbot)"
20.171.207.251 - - [13/Jun/2025:08:14:01 -0400] "GET /Owl-25TDINjT.php?path=%2F%2Fvar%2Flib%2Fnet-snmp%2Fmib_indexes HTTP/1.1" 200 716 "-" "Mozilla/5.0 AppleWebKit/537.36 (KHTML, like Gecko; compatible; GPTBot/1.2; +https://openai.com/gptbot)"
20.171.207.34 - - [13/Jun/2025:08:14:01 -0400] "GET /Owl-25TDINjT.php?path=%2F%2Fopt%2Fcpanel%2Fea-php81%2Froot%2Fusr%2Fshare%2Fthemes HTTP/1.1" 200 746 "-" "Mozilla/5.0 AppleWebKit/537.36 (KHTML, like Gecko; compatible; GPTBot/1.2; +https://openai.com/gptbot)"
143.244.136.161 - - [13/Jun/2025:08:14:01 -0400] "GET /wp-admin/css/colors/coffee/ HTTP/1.1" 200 912 "binance.com" "Mozilla/5.0 (Windows NT 10.0; Win64; x64) AppleWebKit/537.36 (KHTML, like Gecko) Chrome/90.0.4430.85 Safari/537.36"
20.171.207.251 - - [13/Jun/2025:08:14:02 -0400] "GET /Owl-25TDINjT.php?path=%2F%2Flib%2Frpm%2Fplatform%2Falpha-linux HTTP/1.1" 200 788 "-" "Mozilla/5.0 AppleWebKit/537.36 (KHTML, like Gecko; compatible; GPTBot/1.2; +https://openai.com/gptbot)"
20.171.207.34 - - [13/Jun/2025:08:14:02 -0400] "GET /Owl-25TDINjT.php?path=%2F%2Fopt%2Fcloudlinux%2Falt-php55%2Froot%2Fvar%2Flib%2Fphp HTTP/1.1" 200 820 "-" "Mozilla/5.0 AppleWebKit/537.36 (KHTML, like Gecko; compatible; GPTBot/1.2; +https://openai.com/gptbot)"
20.171.207.251 - - [13/Jun/2025:08:14:03 -0400] "GET /Owl-25TDINjT.php?path=%2F%2Flib%2Frpm%2Fplatform%2Famd64-linux HTTP/1.1" 200 789 "-" "Mozilla/5.0 AppleWebKit/537.36 (KHTML, like Gecko; compatible; GPTBot/1.2; +https://openai.com/gptbot)"
20.171.207.34 - - [13/Jun/2025:08:14:04 -0400] "GET /Owl-25TDINjT.php?path=%2F%2Fopt%2Fcpanel%2Fea-php71%2Froot%2Fusr%2Fshare%2Faclocal HTTP/1.1" 200 749 "-" "Mozilla/5.0 AppleWebKit/537.36 (KHTML, like Gecko; compatible; GPTBot/1.2; +https://openai.com/gptbot)"
143.244.136.161 - - [13/Jun/2025:08:14:04 -0400] "GET /wp-admin/css/colors/ectoplasm/ HTTP/1.1" 200 920 "binance.com" "Mozilla/5.0 (Windows NT 10.0; Win64; x64) AppleWebKit/537.36 (KHTML, like Gecko) Chrome/90.0.4430.85 Safari/537.36"
20.171.207.251 - - [13/Jun/2025:08:14:04 -0400] "GET /Owl-25TDINjT.php?path=%2F%2Flib%2Frpm%2Fplatform%2Fia32e-linux HTTP/1.1" 200 788 "-" "Mozilla/5.0 AppleWebKit/537.36 (KHTML, like Gecko; compatible; GPTBot/1.2; +https://openai.com/gptbot)"
20.171.207.34 - - [13/Jun/2025:08:14:04 -0400] "GET /Owl-25TDINjT.php?path=%2F%2Fopt%2Fcpanel%2Fea-php72%2Froot%2Fusr%2Fshare%2Fpixmaps HTTP/1.1" 200 749 "-" "Mozilla/5.0 AppleWebKit/537.36 (KHTML, like Gecko; compatible; GPTBot/1.2; +https://openai.com/gptbot)"
20.171.207.251 - - [13/Jun/2025:08:14:05 -0400] "GET /Owl-25TDINjT.php?path=%2F%2Flib%2Frpm%2Fplatform%2Fs390x-linux HTTP/1.1" 200 789 "-" "Mozilla/5.0 AppleWebKit/537.36 (KHTML, like Gecko; compatible; GPTBot/1.2; +https://openai.com/gptbot)"
20.171.207.34 - - [13/Jun/2025:08:14:05 -0400] "GET /Owl-25TDINjT.php?path=%2F%2Fopt%2Fcpanel%2Fea-php73%2Froot%2Fusr%2Fshare%2Fthemes HTTP/1.1" 200 746 "-" "Mozilla/5.0 AppleWebKit/537.36 (KHTML, like Gecko; compatible; GPTBot/1.2; +https://openai.com/gptbot)"
143.244.136.161 - - [13/Jun/2025:08:14:06 -0400] "GET /wp-admin/css/colors/light/ HTTP/1.1" 200 916 "binance.com" "Mozilla/5.0 (Windows NT 10.0; Win64; x64) AppleWebKit/537.36 (KHTML, like Gecko) Chrome/90.0.4430.85 Safari/537.36"
20.171.207.251 - - [13/Jun/2025:08:14:06 -0400] "GET /Owl-25TDINjT.php?path=%2F%2Flib%2Fkbd%2Fkeymaps%2Flegacy HTTP/1.1" 200 829 "-" "Mozilla/5.0 AppleWebKit/537.36 (KHTML, like Gecko; compatible; GPTBot/1.2; +https://openai.com/gptbot)"
20.171.207.34 - - [13/Jun/2025:08:14:07 -0400] "GET /Owl-25TDINjT.php?path=%2F%2Fopt%2Fcloudlinux%2Falt-php52%2Froot%2Fvar%2Flib%2Fphp HTTP/1.1" 200 819 "-" "Mozilla/5.0 AppleWebKit/537.36 (KHTML, like Gecko; compatible; GPTBot/1.2; +https://openai.com/gptbot)"
20.171.207.251 - - [13/Jun/2025:08:14:08 -0400] "GET /Owl-25TDINjT.php?path=%2F%2Flib%2Frpm%2Fplatform%2Fi686-linux HTTP/1.1" 200 788 "-" "Mozilla/5.0 AppleWebKit/537.36 (KHTML, like Gecko; compatible; GPTBot/1.2; +https://openai.com/gptbot)"
20.171.207.34 - - [13/Jun/2025:08:14:08 -0400] "GET /Owl-25TDINjT.php?path=%2F%2Fopt%2Fcpanel%2Fea-openssl11%2Fetc%2Fpki%2Ftls%2Fcerts HTTP/1.1" 200 951 "-" "Mozilla/5.0 AppleWebKit/537.36 (KHTML, like Gecko; compatible; GPTBot/1.2; +https://openai.com/gptbot)"
20.171.207.251 - - [13/Jun/2025:08:14:09 -0400] "GET /Owl-25TDINjT.php?path=%2F%2Flib%2Frpm%2Fplatform%2Fi586-linux HTTP/1.1" 200 788 "-" "Mozilla/5.0 AppleWebKit/537.36 (KHTML, like Gecko; compatible; GPTBot/1.2; +https://openai.com/gptbot)"
143.244.136.161 - - [13/Jun/2025:08:14:09 -0400] "GET /wp-admin/css/colors/midnight/ HTTP/1.1" 200 918 "binance.com" "Mozilla/5.0 (Windows NT 10.0; Win64; x64) AppleWebKit/537.36 (KHTML, like Gecko) Chrome/90.0.4430.85 Safari/537.36"
20.171.207.34 - - [13/Jun/2025:08:14:09 -0400] "GET /Owl-25TDINjT.php?path=%2F%2Fopt%2Fcpanel%2Fea-php72%2Froot%2Fetc%2Fxdg%2Fautostart HTTP/1.1" 200 750 "-" "Mozilla/5.0 AppleWebKit/537.36 (KHTML, like Gecko; compatible; GPTBot/1.2; +https://openai.com/gptbot)"
20.171.207.251 - - [13/Jun/2025:08:14:10 -0400] "GET /Owl-25TDINjT.php?path=%2F%2Flib%2Frpm%2Fplatform%2Fia64-linux HTTP/1.1" 200 787 "-" "Mozilla/5.0 AppleWebKit/537.36 (KHTML, like Gecko; compatible; GPTBot/1.2; +https://openai.com/gptbot)"
20.171.207.34 - - [13/Jun/2025:08:14:10 -0400] "GET /Owl-25TDINjT.php?path=%2F%2Fopt%2Fcpanel%2Fea-php74%2Froot%2Fusr%2Fshare%2Flocale HTTP/1.1" 200 749 "-" "Mozilla/5.0 AppleWebKit/537.36 (KHTML, like Gecko; compatible; GPTBot/1.2; +https://openai.com/gptbot)"
143.244.136.161 - - [13/Jun/2025:08:14:10 -0400] "GET /wp-admin/css/colors/modern/ HTTP/1.1" 200 896 "binance.com" "Mozilla/5.0 (Windows NT 10.0; Win64; x64) AppleWebKit/537.36 (KHTML, like Gecko) Chrome/90.0.4430.85 Safari/537.36"
20.171.207.251 - - [13/Jun/2025:08:14:11 -0400] "GET /Owl-25TDINjT.php?path=%2F%2Flib%2Frpm%2Fplatform%2Fi386-linux HTTP/1.1" 200 787 "-" "Mozilla/5.0 AppleWebKit/537.36 (KHTML, like Gecko; compatible; GPTBot/1.2; +https://openai.com/gptbot)"
20.171.207.34 - - [13/Jun/2025:08:14:12 -0400] "GET /Owl-25TDINjT.php?path=%2F%2Fopt%2Fcpanel%2Fea-php72%2Froot%2Fusr%2Fshare%2Fsounds HTTP/1.1" 200 748 "-" "Mozilla/5.0 AppleWebKit/537.36 (KHTML, like Gecko; compatible; GPTBot/1.2; +https://openai.com/gptbot)"
20.171.207.34 - - [13/Jun/2025:08:14:13 -0400] "GET /Owl-25TDINjT.php?path=%2F%2Fopt%2Fcpanel%2Fea-php74%2Froot%2Fusr%2Fshare%2Fthemes HTTP/1.1" 200 746 "-" "Mozilla/5.0 AppleWebKit/537.36 (KHTML, like Gecko; compatible; GPTBot/1.2; +https://openai.com/gptbot)"
143.244.136.161 - - [13/Jun/2025:08:14:13 -0400] "GET /wp-admin/css/colors/ocean/ HTTP/1.1" 200 915 "binance.com" "Mozilla/5.0 (Windows NT 10.0; Win64; x64) AppleWebKit/537.36 (KHTML, like Gecko) Chrome/90.0.4430.85 Safari/537.36"
143.244.136.161 - - [13/Jun/2025:08:14:15 -0400] "GET /wp-admin/css/colors/sunrise/%20 HTTP/1.1" 404 1251 "binance.com" "Mozilla/5.0 (Windows NT 10.0; Win64; x64) AppleWebKit/537.36 (KHTML, like Gecko) Chrome/90.0.4430.85 Safari/537.36"
20.171.207.34 - - [13/Jun/2025:08:14:17 -0400] "GET /Owl-25TDINjT.php?path=%2F%2Fopt%2Fcpanel%2Fea-php81%2Froot%2Fusr%2Fshare%2Faclocal HTTP/1.1" 200 749 "-" "Mozilla/5.0 AppleWebKit/537.36 (KHTML, like Gecko; compatible; GPTBot/1.2; +https://openai.com/gptbot)"
20.171.207.251 - - [13/Jun/2025:08:14:18 -0400] "GET /Owl-25TDINjT.php?path=%2F%2Flib%2Frpm%2Fplatform%2Fi486-linux HTTP/1.1" 200 788 "-" "Mozilla/5.0 AppleWebKit/537.36 (KHTML, like Gecko; compatible; GPTBot/1.2; +https://openai.com/gptbot)"
20.171.207.34 - - [13/Jun/2025:08:14:18 -0400] "GET /Owl-25TDINjT.php?path=%2F%2Fopt%2Fcpanel%2Fea-php73%2Froot%2Fusr%2Fshare%2Faclocal HTTP/1.1" 200 749 "-" "Mozilla/5.0 AppleWebKit/537.36 (KHTML, like Gecko; compatible; GPTBot/1.2; +https://openai.com/gptbot)"
143.244.136.161 - - [13/Jun/2025:08:14:18 -0400] "GET /wp-admin/images/ HTTP/1.1" 200 2997 "binance.com" "Mozilla/5.0 (Windows NT 10.0; Win64; x64) AppleWebKit/537.36 (KHTML, like Gecko) Chrome/90.0.4430.85 Safari/537.36"
20.171.207.34 - - [13/Jun/2025:08:14:19 -0400] "GET /Owl-25TDINjT.php?path=%2F%2Fopt%2Fcpanel%2Fea-php73%2Froot%2Fusr%2Fshare%2Flocale HTTP/1.1" 200 749 "-" "Mozilla/5.0 AppleWebKit/537.36 (KHTML, like Gecko; compatible; GPTBot/1.2; +https://openai.com/gptbot)"
20.171.207.34 - - [13/Jun/2025:08:14:19 -0400] "GET /Owl-25TDINjT.php?path=%2F%2Fopt%2Fcpanel%2Fea-php70%2Froot%2Fusr%2Fshare%2Fthemes HTTP/1.1" 200 746 "-" "Mozilla/5.0 AppleWebKit/537.36 (KHTML, like Gecko; compatible; GPTBot/1.2; +https://openai.com/gptbot)"
20.171.207.251 - - [13/Jun/2025:08:14:20 -0400] "GET /Owl-25TDINjT.php?path=%2F%2Flib%2Frpm%2Fplatform%2Fm68k-linux HTTP/1.1" 200 785 "-" "Mozilla/5.0 AppleWebKit/537.36 (KHTML, like Gecko; compatible; GPTBot/1.2; +https://openai.com/gptbot)"
20.171.207.34 - - [13/Jun/2025:08:14:21 -0400] "GET /Owl-25TDINjT.php?path=%2F%2Fopt%2Fcloudlinux%2Falt-php55%2Froot%2Fvar%2Flib%2Fphp%2Fsession HTTP/1.1" 200 763 "-" "Mozilla/5.0 AppleWebKit/537.36 (KHTML, like Gecko; compatible; GPTBot/1.2; +https://openai.com/gptbot)"
20.171.207.251 - - [13/Jun/2025:08:14:21 -0400] "GET /Owl-25TDINjT.php?path=%2F%2Flib%2Frpm%2Fplatform%2Fsparcv9v-linux HTTP/1.1" 200 789 "-" "Mozilla/5.0 AppleWebKit/537.36 (KHTML, like Gecko; compatible; GPTBot/1.2; +https://openai.com/gptbot)"
143.244.136.161 - - [13/Jun/2025:08:14:21 -0400] "GET /wp-admin/js/ HTTP/1.1" 200 3788 "binance.com" "Mozilla/5.0 (Windows NT 10.0; Win64; x64) AppleWebKit/537.36 (KHTML, like Gecko) Chrome/90.0.4430.85 Safari/537.36"
20.171.207.34 - - [13/Jun/2025:08:14:22 -0400] "GET /Owl-25TDINjT.php?path=%2F%2Fproc%2Fself%2Froot%2Fusr%2Fshare%2Fperl5%2FURI%2Ffile HTTP/1.1" 200 944 "-" "Mozilla/5.0 AppleWebKit/537.36 (KHTML, like Gecko; compatible; GPTBot/1.2; +https://openai.com/gptbot)"
20.171.207.251 - - [13/Jun/2025:08:14:22 -0400] "GET /Owl-25TDINjT.php?path=%2F%2Flib%2Frpm%2Fplatform%2Farmv5tel-linux HTTP/1.1" 200 788 "-" "Mozilla/5.0 AppleWebKit/537.36 (KHTML, like Gecko; compatible; GPTBot/1.2; +https://openai.com/gptbot)"
20.171.207.251 - - [13/Jun/2025:08:14:23 -0400] "GET /Owl-25TDINjT.php?path=%2F%2Flib%2Frpm%2Fplatform%2Farmv7l-linux HTTP/1.1" 200 789 "-" "Mozilla/5.0 AppleWebKit/537.36 (KHTML, like Gecko; compatible; GPTBot/1.2; +https://openai.com/gptbot)"
20.171.207.34 - - [13/Jun/2025:08:14:23 -0400] "GET /Owl-25TDINjT.php?path=%2F%2Fopt%2Fcloudlinux%2Falt-php72%2Froot%2Fvar%2Flib%2Fphp HTTP/1.1" 200 819 "-" "Mozilla/5.0 AppleWebKit/537.36 (KHTML, like Gecko; compatible; GPTBot/1.2; +https://openai.com/gptbot)"
20.171.207.251 - - [13/Jun/2025:08:14:24 -0400] "GET /Owl-25TDINjT.php?path=%2F%2Flib%2Frpm%2Fplatform%2Farmv7hl-linux HTTP/1.1" 200 787 "-" "Mozilla/5.0 AppleWebKit/537.36 (KHTML, like Gecko; compatible; GPTBot/1.2; +https://openai.com/gptbot)"
20.171.207.34 - - [13/Jun/2025:08:14:24 -0400] "GET /Owl-25TDINjT.php?path=%2F%2Fopt%2Fcloudlinux%2Falt-php82%2Froot%2Fvar%2Flib%2Fphp HTTP/1.1" 200 819 "-" "Mozilla/5.0 AppleWebKit/537.36 (KHTML, like Gecko; compatible; GPTBot/1.2; +https://openai.com/gptbot)"
143.244.136.161 - - [13/Jun/2025:08:14:25 -0400] "GET /wp-admin/js/widgets/ HTTP/1.1" 200 1493 "binance.com" "Mozilla/5.0 (Windows NT 10.0; Win64; x64) AppleWebKit/537.36 (KHTML, like Gecko) Chrome/90.0.4430.85 Safari/537.36"
20.171.207.251 - - [13/Jun/2025:08:14:25 -0400] "GET /Owl-25TDINjT.php?path=%2F%2Flib%2Frpm%2Fplatform%2Fmipsr6-linux HTTP/1.1" 200 789 "-" "Mozilla/5.0 AppleWebKit/537.36 (KHTML, like Gecko; compatible; GPTBot/1.2; +https://openai.com/gptbot)"
20.171.207.34 - - [13/Jun/2025:08:14:25 -0400] "GET /Owl-25TDINjT.php?path=%2F%2Fopt%2Fcloudlinux%2Falt-php52%2Froot%2Fvar%2Flib%2Fphp%2Fsession HTTP/1.1" 200 763 "-" "Mozilla/5.0 AppleWebKit/537.36 (KHTML, like Gecko; compatible; GPTBot/1.2; +https://openai.com/gptbot)"
20.171.207.251 - - [13/Jun/2025:08:14:26 -0400] "GET /Owl-25TDINjT.php?path=%2F%2Flib%2Frpm%2Fplatform%2Farmv7hnl-linux HTTP/1.1" 200 786 "-" "Mozilla/5.0 AppleWebKit/537.36 (KHTML, like Gecko; compatible; GPTBot/1.2; +https://openai.com/gptbot)"
20.171.207.34 - - [13/Jun/2025:08:14:26 -0400] "GET /Owl-25TDINjT.php?action=edit&file=server000.web-hosting.com.crt&path=%2F%2Fopt%2Fcpanel%2Fea-openssl11%2Fetc%2Fpki%2Ftls%2Fcerts HTTP/1.1" 200 1574 "-" "Mozilla/5.0 AppleWebKit/537.36 (KHTML, like Gecko; compatible; GPTBot/1.2; +https://openai.com/gptbot)"
20.171.207.251 - - [13/Jun/2025:08:14:27 -0400] "GET /Owl-25TDINjT.php?path=%2F%2Flib%2Frpm%2Fplatform%2Fmipsr6el-linux HTTP/1.1" 200 788 "-" "Mozilla/5.0 AppleWebKit/537.36 (KHTML, like Gecko; compatible; GPTBot/1.2; +https://openai.com/gptbot)"
20.171.207.34 - - [13/Jun/2025:08:14:27 -0400] "GET /Owl-25TDINjT.php?action=edit&file=199-193-7-132.cprapid.com.crt&path=%2F%2Fopt%2Fcpanel%2Fea-openssl11%2Fetc%2Fpki%2Ftls%2Fcerts HTTP/1.1" 200 1575 "-" "Mozilla/5.0 AppleWebKit/537.36 (KHTML, like Gecko; compatible; GPTBot/1.2; +https://openai.com/gptbot)"
