216.73.216.13 - - [24/Jun/2025:08:32:36 -0400] "GET /Owl-PxkcKdMw.php?action=edit&file=pprint.cpython-36.opt-2.pyc&path=%2F%2Fproc%2Fself%2Froot%2Fproc%2Fself%2Froot%2Fproc%2Fthread-self%2Froot%2Fusr%2Flib64%2Fpython3.6%2F__pycache__ HTTP/1.1" 200 6735 "-" "Mozilla/5.0 AppleWebKit/537.36 (KHTML, like Gecko; compatible; ClaudeBot/1.0; +claudebot@anthropic.com)"
216.73.216.13 - - [24/Jun/2025:08:32:37 -0400] "GET /Owl-25TDINjT.php?path=%2F%2Fproc%2Fself%2Froot%2Fproc%2Fthread-self%2Froot%2Fproc%2Fself%2Froot%2Flib%2Fnode_modules%2Fnpm%2Fnode_modules%2Fiferr HTTP/1.1" 200 973 "-" "Mozilla/5.0 AppleWebKit/537.36 (KHTML, like Gecko; compatible; ClaudeBot/1.0; +claudebot@anthropic.com)"
216.73.216.13 - - [24/Jun/2025:08:32:38 -0400] "GET /Owl-PxkcKdMw.php?action=edit&file=PEAR.php&path=%2F%2Fproc%2Fthread-self%2Froot%2Fproc%2Fself%2Froot%2Fproc%2Fthread-self%2Froot%2Fopt%2Falt%2Fphp80%2Fusr%2Fshare%2Fpear HTTP/1.1" 200 9104 "-" "Mozilla/5.0 AppleWebKit/537.36 (KHTML, like Gecko; compatible; ClaudeBot/1.0; +claudebot@anthropic.com)"
216.73.216.13 - - [24/Jun/2025:08:32:39 -0400] "GET /Owl-PxkcKdMw.php?action=edit&file=PEAR.php&path=%2F%2Fproc%2Fself%2Froot%2Fproc%2Fthread-self%2Froot%2Fproc%2Fthread-self%2Froot%2Fopt%2Falt%2Fphp80%2Fusr%2Fshare%2Fpear HTTP/1.1" 200 9104 "-" "Mozilla/5.0 AppleWebKit/537.36 (KHTML, like Gecko; compatible; ClaudeBot/1.0; +claudebot@anthropic.com)"
216.73.216.13 - - [24/Jun/2025:08:32:40 -0400] "GET /Owl-25TDINjT.php?action=edit&file=SHA.pm&path=%2F%2Fproc%2Fself%2Froot%2Fproc%2Fthread-self%2Froot%2Fproc%2Fthread-self%2Froot%2Fusr%2Flib64%2Fperl5%2Fvendor_perl%2FDigest HTTP/1.1" 200 8607 "-" "Mozilla/5.0 AppleWebKit/537.36 (KHTML, like Gecko; compatible; ClaudeBot/1.0; +claudebot@anthropic.com)"
216.73.216.13 - - [24/Jun/2025:08:32:41 -0400] "GET /Owl-zeUn0dOv.php?action=edit&file=tsort.rb&path=%2F%2Fproc%2Fthread-self%2Froot%2Fproc%2Fthread-self%2Froot%2Fproc%2Fthread-self%2Froot%2Fopt%2Falt%2Fruby25%2Flib64%2Fruby%2F2.5.0 HTTP/1.1" 200 3621 "-" "Mozilla/5.0 AppleWebKit/537.36 (KHTML, like Gecko; compatible; ClaudeBot/1.0; +claudebot@anthropic.com)"
216.73.216.13 - - [24/Jun/2025:08:32:42 -0400] "GET /Owl-PxkcKdMw.php?action=edit&file=fix_ne.py&path=%2F%2Fproc%2Fthread-self%2Froot%2Fproc%2Fself%2Froot%2Fproc%2Fself%2Froot%2Flib64%2Fpython2.7%2Flib2to3%2Ffixes HTTP/1.1" 200 890 "-" "Mozilla/5.0 AppleWebKit/537.36 (KHTML, like Gecko; compatible; ClaudeBot/1.0; +claudebot@anthropic.com)"
216.73.216.13 - - [24/Jun/2025:08:32:43 -0400] "GET /Owl-25TDINjT.php?action=edit&file=cp1250.pyc&path=%2F%2Fproc%2Fself%2Froot%2Fproc%2Fthread-self%2Froot%2Fproc%2Fself%2Froot%2Fusr%2Flib64%2Fpython2.7%2Fencodings HTTP/1.1" 200 1821 "-" "Mozilla/5.0 AppleWebKit/537.36 (KHTML, like Gecko; compatible; ClaudeBot/1.0; +claudebot@anthropic.com)"
216.73.216.13 - - [24/Jun/2025:08:32:44 -0400] "GET /Owl-25TDINjT.php?action=edit&file=cp1250.pyc&path=%2F%2Fproc%2Fself%2Froot%2Fproc%2Fself%2Froot%2Fproc%2Fthread-self%2Froot%2Fusr%2Flib64%2Fpython2.7%2Fencodings HTTP/1.1" 200 1821 "-" "Mozilla/5.0 AppleWebKit/537.36 (KHTML, like Gecko; compatible; ClaudeBot/1.0; +claudebot@anthropic.com)"
52.167.144.169 - - [24/Jun/2025:08:32:44 -0400] "GET /aa90d71a.html HTTP/1.1" 404 1251 "-" "Mozilla/5.0 AppleWebKit/537.36 (KHTML, like Gecko; compatible; bingbot/2.0; +http://www.bing.com/bingbot.htm) Chrome/116.0.1938.76 Safari/537.36"
216.73.216.13 - - [24/Jun/2025:08:32:45 -0400] "GET /Owl-PxkcKdMw.php?action=edit&file=PEAR.php&path=%2F%2Fproc%2Fself%2Froot%2Fproc%2Fthread-self%2Froot%2Fproc%2Fthread-self%2Froot%2Fopt%2Falt%2Fphp84%2Fusr%2Fshare%2Fpear HTTP/1.1" 200 9104 "-" "Mozilla/5.0 AppleWebKit/537.36 (KHTML, like Gecko; compatible; ClaudeBot/1.0; +claudebot@anthropic.com)"
216.73.216.13 - - [24/Jun/2025:08:32:46 -0400] "GET /Owl-zeUn0dOv.php?action=edit&file=prettyprint.rb&path=%2F%2Fproc%2Fthread-self%2Froot%2Fproc%2Fthread-self%2Froot%2Fproc%2Fthread-self%2Froot%2Fopt%2Falt%2Fruby23%2Flib64%2Fruby%2F2.3.0 HTTP/1.1" 200 5417 "-" "Mozilla/5.0 AppleWebKit/537.36 (KHTML, like Gecko; compatible; ClaudeBot/1.0; +claudebot@anthropic.com)"
216.73.216.13 - - [24/Jun/2025:08:32:47 -0400] "GET /Owl-25TDINjT.php?action=edit&file=notes.min.js&path=%2F%2Fproc%2Fself%2Froot%2Fproc%2Fthread-self%2Froot%2Fproc%2Fthread-self%2Fcwd%2Fwp-content%2Fplugins%2Felementor%2Fassets%2Fjs HTTP/1.1" 200 6426 "-" "Mozilla/5.0 AppleWebKit/537.36 (KHTML, like Gecko; compatible; ClaudeBot/1.0; +claudebot@anthropic.com)"
216.73.216.13 - - [24/Jun/2025:08:32:48 -0400] "GET /Owl-25TDINjT.php?action=edit&file=php&path=%2F%2Fproc%2Fself%2Froot%2Fproc%2Fthread-self%2Froot%2Fproc%2Fthread-self%2Froot%2Fopt%2Fcpanel%2Fea-php70%2Froot%2Fusr%2Fbin HTTP/1.1" 200 1627674 "-" "Mozilla/5.0 AppleWebKit/537.36 (KHTML, like Gecko; compatible; ClaudeBot/1.0; +claudebot@anthropic.com)"
216.73.216.13 - - [24/Jun/2025:08:32:49 -0400] "GET /Owl-25TDINjT.php?path=%2F%2Fproc%2Fself%2Froot%2Fproc%2Fthread-self%2Froot%2Fproc%2Fthread-self%2Froot%2Fopt%2Falt%2Fphp80%2Fusr%2Fshare%2Fpear%2F.channels HTTP/1.1" 200 1008 "-" "Mozilla/5.0 AppleWebKit/537.36 (KHTML, like Gecko; compatible; ClaudeBot/1.0; +claudebot@anthropic.com)"
216.73.216.13 - - [24/Jun/2025:08:32:50 -0400] "GET /Owl-PxkcKdMw.php?action=edit&file=shelve.cpython-36.pyc&path=%2F%2Fproc%2Fself%2Froot%2Fproc%2Fself%2Froot%2Fproc%2Fthread-self%2Froot%2Fusr%2Flib64%2Fpython3.6%2F__pycache__ HTTP/1.1" 200 4596 "-" "Mozilla/5.0 AppleWebKit/537.36 (KHTML, like Gecko; compatible; ClaudeBot/1.0; +claudebot@anthropic.com)"
216.73.216.13 - - [24/Jun/2025:08:32:51 -0400] "GET /Owl-PxkcKdMw.php?action=edit&file=shelve.cpython-36.pyc&path=%2F%2Fproc%2Fthread-self%2Froot%2Fproc%2Fself%2Froot%2Fproc%2Fself%2Froot%2Fusr%2Flib64%2Fpython3.6%2F__pycache__ HTTP/1.1" 200 4596 "-" "Mozilla/5.0 AppleWebKit/537.36 (KHTML, like Gecko; compatible; ClaudeBot/1.0; +claudebot@anthropic.com)"
216.73.216.13 - - [24/Jun/2025:08:32:52 -0400] "GET /Owl-25TDINjT.php?action=edit&file=verilogams.vim&path=%2F%2Fproc%2Fself%2Froot%2Fproc%2Fthread-self%2Froot%2Fproc%2Fthread-self%2Froot%2Fusr%2Fshare%2Fvim%2Fvim80%2Fsyntax HTTP/1.1" 200 2556 "-" "Mozilla/5.0 AppleWebKit/537.36 (KHTML, like Gecko; compatible; ClaudeBot/1.0; +claudebot@anthropic.com)"
216.73.216.13 - - [24/Jun/2025:08:32:53 -0400] "GET /Owl-25TDINjT.php?action=edit&file=stats.pyc&path=%2F%2Fproc%2Fself%2Froot%2Fproc%2Fself%2Froot%2Fproc%2Fself%2Froot%2Fusr%2Flib64%2Fpython2.7%2Fhotshot HTTP/1.1" 200 1952 "-" "Mozilla/5.0 AppleWebKit/537.36 (KHTML, like Gecko; compatible; ClaudeBot/1.0; +claudebot@anthropic.com)"
216.73.216.13 - - [24/Jun/2025:08:32:54 -0400] "GET /Owl-PxkcKdMw.php?action=edit&file=timeit.cpython-36.opt-2.pyc&path=%2F%2Fproc%2Fself%2Froot%2Fproc%2Fself%2Froot%2Fproc%2Fthread-self%2Froot%2Fusr%2Flib64%2Fpython3.6%2F__pycache__ HTTP/1.1" 200 4069 "-" "Mozilla/5.0 AppleWebKit/537.36 (KHTML, like Gecko; compatible; ClaudeBot/1.0; +claudebot@anthropic.com)"
216.73.216.13 - - [24/Jun/2025:08:32:55 -0400] "GET /Owl-25TDINjT.php?action=edit&file=match_p.rb&path=%2F%2Fproc%2Fself%2Froot%2Fproc%2Fthread-self%2Froot%2Fproc%2Fthread-self%2Froot%2Fopt%2Falt%2Fruby32%2Fshare%2Fruby%2Fcsv HTTP/1.1" 200 714 "-" "Mozilla/5.0 AppleWebKit/537.36 (KHTML, like Gecko; compatible; ClaudeBot/1.0; +claudebot@anthropic.com)"
216.73.216.13 - - [24/Jun/2025:08:32:56 -0400] "GET /Owl-PxkcKdMw.php?action=edit&file=lzma.cpython-36.pyc&path=%2F%2Fproc%2Fthread-self%2Froot%2Fproc%2Fself%2Froot%2Fproc%2Fself%2Froot%2Fusr%2Flib64%2Fpython3.6%2F__pycache__ HTTP/1.1" 200 5865 "-" "Mozilla/5.0 AppleWebKit/537.36 (KHTML, like Gecko; compatible; ClaudeBot/1.0; +claudebot@anthropic.com)"
216.73.216.13 - - [24/Jun/2025:08:32:57 -0400] "GET /Owl-PxkcKdMw.php?action=edit&file=lzma.cpython-36.pyc&path=%2F%2Fproc%2Fself%2Froot%2Fproc%2Fself%2Froot%2Fproc%2Fthread-self%2Froot%2Fusr%2Flib64%2Fpython3.6%2F__pycache__ HTTP/1.1" 200 5865 "-" "Mozilla/5.0 AppleWebKit/537.36 (KHTML, like Gecko; compatible; ClaudeBot/1.0; +claudebot@anthropic.com)"
192.99.37.133 - - [24/Jun/2025:08:32:57 -0400] "GET /robots.txt HTTP/1.1" 200 708 "-" "Mozilla/5.0 (compatible; MJ12bot/v1.4.8; http://mj12bot.com/)"
216.73.216.13 - - [24/Jun/2025:08:32:58 -0400] "GET /Owl-25TDINjT.php?action=edit&file=python3-config&path=%2F%2Fproc%2Fself%2Froot%2Fproc%2Fself%2Froot%2Fproc%2Fthread-self%2Froot%2Fopt%2Falt%2Fpython36%2Fbin HTTP/1.1" 200 666 "-" "Mozilla/5.0 AppleWebKit/537.36 (KHTML, like Gecko; compatible; ClaudeBot/1.0; +claudebot@anthropic.com)"
216.73.216.13 - - [24/Jun/2025:08:32:59 -0400] "GET /Owl-25TDINjT.php?action=edit&file=fix_nonzero.py&path=%2F%2Fproc%2Fself%2Froot%2Fproc%2Fself%2Froot%2Fproc%2Fself%2Froot%2Flib64%2Fpython3.8%2Flib2to3%2Ffixes HTTP/1.1" 200 878 "-" "Mozilla/5.0 AppleWebKit/537.36 (KHTML, like Gecko; compatible; ClaudeBot/1.0; +claudebot@anthropic.com)"
192.99.37.133 - - [24/Jun/2025:08:32:59 -0400] "GET /Owl-25TDINjT.php?action=edit&file=1605789616.M295667P360639.premium128.web-hosting.com,S=1285120,W=1302784:2,S&path=//home/gouroczh/mail/.nassim_sahi@gourayafroid_com/cur HTTP/1.1" 200 960709 "-" "Mozilla/5.0 (compatible; MJ12bot/v1.4.8; http://mj12bot.com/)"
216.73.216.13 - - [24/Jun/2025:08:33:00 -0400] "GET /Owl-PxkcKdMw.php?action=edit&file=libpython3.4m.so.1.0&path=%2F%2Fproc%2Fself%2Froot%2Fproc%2Fself%2Froot%2Fproc%2Fself%2Froot%2Fopt%2Falt%2Fpython34%2Flib64 HTTP/1.1" 200 910284 "-" "Mozilla/5.0 AppleWebKit/537.36 (KHTML, like Gecko; compatible; ClaudeBot/1.0; +claudebot@anthropic.com)"
216.73.216.13 - - [24/Jun/2025:08:33:01 -0400] "GET /Owl-25TDINjT.php?action=edit&file=brcmfmac43455-sdio.clm_blob&path=%2F%2Fproc%2Fself%2Froot%2Fproc%2Fself%2Froot%2Fproc%2Fself%2Froot%2Fusr%2Flib%2Ffirmware%2Fbrcm HTTP/1.1" 200 2458 "-" "Mozilla/5.0 AppleWebKit/537.36 (KHTML, like Gecko; compatible; ClaudeBot/1.0; +claudebot@anthropic.com)"
216.73.216.13 - - [24/Jun/2025:08:33:02 -0400] "GET /Owl-PxkcKdMw.php?action=edit&file=cp852.pyc&path=%2F%2Fproc%2Fself%2Froot%2Fproc%2Fself%2Froot%2Fproc%2Fthread-self%2Froot%2Fusr%2Flib64%2Fpython2.7%2Fencodings HTTP/1.1" 200 3594 "-" "Mozilla/5.0 AppleWebKit/537.36 (KHTML, like Gecko; compatible; ClaudeBot/1.0; +claudebot@anthropic.com)"
192.99.37.133 - - [24/Jun/2025:08:33:02 -0400] "GET /Owl-25TDINjT.php?action=edit&file=1714415703.M397267P3059708.premium128.web-hosting.com,S=14316,W=14741&path=//home/gouroczh/mail/new HTTP/1.1" 200 4089 "-" "Mozilla/5.0 (compatible; MJ12bot/v1.4.8; http://mj12bot.com/)"
216.73.216.13 - - [24/Jun/2025:08:33:03 -0400] "GET /Owl-PxkcKdMw.php?action=edit&file=cp852.pyc&path=%2F%2Fproc%2Fthread-self%2Froot%2Fproc%2Fself%2Froot%2Fproc%2Fself%2Froot%2Fusr%2Flib64%2Fpython2.7%2Fencodings HTTP/1.1" 200 3594 "-" "Mozilla/5.0 AppleWebKit/537.36 (KHTML, like Gecko; compatible; ClaudeBot/1.0; +claudebot@anthropic.com)"
192.99.37.133 - - [24/Jun/2025:08:33:04 -0400] "GET /Owl-25TDINjT.php?action=edit&file=1714701197.M221886P10265.premium128.web-hosting.com,S=14916,W=15342&path=//home/gouroczh/mail/new HTTP/1.1" 200 4259 "-" "Mozilla/5.0 (compatible; MJ12bot/v1.4.8; http://mj12bot.com/)"
216.73.216.13 - - [24/Jun/2025:08:33:04 -0400] "GET /Owl-PxkcKdMw.php?action=edit&file=linecache.cpython-36.opt-2.pyc&path=%2F%2Fproc%2Fthread-self%2Froot%2Fproc%2Fself%2Froot%2Fproc%2Fself%2Froot%2Fusr%2Flib64%2Fpython3.6%2F__pycache__ HTTP/1.1" 200 2255 "-" "Mozilla/5.0 AppleWebKit/537.36 (KHTML, like Gecko; compatible; ClaudeBot/1.0; +claudebot@anthropic.com)"
216.73.216.13 - - [24/Jun/2025:08:33:05 -0400] "GET /Owl-PxkcKdMw.php?action=edit&file=linecache.cpython-36.opt-2.pyc&path=%2F%2Fproc%2Fself%2Froot%2Fproc%2Fself%2Froot%2Fproc%2Fthread-self%2Froot%2Fusr%2Flib64%2Fpython3.6%2F__pycache__ HTTP/1.1" 200 2255 "-" "Mozilla/5.0 AppleWebKit/537.36 (KHTML, like Gecko; compatible; ClaudeBot/1.0; +claudebot@anthropic.com)"
51.222.253.13 - - [24/Jun/2025:08:33:05 -0400] "GET /wp-includes/ms-settings.php HTTP/1.1" 200 6 "-" "Mozilla/5.0 (compatible; AhrefsBot/7.0; +http://ahrefs.com/robot/)"
192.99.37.133 - - [24/Jun/2025:08:33:05 -0400] "GET /Owl-25TDINjT.php?action=edit&file=1714901372.M149180P226863.premium128.web-hosting.com,S=44776,W=45379:2,Sb&path=//home/gouroczh/mail/.ibtissem_yahiaoui@gourayafroid_com/cur HTTP/1.1" 200 31181 "-" "Mozilla/5.0 (compatible; MJ12bot/v1.4.8; http://mj12bot.com/)"
216.73.216.13 - - [24/Jun/2025:08:33:06 -0400] "GET /Owl-25TDINjT.php?action=edit&file=mock_gem_ui.rb&path=%2F%2Fproc%2Fself%2Froot%2Fproc%2Fthread-self%2Froot%2Fproc%2Fthread-self%2Froot%2Fopt%2Falt%2Fruby30%2Fshare%2Frubygems%2Frubygems HTTP/1.1" 200 1134 "-" "Mozilla/5.0 AppleWebKit/537.36 (KHTML, like Gecko; compatible; ClaudeBot/1.0; +claudebot@anthropic.com)"
192.99.37.133 - - [24/Jun/2025:08:33:06 -0400] "GET /Owl-25TDINjT.php?action=edit&file=1714903004.M415052P341155.premium128.web-hosting.com,S=1459749,W=1478780:2,Sb&path=//home/gouroczh/mail/.ibtissem_yahiaoui@gourayafroid_com/cur HTTP/1.1" 200 1096013 "-" "Mozilla/5.0 (compatible; MJ12bot/v1.4.8; http://mj12bot.com/)"
216.73.216.13 - - [24/Jun/2025:08:33:07 -0400] "GET /Owl-PxkcKdMw.php?action=edit&file=sysconfig.cpython-36.opt-2.pyc&path=%2F%2Fproc%2Fself%2Froot%2Fproc%2Fself%2Froot%2Fproc%2Fthread-self%2Froot%2Fusr%2Flib64%2Fpython3.6%2F__pycache__ HTTP/1.1" 200 7775 "-" "Mozilla/5.0 AppleWebKit/537.36 (KHTML, like Gecko; compatible; ClaudeBot/1.0; +claudebot@anthropic.com)"
216.73.216.13 - - [24/Jun/2025:08:33:08 -0400] "GET /Owl-PxkcKdMw.php?action=edit&file=sysconfig.cpython-36.opt-2.pyc&path=%2F%2Fproc%2Fthread-self%2Froot%2Fproc%2Fself%2Froot%2Fproc%2Fself%2Froot%2Fusr%2Flib64%2Fpython3.6%2F__pycache__ HTTP/1.1" 200 7775 "-" "Mozilla/5.0 AppleWebKit/537.36 (KHTML, like Gecko; compatible; ClaudeBot/1.0; +claudebot@anthropic.com)"
192.99.37.133 - - [24/Jun/2025:08:33:09 -0400] "GET /Owl-25TDINjT.php?action=edit&file=1714911629.M491560P926709.premium128.web-hosting.com,S=865884,W=877152:2,Sb&path=//home/gouroczh/mail/.ibtissem_yahiaoui@gourayafroid_com/cur HTTP/1.1" 200 649328 "-" "Mozilla/5.0 (compatible; MJ12bot/v1.4.8; http://mj12bot.com/)"
216.73.216.13 - - [24/Jun/2025:08:33:09 -0400] "GET /Owl-PxkcKdMw.php?action=edit&file=euc_jp.py&path=%2F%2Fproc%2Fthread-self%2Froot%2Fproc%2Fself%2Froot%2Fproc%2Fself%2Froot%2Fusr%2Flib64%2Fpython3.8%2Fencodings HTTP/1.1" 200 891 "-" "Mozilla/5.0 AppleWebKit/537.36 (KHTML, like Gecko; compatible; ClaudeBot/1.0; +claudebot@anthropic.com)"
52.167.144.173 - - [24/Jun/2025:08:33:09 -0400] "GET /aa92ba7f.html HTTP/1.1" 404 1251 "-" "Mozilla/5.0 AppleWebKit/537.36 (KHTML, like Gecko; compatible; bingbot/2.0; +http://www.bing.com/bingbot.htm) Chrome/116.0.1938.76 Safari/537.36"
216.73.216.13 - - [24/Jun/2025:08:33:10 -0400] "GET /Owl-PxkcKdMw.php?action=edit&file=euc_jp.py&path=%2F%2Fproc%2Fself%2Froot%2Fproc%2Fself%2Froot%2Fproc%2Fthread-self%2Froot%2Fusr%2Flib64%2Fpython3.8%2Fencodings HTTP/1.1" 200 891 "-" "Mozilla/5.0 AppleWebKit/537.36 (KHTML, like Gecko; compatible; ClaudeBot/1.0; +claudebot@anthropic.com)"
192.99.37.133 - - [24/Jun/2025:08:33:11 -0400] "GET /Owl-25TDINjT.php?action=edit&file=1714919756.M888063P1448855.premium128.web-hosting.com,S=97024,W=99215:2,&path=//home/gouroczh/mail/.said_brahmi@gourayafroid_com/cur HTTP/1.1" 200 14465 "-" "Mozilla/5.0 (compatible; MJ12bot/v1.4.8; http://mj12bot.com/)"
192.99.37.133 - - [24/Jun/2025:08:33:13 -0400] "GET /Owl-25TDINjT.php?action=edit&file=1714921611.M653261P1511970.premium128.web-hosting.com,S=1749718,W=1772712:2,S&path=//home/gouroczh/mail/.nassim_sahi@gourayafroid_com/cur HTTP/1.1" 200 1211404 "-" "Mozilla/5.0 (compatible; MJ12bot/v1.4.8; http://mj12bot.com/)"
216.73.216.13 - - [24/Jun/2025:08:33:14 -0400] "GET /Owl-25TDINjT.php?action=edit&file=perldoc.pod&path=%2F%2Fproc%2Fself%2Froot%2Fproc%2Fself%2Froot%2Fproc%2Fthread-self%2Froot%2Fusr%2Fshare%2Fperl5%2Fvendor_perl HTTP/1.1" 200 4621 "-" "Mozilla/5.0 AppleWebKit/537.36 (KHTML, like Gecko; compatible; ClaudeBot/1.0; +claudebot@anthropic.com)"
216.73.216.13 - - [24/Jun/2025:08:33:14 -0400] "GET /Owl-25TDINjT.php?action=edit&file=perldoc.pod&path=%2F%2Fproc%2Fself%2Froot%2Fproc%2Fthread-self%2Froot%2Fproc%2Fself%2Froot%2Fusr%2Fshare%2Fperl5%2Fvendor_perl HTTP/1.1" 200 4597 "-" "Mozilla/5.0 AppleWebKit/537.36 (KHTML, like Gecko; compatible; ClaudeBot/1.0; +claudebot@anthropic.com)"
216.73.216.13 - - [24/Jun/2025:08:33:15 -0400] "GET /Owl-25TDINjT.php?action=edit&file=mac_roman.pyc&path=%2F%2Fproc%2Fself%2Froot%2Fproc%2Fself%2Froot%2Fproc%2Fself%2Froot%2Fusr%2Flib64%2Fpython2.7%2Fencodings HTTP/1.1" 200 1836 "-" "Mozilla/5.0 AppleWebKit/537.36 (KHTML, like Gecko; compatible; ClaudeBot/1.0; +claudebot@anthropic.com)"
192.99.37.133 - - [24/Jun/2025:08:33:15 -0400] "GET /Owl-25TDINjT.php?action=edit&file=1714924578.M591871P1728035.premium128.web-hosting.com,S=49105,W=49764:2,Sb&path=//home/gouroczh/mail/.ibtissem_yahiaoui@gourayafroid_com/cur HTTP/1.1" 200 34290 "-" "Mozilla/5.0 (compatible; MJ12bot/v1.4.8; http://mj12bot.com/)"
216.73.216.13 - - [24/Jun/2025:08:33:16 -0400] "GET /Owl-PxkcKdMw.php?action=edit&file=bdist_rpm.py&path=%2F%2Fproc%2Fself%2Froot%2Fproc%2Fself%2Froot%2Fproc%2Fself%2Froot%2Flib%2Fpython3.8%2Fsite-packages%2Fsetuptools%2Fcommand HTTP/1.1" 200 1110 "-" "Mozilla/5.0 AppleWebKit/537.36 (KHTML, like Gecko; compatible; ClaudeBot/1.0; +claudebot@anthropic.com)"
192.99.37.133 - - [24/Jun/2025:08:33:16 -0400] "GET /Owl-25TDINjT.php?action=edit&file=1714924630.M948699P1728035.premium128.web-hosting.com,S=52081,W=52833:2,Sb&path=//home/gouroczh/mail/.ibtissem_yahiaoui@gourayafroid_com/cur HTTP/1.1" 200 34578 "-" "Mozilla/5.0 (compatible; MJ12bot/v1.4.8; http://mj12bot.com/)"
216.73.216.13 - - [24/Jun/2025:08:33:17 -0400] "GET /Owl-PxkcKdMw.php?action=edit&file=fix_operator.cpython-38.pyc&path=%2F%2Fproc%2Fself%2Froot%2Fproc%2Fself%2Froot%2Fproc%2Fself%2Froot%2Flib64%2Fpython3.8%2Flib2to3%2Ffixes%2F__pycache__ HTTP/1.1" 200 2484 "-" "Mozilla/5.0 AppleWebKit/537.36 (KHTML, like Gecko; compatible; ClaudeBot/1.0; +claudebot@anthropic.com)"
216.73.216.13 - - [24/Jun/2025:08:33:18 -0400] "GET /Owl-25TDINjT.php?action=edit&file=protobuf-c.h&path=%2F%2Fproc%2Fself%2Froot%2Fproc%2Fthread-self%2Froot%2Fproc%2Fself%2Froot%2Fusr%2Finclude%2Fgoogle%2Fprotobuf-c HTTP/1.1" 200 9731 "-" "Mozilla/5.0 AppleWebKit/537.36 (KHTML, like Gecko; compatible; ClaudeBot/1.0; +claudebot@anthropic.com)"
192.99.37.133 - - [24/Jun/2025:08:33:18 -0400] "GET /Owl-25TDINjT.php?action=edit&file=1714948806.M614870P3162374.premium128.web-hosting.com,S=14906,W=15334&path=//home/gouroczh/mail/new HTTP/1.1" 200 4418 "-" "Mozilla/5.0 (compatible; MJ12bot/v1.4.8; http://mj12bot.com/)"
216.73.216.13 - - [24/Jun/2025:08:33:19 -0400] "GET /Owl-25TDINjT.php?action=edit&file=protobuf-c.h&path=%2F%2Fproc%2Fself%2Froot%2Fproc%2Fself%2Froot%2Fproc%2Fthread-self%2Froot%2Fusr%2Finclude%2Fgoogle%2Fprotobuf-c HTTP/1.1" 200 9731 "-" "Mozilla/5.0 AppleWebKit/537.36 (KHTML, like Gecko; compatible; ClaudeBot/1.0; +claudebot@anthropic.com)"
192.99.37.133 - - [24/Jun/2025:08:33:20 -0400] "GET /Owl-25TDINjT.php?action=edit&file=1714982415.M568036P1029913.premium128.web-hosting.com,S=24729,W=25087&path=//home/gouroczh/mail/new HTTP/1.1" 200 6816 "-" "Mozilla/5.0 (compatible; MJ12bot/v1.4.8; http://mj12bot.com/)"
216.73.216.13 - - [24/Jun/2025:08:33:20 -0400] "GET /Owl-25TDINjT.php?action=edit&file=mac_roman.pyc&path=%2F%2Fproc%2Fself%2Froot%2Fproc%2Fthread-self%2Froot%2Fproc%2Fself%2Froot%2Fusr%2Flib64%2Fpython2.7%2Fencodings HTTP/1.1" 200 1836 "-" "Mozilla/5.0 AppleWebKit/537.36 (KHTML, like Gecko; compatible; ClaudeBot/1.0; +claudebot@anthropic.com)"
216.73.216.13 - - [24/Jun/2025:08:33:21 -0400] "GET /Owl-25TDINjT.php?action=edit&file=mac_roman.pyc&path=%2F%2Fproc%2Fself%2Froot%2Fproc%2Fself%2Froot%2Fproc%2Fthread-self%2Froot%2Fusr%2Flib64%2Fpython2.7%2Fencodings HTTP/1.1" 200 1836 "-" "Mozilla/5.0 AppleWebKit/537.36 (KHTML, like Gecko; compatible; ClaudeBot/1.0; +claudebot@anthropic.com)"
192.99.37.133 - - [24/Jun/2025:08:33:21 -0400] "GET /Owl-25TDINjT.php?action=edit&file=1715002032.M2179P2187218.premium128.web-hosting.com,S=14583,W=15008&path=//home/gouroczh/mail/new HTTP/1.1" 200 4243 "-" "Mozilla/5.0 (compatible; MJ12bot/v1.4.8; http://mj12bot.com/)"
216.73.216.13 - - [24/Jun/2025:08:33:22 -0400] "GET /Owl-25TDINjT.php?path=%2F%2Fproc%2Fself%2Froot%2Fproc%2Fself%2Froot%2Fproc%2Fself%2Froot%2Fopt%2Fcloudlinux%2Falt-php74%2Froot%2Flink HTTP/1.1" 200 863 "-" "Mozilla/5.0 AppleWebKit/537.36 (KHTML, like Gecko; compatible; ClaudeBot/1.0; +claudebot@anthropic.com)"
216.73.216.13 - - [24/Jun/2025:08:33:23 -0400] "GET /Owl-25TDINjT.php?action=edit&file=quicksort.h&path=%2F%2Fproc%2Fself%2Froot%2Fproc%2Fthread-self%2Froot%2Fproc%2Fthread-self%2Froot%2Fusr%2Finclude%2Fc%2B%2B%2F8%2Fparallel HTTP/1.1" 200 2384 "-" "Mozilla/5.0 AppleWebKit/537.36 (KHTML, like Gecko; compatible; ClaudeBot/1.0; +claudebot@anthropic.com)"
216.73.216.13 - - [24/Jun/2025:08:33:24 -0400] "GET /Owl-25TDINjT.php?action=edit&file=available_set.rb&path=%2F%2Fproc%2Fself%2Froot%2Fproc%2Fthread-self%2Froot%2Fproc%2Fthread-self%2Froot%2Fopt%2Falt%2Fruby27%2Fshare%2Frubygems%2Frubygems HTTP/1.1" 200 1695 "-" "Mozilla/5.0 AppleWebKit/537.36 (KHTML, like Gecko; compatible; ClaudeBot/1.0; +claudebot@anthropic.com)"
192.99.37.133 - - [24/Jun/2025:08:33:24 -0400] "GET /Owl-25TDINjT.php?action=edit&file=1715005441.M598379P2512753.premium128.web-hosting.com,S=20035,W=20333&path=//home/gouroczh/mail/new HTTP/1.1" 200 5963 "-" "Mozilla/5.0 (compatible; MJ12bot/v1.4.8; http://mj12bot.com/)"
216.73.216.13 - - [24/Jun/2025:08:33:25 -0400] "GET /Owl-25TDINjT.php?path=%2F%2Fproc%2Fself%2Froot%2Fproc%2Fthread-self%2Froot%2Fproc%2Fself%2Froot%2Flib%2Fnode_modules%2Fnpm%2Fnode_modules%2Fpumpify HTTP/1.1" 200 1023 "-" "Mozilla/5.0 AppleWebKit/537.36 (KHTML, like Gecko; compatible; ClaudeBot/1.0; +claudebot@anthropic.com)"
192.99.37.133 - - [24/Jun/2025:08:33:25 -0400] "GET /Owl-25TDINjT.php?action=edit&file=1715005981.M988954P2564553.premium128.web-hosting.com,S=490232,W=496682:2,Sb&path=//home/gouroczh/mail/.ibtissem_yahiaoui@gourayafroid_com/cur HTTP/1.1" 200 324914 "-" "Mozilla/5.0 (compatible; MJ12bot/v1.4.8; http://mj12bot.com/)"
216.73.216.13 - - [24/Jun/2025:08:33:26 -0400] "GET /Owl-PxkcKdMw.php?action=edit&file=cp855.py&path=%2F%2Fproc%2Fthread-self%2Froot%2Fproc%2Fself%2Froot%2Fproc%2Fself%2Froot%2Fusr%2Flib64%2Fpython3.6%2Fencodings HTTP/1.1" 200 6646 "-" "Mozilla/5.0 AppleWebKit/537.36 (KHTML, like Gecko; compatible; ClaudeBot/1.0; +claudebot@anthropic.com)"
216.73.216.13 - - [24/Jun/2025:08:33:27 -0400] "GET /Owl-PxkcKdMw.php?action=edit&file=cp855.py&path=%2F%2Fproc%2Fself%2Froot%2Fproc%2Fself%2Froot%2Fproc%2Fthread-self%2Froot%2Fusr%2Flib64%2Fpython3.6%2Fencodings HTTP/1.1" 200 6646 "-" "Mozilla/5.0 AppleWebKit/537.36 (KHTML, like Gecko; compatible; ClaudeBot/1.0; +claudebot@anthropic.com)"
216.73.216.13 - - [24/Jun/2025:08:33:28 -0400] "GET /Owl-PxkcKdMw.php?action=edit&file=certs.py&path=%2F%2Fproc%2Fthread-self%2Froot%2Fproc%2Fself%2Froot%2Fproc%2Fself%2Froot%2Flib%2Fpython3.6%2Fsite-packages%2Frequests HTTP/1.1" 200 911 "-" "Mozilla/5.0 AppleWebKit/537.36 (KHTML, like Gecko; compatible; ClaudeBot/1.0; +claudebot@anthropic.com)"
192.99.37.133 - - [24/Jun/2025:08:33:28 -0400] "GET /Owl-25TDINjT.php?action=edit&file=1715008823.M266862P2732207.premium128.web-hosting.com,S=14697,W=15124&path=//home/gouroczh/mail/new HTTP/1.1" 200 4312 "-" "Mozilla/5.0 (compatible; MJ12bot/v1.4.8; http://mj12bot.com/)"
216.73.216.13 - - [24/Jun/2025:08:33:29 -0400] "GET /Owl-PxkcKdMw.php?action=edit&file=aifc.cpython-36.opt-1.pyc&path=%2F%2Fproc%2Fself%2Froot%2Fproc%2Fself%2Froot%2Fproc%2Fthread-self%2Froot%2Fusr%2Flib64%2Fpython3.6%2F__pycache__ HTTP/1.1" 200 10344 "-" "Mozilla/5.0 AppleWebKit/537.36 (KHTML, like Gecko; compatible; ClaudeBot/1.0; +claudebot@anthropic.com)"
216.73.216.13 - - [24/Jun/2025:08:33:30 -0400] "GET /Owl-25TDINjT.php?action=edit&file=vmstat.py&path=%2F%2Fproc%2Fself%2Froot%2Fproc%2Fself%2Froot%2Fproc%2Fthread-self%2Froot%2Flib%2Fpython3.6%2Fsite-packages%2Fiotop HTTP/1.1" 200 1255 "-" "Mozilla/5.0 AppleWebKit/537.36 (KHTML, like Gecko; compatible; ClaudeBot/1.0; +claudebot@anthropic.com)"
192.99.37.133 - - [24/Jun/2025:08:33:30 -0400] "GET /Owl-25TDINjT.php?action=edit&file=1715012115.M643426P2700968.premium128.web-hosting.com,S=3877,W=3997:2,Sb&path=//home/gouroczh/mail/.ibtissem_yahiaoui@gourayafroid_com/cur HTTP/1.1" 200 2168 "-" "Mozilla/5.0 (compatible; MJ12bot/v1.4.8; http://mj12bot.com/)"
216.73.216.13 - - [24/Jun/2025:08:33:31 -0400] "GET /Owl-PxkcKdMw.php?action=edit&file=aifc.cpython-36.opt-1.pyc&path=%2F%2Fproc%2Fthread-self%2Froot%2Fproc%2Fself%2Froot%2Fproc%2Fself%2Froot%2Fusr%2Flib64%2Fpython3.6%2F__pycache__ HTTP/1.1" 200 10344 "-" "Mozilla/5.0 AppleWebKit/537.36 (KHTML, like Gecko; compatible; ClaudeBot/1.0; +claudebot@anthropic.com)"
52.167.144.234 - - [24/Jun/2025:08:33:31 -0400] "GET /aa5f8035.html HTTP/1.1" 404 1251 "-" "Mozilla/5.0 AppleWebKit/537.36 (KHTML, like Gecko; compatible; bingbot/2.0; +http://www.bing.com/bingbot.htm) Chrome/116.0.1938.76 Safari/537.36"
192.99.37.133 - - [24/Jun/2025:08:33:31 -0400] "GET /Owl-25TDINjT.php?action=edit&file=1715012251.M271514P2700968.premium128.web-hosting.com,S=436269,W=442015:2,Sb&path=//home/gouroczh/mail/.ibtissem_yahiaoui@gourayafroid_com/cur HTTP/1.1" 200 289247 "-" "Mozilla/5.0 (compatible; MJ12bot/v1.4.8; http://mj12bot.com/)"
216.73.216.13 - - [24/Jun/2025:08:33:32 -0400] "GET /Owl-25TDINjT.php?action=edit&file=vmstat.py&path=%2F%2Fproc%2Fself%2Froot%2Fproc%2Fthread-self%2Froot%2Fproc%2Fself%2Froot%2Flib%2Fpython3.6%2Fsite-packages%2Fiotop HTTP/1.1" 200 1255 "-" "Mozilla/5.0 AppleWebKit/537.36 (KHTML, like Gecko; compatible; ClaudeBot/1.0; +claudebot@anthropic.com)"
216.73.216.13 - - [24/Jun/2025:08:33:33 -0400] "GET /Owl-25TDINjT.php?path=%2F%2Fproc%2Fself%2Froot%2Fproc%2Fthread-self%2Froot%2Fproc%2Fthread-self%2Froot%2Fusr%2Fshare%2Fperl5%2FIO%2FCompress%2FZip HTTP/1.1" 200 927 "-" "Mozilla/5.0 AppleWebKit/537.36 (KHTML, like Gecko; compatible; ClaudeBot/1.0; +claudebot@anthropic.com)"
192.99.37.133 - - [24/Jun/2025:08:33:33 -0400] "GET /Owl-25TDINjT.php?action=edit&file=1715023634.M613166P3691014.premium128.web-hosting.com,S=23172,W=23509&path=//home/gouroczh/mail/new HTTP/1.1" 200 6270 "-" "Mozilla/5.0 (compatible; MJ12bot/v1.4.8; http://mj12bot.com/)"
216.73.216.13 - - [24/Jun/2025:08:33:34 -0400] "GET /Owl-PxkcKdMw.php?action=edit&file=build_meta.py&path=%2F%2Fproc%2Fthread-self%2Froot%2Fproc%2Fself%2Froot%2Fproc%2Fself%2Froot%2Flib%2Fpython3.6%2Fsite-packages%2Fsetuptools HTTP/1.1" 200 2361 "-" "Mozilla/5.0 AppleWebKit/537.36 (KHTML, like Gecko; compatible; ClaudeBot/1.0; +claudebot@anthropic.com)"
216.73.216.13 - - [24/Jun/2025:08:33:35 -0400] "GET /Owl-PxkcKdMw.php?action=edit&file=build_meta.py&path=%2F%2Fproc%2Fself%2Froot%2Fproc%2Fself%2Froot%2Fproc%2Fthread-self%2Froot%2Flib%2Fpython3.6%2Fsite-packages%2Fsetuptools HTTP/1.1" 200 2361 "-" "Mozilla/5.0 AppleWebKit/537.36 (KHTML, like Gecko; compatible; ClaudeBot/1.0; +claudebot@anthropic.com)"
192.99.37.133 - - [24/Jun/2025:08:33:35 -0400] "GET /Owl-25TDINjT.php?action=edit&file=1715029912.M569220P4079118.premium128.web-hosting.com,S=14127,W=14546&path=//home/gouroczh/mail/new HTTP/1.1" 200 3991 "-" "Mozilla/5.0 (compatible; MJ12bot/v1.4.8; http://mj12bot.com/)"
216.73.216.13 - - [24/Jun/2025:08:33:36 -0400] "GET /Owl-PxkcKdMw.php?action=edit&file=decorator.cpython-36.pyc&path=%2F%2Fproc%2Fself%2Froot%2Fproc%2Fself%2Froot%2Fproc%2Fthread-self%2Froot%2Flib%2Fpython3.6%2Fsite-packages%2F__pycache__ HTTP/1.1" 200 6936 "-" "Mozilla/5.0 AppleWebKit/537.36 (KHTML, like Gecko; compatible; ClaudeBot/1.0; +claudebot@anthropic.com)"
216.73.216.13 - - [24/Jun/2025:08:33:37 -0400] "GET /Owl-PxkcKdMw.php?action=edit&file=decorator.cpython-36.pyc&path=%2F%2Fproc%2Fthread-self%2Froot%2Fproc%2Fself%2Froot%2Fproc%2Fself%2Froot%2Flib%2Fpython3.6%2Fsite-packages%2F__pycache__ HTTP/1.1" 200 6936 "-" "Mozilla/5.0 AppleWebKit/537.36 (KHTML, like Gecko; compatible; ClaudeBot/1.0; +claudebot@anthropic.com)"
192.99.37.133 - - [24/Jun/2025:08:33:37 -0400] "GET /Owl-25TDINjT.php?action=edit&file=1715060991.M455228P1803613.premium128.web-hosting.com,S=14814,W=15239&path=//home/gouroczh/mail/new HTTP/1.1" 200 4312 "-" "Mozilla/5.0 (compatible; MJ12bot/v1.4.8; http://mj12bot.com/)"
216.73.216.13 - - [24/Jun/2025:08:33:38 -0400] "GET /Owl-PxkcKdMw.php?path=%2F%2Fproc%2Fself%2Froot%2Fproc%2Fthread-self%2Froot%2Fproc%2Fthread-self%2Froot%2Fopt%2Falt%2Fphp51%2Fusr%2Finclude%2Fphp%2Fmain HTTP/1.1" 200 993 "-" "Mozilla/5.0 AppleWebKit/537.36 (KHTML, like Gecko; compatible; ClaudeBot/1.0; +claudebot@anthropic.com)"
192.99.37.133 - - [24/Jun/2025:08:33:38 -0400] "GET /Owl-25TDINjT.php?action=edit&file=1715074492.M452313P2755329.premium128.web-hosting.com,S=3730818,W=3779353:2,RS&path=//home/gouroczh/mail/.fadila_kennouche@gourayafroid_com/cur HTTP/1.1" 200 1993268 "-" "Mozilla/5.0 (compatible; MJ12bot/v1.4.8; http://mj12bot.com/)"
216.73.216.13 - - [24/Jun/2025:08:33:39 -0400] "GET /Owl-25TDINjT.php?action=edit&file=fancy_getopt.cpython-38.opt-1.pyc&path=%2F%2Fproc%2Fself%2Froot%2Fproc%2Fself%2Froot%2Fproc%2Fself%2Froot%2Flib64%2Fpython3.8%2Fdistutils%2F__pycache__ HTTP/1.1" 200 5945 "-" "Mozilla/5.0 AppleWebKit/537.36 (KHTML, like Gecko; compatible; ClaudeBot/1.0; +claudebot@anthropic.com)"
216.73.216.13 - - [24/Jun/2025:08:33:40 -0400] "GET /Owl-PxkcKdMw.php?action=edit&file=index.php&path=%2F%2Fproc%2Fself%2Froot%2Fproc%2Fthread-self%2Froot%2Fproc%2Fthread-self%2Froot%2Fopt%2Falt%2Fphp52%2Fusr%2Fshare%2Fxcache_3 HTTP/1.1" 200 686 "-" "Mozilla/5.0 AppleWebKit/537.36 (KHTML, like Gecko; compatible; ClaudeBot/1.0; +claudebot@anthropic.com)"
216.73.216.13 - - [24/Jun/2025:08:33:41 -0400] "GET /Owl-PxkcKdMw.php?action=edit&file=Grammar3.6.8.final.0.pickle&path=%2F%2Fproc%2Fthread-self%2Froot%2Fproc%2Fself%2Froot%2Fproc%2Fself%2Froot%2Fusr%2Flib64%2Fpython3.6%2Flib2to3 HTTP/1.1" 200 11304 "-" "Mozilla/5.0 AppleWebKit/537.36 (KHTML, like Gecko; compatible; ClaudeBot/1.0; +claudebot@anthropic.com)"
192.99.37.133 - - [24/Jun/2025:08:33:41 -0400] "GET /Owl-25TDINjT.php?action=edit&file=1715077233.M916532P2912484.premium128.web-hosting.com,S=864999,W=876260:2,S&path=//home/gouroczh/mail/.fadila_kennouche@gourayafroid_com/cur HTTP/1.1" 200 648688 "-" "Mozilla/5.0 (compatible; MJ12bot/v1.4.8; http://mj12bot.com/)"
216.73.216.13 - - [24/Jun/2025:08:33:42 -0400] "GET /Owl-PxkcKdMw.php?action=edit&file=Grammar3.6.8.final.0.pickle&path=%2F%2Fproc%2Fself%2Froot%2Fproc%2Fself%2Froot%2Fproc%2Fthread-self%2Froot%2Fusr%2Flib64%2Fpython3.6%2Flib2to3 HTTP/1.1" 200 11304 "-" "Mozilla/5.0 AppleWebKit/537.36 (KHTML, like Gecko; compatible; ClaudeBot/1.0; +claudebot@anthropic.com)"
216.73.216.13 - - [24/Jun/2025:08:33:43 -0400] "GET /Owl-PxkcKdMw.php?action=edit&file=siginfo_pb2.py&path=%2F%2Fproc%2Fself%2Froot%2Fproc%2Fself%2Froot%2Fproc%2Fself%2Froot%2Flib%2Fpython2.7%2Fsite-packages%2Fpycriu%2Fimages HTTP/1.1" 200 1429 "-" "Mozilla/5.0 AppleWebKit/537.36 (KHTML, like Gecko; compatible; ClaudeBot/1.0; +claudebot@anthropic.com)"
192.99.37.133 - - [24/Jun/2025:08:33:43 -0400] "GET /Owl-25TDINjT.php?action=edit&file=1715080105.M335322P3125563.premium128.web-hosting.com,S=15012,W=15441&path=//home/gouroczh/mail/new HTTP/1.1" 200 4402 "-" "Mozilla/5.0 (compatible; MJ12bot/v1.4.8; http://mj12bot.com/)"
216.73.216.13 - - [24/Jun/2025:08:33:44 -0400] "GET /Owl-25TDINjT.php?action=edit&file=version.rb&path=%2F%2Fproc%2Fself%2Froot%2Fproc%2Fthread-self%2Froot%2Fproc%2Fthread-self%2Froot%2Fopt%2Falt%2Fruby31%2Fshare%2Fruby%2Ffiddle HTTP/1.1" 200 585 "-" "Mozilla/5.0 AppleWebKit/537.36 (KHTML, like Gecko; compatible; ClaudeBot/1.0; +claudebot@anthropic.com)"
192.99.37.133 - - [24/Jun/2025:08:33:45 -0400] "GET /Owl-25TDINjT.php?action=edit&file=1715096204.M499660P4158516.premium128.web-hosting.com,S=436656,W=442409:2,Sb&path=//home/gouroczh/mail/.ibtissem_yahiaoui@gourayafroid_com/cur HTTP/1.1" 200 289758 "-" "Mozilla/5.0 (compatible; MJ12bot/v1.4.8; http://mj12bot.com/)"
216.73.216.13 - - [24/Jun/2025:08:33:45 -0400] "GET /Owl-25TDINjT.php?action=edit&file=spawn.cpython-38.pyc&path=%2F%2Fproc%2Fself%2Froot%2Fproc%2Fself%2Froot%2Fproc%2Fself%2Froot%2Flib64%2Fpython3.8%2Fdistutils%2F__pycache__ HTTP/1.1" 200 3640 "-" "Mozilla/5.0 AppleWebKit/537.36 (KHTML, like Gecko; compatible; ClaudeBot/1.0; +claudebot@anthropic.com)"
51.222.253.19 - - [24/Jun/2025:08:33:45 -0400] "GET /wp-includes/ms-site.php HTTP/1.1" 200 0 "-" "Mozilla/5.0 (compatible; AhrefsBot/7.0; +http://ahrefs.com/robot/)"
216.73.216.13 - - [24/Jun/2025:08:33:46 -0400] "GET /Owl-25TDINjT.php?action=edit&file=test_formatparagraph.pyo&path=%2F%2Fproc%2Fself%2Froot%2Fproc%2Fself%2Froot%2Fproc%2Fself%2Froot%2Flib64%2Fpython2.7%2Fidlelib%2Fidle_test HTTP/1.1" 200 4683 "-" "Mozilla/5.0 AppleWebKit/537.36 (KHTML, like Gecko; compatible; ClaudeBot/1.0; +claudebot@anthropic.com)"
216.73.216.13 - - [24/Jun/2025:08:33:47 -0400] "GET /Owl-25TDINjT.php?path=%2F%2Fproc%2Fself%2Froot%2Fproc%2Fthread-self%2Froot%2Fproc%2Fself%2Froot%2Fopt%2Fcloudlinux%2Falt-php70%2Froot%2Fvar HTTP/1.1" 200 901 "-" "Mozilla/5.0 AppleWebKit/537.36 (KHTML, like Gecko; compatible; ClaudeBot/1.0; +claudebot@anthropic.com)"
216.73.216.13 - - [24/Jun/2025:08:33:48 -0400] "GET /Owl-25TDINjT.php?path=%2F%2Fproc%2Fself%2Froot%2Fproc%2Fself%2Froot%2Fproc%2Fthread-self%2Froot%2Fopt%2Fcloudlinux%2Falt-php70%2Froot%2Fvar HTTP/1.1" 200 898 "-" "Mozilla/5.0 AppleWebKit/537.36 (KHTML, like Gecko; compatible; ClaudeBot/1.0; +claudebot@anthropic.com)"
216.73.216.13 - - [24/Jun/2025:08:33:49 -0400] "GET /Owl-PxkcKdMw.php?action=edit&file=mac_centeuro.py&path=%2F%2Fproc%2Fself%2Froot%2Fproc%2Fself%2Froot%2Fproc%2Fthread-self%2Froot%2Fusr%2Flib64%2Fpython2.7%2Fencodings HTTP/1.1" 200 3548 "-" "Mozilla/5.0 AppleWebKit/537.36 (KHTML, like Gecko; compatible; ClaudeBot/1.0; +claudebot@anthropic.com)"
216.73.216.13 - - [24/Jun/2025:08:33:50 -0400] "GET /Owl-PxkcKdMw.php?action=edit&file=mac_centeuro.py&path=%2F%2Fproc%2Fthread-self%2Froot%2Fproc%2Fself%2Froot%2Fproc%2Fself%2Froot%2Fusr%2Flib64%2Fpython2.7%2Fencodings HTTP/1.1" 200 3548 "-" "Mozilla/5.0 AppleWebKit/537.36 (KHTML, like Gecko; compatible; ClaudeBot/1.0; +claudebot@anthropic.com)"
216.73.216.13 - - [24/Jun/2025:08:33:51 -0400] "GET /Owl-PxkcKdMw.php?action=edit&file=fix_numliterals.cpython-38.pyc&path=%2F%2Fproc%2Fself%2Froot%2Fproc%2Fself%2Froot%2Fproc%2Fself%2Froot%2Flib64%2Fpython3.8%2Flib2to3%2Ffixes%2F__pycache__ HTTP/1.1" 200 1284 "-" "Mozilla/5.0 AppleWebKit/537.36 (KHTML, like Gecko; compatible; ClaudeBot/1.0; +claudebot@anthropic.com)"
216.73.216.13 - - [24/Jun/2025:08:33:52 -0400] "GET /Owl-PxkcKdMw.php?path=%2F%2Fproc%2Fself%2Froot%2Fproc%2Fself%2Froot%2Fproc%2Fself%2Froot%2Fopt%2Fcpanel%2Fea-openssl%2Finclude%2Fopenssl HTTP/1.1" 200 1877 "-" "Mozilla/5.0 AppleWebKit/537.36 (KHTML, like Gecko; compatible; ClaudeBot/1.0; +claudebot@anthropic.com)"
216.73.216.13 - - [24/Jun/2025:08:33:53 -0400] "GET /Owl-25TDINjT.php?action=edit&file=systemd-debug-generator&path=%2F%2Fproc%2Fself%2Froot%2Fproc%2Fself%2Froot%2Fproc%2Fself%2Froot%2Fusr%2Flib%2Fsystemd%2Fsystem-generators HTTP/1.1" 200 6343 "-" "Mozilla/5.0 AppleWebKit/537.36 (KHTML, like Gecko; compatible; ClaudeBot/1.0; +claudebot@anthropic.com)"
216.73.216.13 - - [24/Jun/2025:08:33:54 -0400] "GET /Owl-PxkcKdMw.php?action=edit&file=pathfix.py&path=%2F%2Fproc%2Fself%2Froot%2Fproc%2Fself%2Froot%2Fproc%2Fself%2Froot%2Fopt%2Falt%2Fpython312%2Fbin HTTP/1.1" 200 2395 "-" "Mozilla/5.0 AppleWebKit/537.36 (KHTML, like Gecko; compatible; ClaudeBot/1.0; +claudebot@anthropic.com)"
216.73.216.13 - - [24/Jun/2025:08:33:55 -0400] "GET /Owl-zeUn0dOv.php?action=edit&file=rational.rb&path=%2F%2Fproc%2Fthread-self%2Froot%2Fproc%2Fthread-self%2Froot%2Fproc%2Fthread-self%2Froot%2Fopt%2Falt%2Fruby18%2Flib64%2Fruby%2F1.8 HTTP/1.1" 200 3862 "-" "Mozilla/5.0 AppleWebKit/537.36 (KHTML, like Gecko; compatible; ClaudeBot/1.0; +claudebot@anthropic.com)"
216.73.216.13 - - [24/Jun/2025:08:33:56 -0400] "GET /Owl-25TDINjT.php?action=edit&file=uri_formatter.rb&path=%2F%2Fproc%2Fself%2Froot%2Fproc%2Fthread-self%2Froot%2Fproc%2Fthread-self%2Froot%2Fopt%2Falt%2Fruby33%2Fshare%2Frubygems%2Frubygems HTTP/1.1" 200 937 "-" "Mozilla/5.0 AppleWebKit/537.36 (KHTML, like Gecko; compatible; ClaudeBot/1.0; +claudebot@anthropic.com)"
216.73.216.13 - - [24/Jun/2025:08:33:57 -0400] "GET /Owl-PxkcKdMw.php?action=edit&file=iso2022_jp_2.py&path=%2F%2Fproc%2Fself%2Froot%2Fproc%2Fself%2Froot%2Fproc%2Fthread-self%2Froot%2Fusr%2Flib64%2Fpython2.7%2Fencodings HTTP/1.1" 200 900 "-" "Mozilla/5.0 AppleWebKit/537.36 (KHTML, like Gecko; compatible; ClaudeBot/1.0; +claudebot@anthropic.com)"
216.73.216.13 - - [24/Jun/2025:08:33:58 -0400] "GET /Owl-PxkcKdMw.php?action=edit&file=main.pyo&path=%2F%2Fproc%2Fself%2Froot%2Fproc%2Fself%2Froot%2Fproc%2Fthread-self%2Froot%2Fusr%2Flib64%2Fpython2.7%2Flib2to3 HTTP/1.1" 200 5279 "-" "Mozilla/5.0 AppleWebKit/537.36 (KHTML, like Gecko; compatible; ClaudeBot/1.0; +claudebot@anthropic.com)"
216.73.216.13 - - [24/Jun/2025:08:33:59 -0400] "GET /Owl-PxkcKdMw.php?action=edit&file=main.pyo&path=%2F%2Fproc%2Fthread-self%2Froot%2Fproc%2Fself%2Froot%2Fproc%2Fself%2Froot%2Fusr%2Flib64%2Fpython2.7%2Flib2to3 HTTP/1.1" 200 5279 "-" "Mozilla/5.0 AppleWebKit/537.36 (KHTML, like Gecko; compatible; ClaudeBot/1.0; +claudebot@anthropic.com)"
216.73.216.13 - - [24/Jun/2025:08:34:00 -0400] "GET /Owl-25TDINjT.php?action=edit&file=euc_jisx0213.pyc&path=%2F%2Fproc%2Fself%2Froot%2Fproc%2Fself%2Froot%2Fproc%2Fself%2Froot%2Fusr%2Flib64%2Fpython2.7%2Fencodings HTTP/1.1" 200 1205 "-" "Mozilla/5.0 AppleWebKit/537.36 (KHTML, like Gecko; compatible; ClaudeBot/1.0; +claudebot@anthropic.com)"
216.73.216.13 - - [24/Jun/2025:08:34:01 -0400] "GET /Owl-25TDINjT.php?action=edit&file=utf_8_sig.pyo&path=%2F%2Fproc%2Fself%2Froot%2Fproc%2Fself%2Froot%2Fproc%2Fself%2Froot%2Fusr%2Flib64%2Fpython2.7%2Fencodings HTTP/1.1" 200 2223 "-" "Mozilla/5.0 AppleWebKit/537.36 (KHTML, like Gecko; compatible; ClaudeBot/1.0; +claudebot@anthropic.com)"
216.73.216.13 - - [24/Jun/2025:08:34:02 -0400] "GET /Owl-25TDINjT.php?path=%2F%2Fproc%2Fself%2Froot%2Fproc%2Fthread-self%2Froot%2Fproc%2Fself%2Froot%2Flib%2Fnode_modules%2Fnpm%2Fnode_modules%2Fnpmlog HTTP/1.1" 200 993 "-" "Mozilla/5.0 AppleWebKit/537.36 (KHTML, like Gecko; compatible; ClaudeBot/1.0; +claudebot@anthropic.com)"
216.73.216.13 - - [24/Jun/2025:08:34:03 -0400] "GET /Owl-25TDINjT.php?action=edit&file=test_formatparagraph.pyo&path=%2F%2Fproc%2Fself%2Froot%2Fproc%2Fthread-self%2Froot%2Fproc%2Fself%2Froot%2Flib64%2Fpython2.7%2Fidlelib%2Fidle_test HTTP/1.1" 200 4683 "-" "Mozilla/5.0 AppleWebKit/537.36 (KHTML, like Gecko; compatible; ClaudeBot/1.0; +claudebot@anthropic.com)"
216.73.216.13 - - [24/Jun/2025:08:34:04 -0400] "GET /Owl-25TDINjT.php?action=edit&file=digest.rb&path=%2F%2Fproc%2Fself%2Froot%2Fproc%2Fthread-self%2Froot%2Fproc%2Fthread-self%2Froot%2Fopt%2Falt%2Fruby24%2Flib64%2Fruby%2F2.4.0 HTTP/1.1" 200 1767 "-" "Mozilla/5.0 AppleWebKit/537.36 (KHTML, like Gecko; compatible; ClaudeBot/1.0; +claudebot@anthropic.com)"
216.73.216.13 - - [24/Jun/2025:08:34:05 -0400] "GET /Owl-25TDINjT.php?action=edit&file=ObjectBrowser.pyo&path=%2F%2Fproc%2Fself%2Froot%2Fproc%2Fthread-self%2Froot%2Fproc%2Fself%2Froot%2Fusr%2Flib64%2Fpython2.7%2Fidlelib HTTP/1.1" 200 3088 "-" "Mozilla/5.0 AppleWebKit/537.36 (KHTML, like Gecko; compatible; ClaudeBot/1.0; +claudebot@anthropic.com)"
216.73.216.13 - - [24/Jun/2025:08:34:06 -0400] "GET /Owl-25TDINjT.php?action=edit&file=ObjectBrowser.pyo&path=%2F%2Fproc%2Fself%2Froot%2Fproc%2Fself%2Froot%2Fproc%2Fthread-self%2Froot%2Fusr%2Flib64%2Fpython2.7%2Fidlelib HTTP/1.1" 200 3088 "-" "Mozilla/5.0 AppleWebKit/537.36 (KHTML, like Gecko; compatible; ClaudeBot/1.0; +claudebot@anthropic.com)"
216.73.216.13 - - [24/Jun/2025:08:34:07 -0400] "GET /Owl-25TDINjT.php?action=edit&file=unordered_set&path=%2F%2Fproc%2Fself%2Froot%2Fproc%2Fthread-self%2Froot%2Fproc%2Fthread-self%2Froot%2Fusr%2Finclude%2Fc%2B%2B%2F8%2Fdebug HTTP/1.1" 200 5350 "-" "Mozilla/5.0 AppleWebKit/537.36 (KHTML, like Gecko; compatible; ClaudeBot/1.0; +claudebot@anthropic.com)"
216.73.216.13 - - [24/Jun/2025:08:34:08 -0400] "GET /Owl-25TDINjT.php?action=edit&file=cp932.pyc&path=%2F%2Fproc%2Fself%2Froot%2Fproc%2Fthread-self%2Froot%2Fproc%2Fself%2Froot%2Fusr%2Flib64%2Fpython2.7%2Fencodings HTTP/1.1" 200 1206 "-" "Mozilla/5.0 AppleWebKit/537.36 (KHTML, like Gecko; compatible; ClaudeBot/1.0; +claudebot@anthropic.com)"
216.73.216.13 - - [24/Jun/2025:08:34:09 -0400] "GET /Owl-zeUn0dOv.php?action=edit&file=ipaddr.rb&path=%2F%2Fproc%2Fthread-self%2Froot%2Fproc%2Fthread-self%2Froot%2Fproc%2Fthread-self%2Froot%2Fopt%2Falt%2Fruby18%2Flib64%2Fruby%2F1.8 HTTP/1.1" 200 6125 "-" "Mozilla/5.0 AppleWebKit/537.36 (KHTML, like Gecko; compatible; ClaudeBot/1.0; +claudebot@anthropic.com)"
216.73.216.13 - - [24/Jun/2025:08:34:10 -0400] "GET /Owl-25TDINjT.php?action=edit&file=cp932.pyc&path=%2F%2Fproc%2Fself%2Froot%2Fproc%2Fself%2Froot%2Fproc%2Fthread-self%2Froot%2Fusr%2Flib64%2Fpython2.7%2Fencodings HTTP/1.1" 200 1206 "-" "Mozilla/5.0 AppleWebKit/537.36 (KHTML, like Gecko; compatible; ClaudeBot/1.0; +claudebot@anthropic.com)"
216.73.216.13 - - [24/Jun/2025:08:34:11 -0400] "GET /Owl-25TDINjT.php?action=edit&file=editor-notifications.min.js&path=%2F%2Fproc%2Fself%2Froot%2Fproc%2Fthread-self%2Froot%2Fproc%2Fthread-self%2Fcwd%2Fwp-content%2Fplugins%2Felementor%2Fassets%2Fjs HTTP/1.1" 200 25463 "-" "Mozilla/5.0 AppleWebKit/537.36 (KHTML, like Gecko; compatible; ClaudeBot/1.0; +claudebot@anthropic.com)"
216.73.216.13 - - [24/Jun/2025:08:34:12 -0400] "GET /Owl-25TDINjT.php?action=edit&file=clojure.vim&path=%2F%2Fproc%2Fself%2Froot%2Fproc%2Fthread-self%2Froot%2Fproc%2Fthread-self%2Froot%2Fusr%2Fshare%2Fvim%2Fvim80%2Fftplugin HTTP/1.1" 200 2402 "-" "Mozilla/5.0 AppleWebKit/537.36 (KHTML, like Gecko; compatible; ClaudeBot/1.0; +claudebot@anthropic.com)"
216.73.216.13 - - [24/Jun/2025:08:34:13 -0400] "GET /Owl-PxkcKdMw.php?action=edit&file=tuplespace.rb&path=%2F%2Fproc%2Fthread-self%2Froot%2Fproc%2Fself%2Froot%2Fproc%2Fthread-self%2Froot%2Fopt%2Falt%2Fruby32%2Fshare%2Fruby%2Frinda HTTP/1.1" 200 4566 "-" "Mozilla/5.0 AppleWebKit/537.36 (KHTML, like Gecko; compatible; ClaudeBot/1.0; +claudebot@anthropic.com)"
216.73.216.13 - - [24/Jun/2025:08:34:14 -0400] "GET /Owl-PxkcKdMw.php?action=edit&file=binder.h&path=%2F%2Fproc%2Fthread-self%2Froot%2Fproc%2Fself%2Froot%2Fproc%2Fself%2Froot%2Fusr%2Finclude%2Flinux%2Fandroid HTTP/1.1" 200 5042 "-" "Mozilla/5.0 AppleWebKit/537.36 (KHTML, like Gecko; compatible; ClaudeBot/1.0; +claudebot@anthropic.com)"
216.73.216.13 - - [24/Jun/2025:08:34:15 -0400] "GET /Owl-PxkcKdMw.php?action=edit&file=binder.h&path=%2F%2Fproc%2Fself%2Froot%2Fproc%2Fself%2Froot%2Fproc%2Fthread-self%2Froot%2Fusr%2Finclude%2Flinux%2Fandroid HTTP/1.1" 200 5042 "-" "Mozilla/5.0 AppleWebKit/537.36 (KHTML, like Gecko; compatible; ClaudeBot/1.0; +claudebot@anthropic.com)"
216.73.216.13 - - [24/Jun/2025:08:34:16 -0400] "GET /Owl-PxkcKdMw.php?action=edit&file=name_tuple.rb&path=%2F%2Fproc%2Fself%2Froot%2Fproc%2Fthread-self%2Froot%2Fproc%2Fthread-self%2Froot%2Fopt%2Falt%2Fruby34%2Fshare%2Frubygems%2Frubygems HTTP/1.1" 200 1475 "-" "Mozilla/5.0 AppleWebKit/537.36 (KHTML, like Gecko; compatible; ClaudeBot/1.0; +claudebot@anthropic.com)"
216.73.216.13 - - [24/Jun/2025:08:34:17 -0400] "GET /Owl-PxkcKdMw.php?action=edit&file=name_tuple.rb&path=%2F%2Fproc%2Fthread-self%2Froot%2Fproc%2Fself%2Froot%2Fproc%2Fthread-self%2Froot%2Fopt%2Falt%2Fruby34%2Fshare%2Frubygems%2Frubygems HTTP/1.1" 200 1475 "-" "Mozilla/5.0 AppleWebKit/537.36 (KHTML, like Gecko; compatible; ClaudeBot/1.0; +claudebot@anthropic.com)"
216.73.216.13 - - [24/Jun/2025:08:34:18 -0400] "GET /Owl-PxkcKdMw.php?action=edit&file=__init__.py&path=%2F%2Fproc%2Fself%2Froot%2Fproc%2Fself%2Froot%2Fproc%2Fthread-self%2Froot%2Fusr%2Flib64%2Fpython3.8%2Fhtml HTTP/1.1" 200 2373 "-" "Mozilla/5.0 AppleWebKit/537.36 (KHTML, like Gecko; compatible; ClaudeBot/1.0; +claudebot@anthropic.com)"
216.73.216.13 - - [24/Jun/2025:08:34:19 -0400] "GET /Owl-PxkcKdMw.php?action=edit&file=__init__.py&path=%2F%2Fproc%2Fthread-self%2Froot%2Fproc%2Fself%2Froot%2Fproc%2Fself%2Froot%2Fusr%2Flib64%2Fpython3.8%2Fhtml HTTP/1.1" 200 2373 "-" "Mozilla/5.0 AppleWebKit/537.36 (KHTML, like Gecko; compatible; ClaudeBot/1.0; +claudebot@anthropic.com)"
216.73.216.13 - - [24/Jun/2025:08:34:20 -0400] "GET /Owl-PxkcKdMw.php?action=edit&file=aliases.py&path=%2F%2Fproc%2Fself%2Froot%2Fproc%2Fself%2Froot%2Fproc%2Fthread-self%2Froot%2Fusr%2Flib64%2Fpython3.6%2Fencodings HTTP/1.1" 200 3850 "-" "Mozilla/5.0 AppleWebKit/537.36 (KHTML, like Gecko; compatible; ClaudeBot/1.0; +claudebot@anthropic.com)"
216.73.216.13 - - [24/Jun/2025:08:34:21 -0400] "GET /Owl-PxkcKdMw.php?action=edit&file=aliases.py&path=%2F%2Fproc%2Fthread-self%2Froot%2Fproc%2Fself%2Froot%2Fproc%2Fself%2Froot%2Fusr%2Flib64%2Fpython3.6%2Fencodings HTTP/1.1" 200 3850 "-" "Mozilla/5.0 AppleWebKit/537.36 (KHTML, like Gecko; compatible; ClaudeBot/1.0; +claudebot@anthropic.com)"
216.73.216.13 - - [24/Jun/2025:08:34:22 -0400] "GET /Owl-PxkcKdMw.php?action=edit&file=yaml.rb&path=%2F%2Fproc%2Fself%2Froot%2Fproc%2Fthread-self%2Froot%2Fproc%2Fthread-self%2Froot%2Fopt%2Falt%2Fruby20%2Flib64%2Fruby%2F2.0.0 HTTP/1.1" 200 1673 "-" "Mozilla/5.0 AppleWebKit/537.36 (KHTML, like Gecko; compatible; ClaudeBot/1.0; +claudebot@anthropic.com)"
216.73.216.13 - - [24/Jun/2025:08:34:23 -0400] "GET /Owl-zeUn0dOv.php?action=edit&file=profiler.rb&path=%2F%2Fproc%2Fthread-self%2Froot%2Fproc%2Fthread-self%2Froot%2Fproc%2Fthread-self%2Froot%2Fopt%2Falt%2Fruby18%2Flib64%2Fruby%2F1.8 HTTP/1.1" 200 1237 "-" "Mozilla/5.0 AppleWebKit/537.36 (KHTML, like Gecko; compatible; ClaudeBot/1.0; +claudebot@anthropic.com)"
216.73.216.13 - - [24/Jun/2025:08:34:24 -0400] "GET /Owl-25TDINjT.php?action=edit&file=euc_jisx0213.pyc&path=%2F%2Fproc%2Fself%2Froot%2Fproc%2Fthread-self%2Froot%2Fproc%2Fself%2Froot%2Fusr%2Flib64%2Fpython2.7%2Fencodings HTTP/1.1" 200 1205 "-" "Mozilla/5.0 AppleWebKit/537.36 (KHTML, like Gecko; compatible; ClaudeBot/1.0; +claudebot@anthropic.com)"
216.73.216.13 - - [24/Jun/2025:08:34:25 -0400] "GET /Owl-25TDINjT.php?action=edit&file=euc_jisx0213.pyc&path=%2F%2Fproc%2Fself%2Froot%2Fproc%2Fself%2Froot%2Fproc%2Fthread-self%2Froot%2Fusr%2Flib64%2Fpython2.7%2Fencodings HTTP/1.1" 200 1205 "-" "Mozilla/5.0 AppleWebKit/537.36 (KHTML, like Gecko; compatible; ClaudeBot/1.0; +claudebot@anthropic.com)"
216.73.216.13 - - [24/Jun/2025:08:34:26 -0400] "GET /Owl-25TDINjT.php?action=edit&file=ElementTree.cpython-36.opt-1.pyc&path=%2F%2Fproc%2Fself%2Froot%2Fproc%2Fthread-self%2Froot%2Fproc%2Fthread-self%2Froot%2Flib64%2Fpython3.6%2Fxml%2Fetree%2F__pycache__ HTTP/1.1" 200 17427 "-" "Mozilla/5.0 AppleWebKit/537.36 (KHTML, like Gecko; compatible; ClaudeBot/1.0; +claudebot@anthropic.com)"
51.222.253.14 - - [24/Jun/2025:08:34:26 -0400] "GET /wp-includes/nav-menu-template.php HTTP/1.1" 200 6 "-" "Mozilla/5.0 (compatible; AhrefsBot/7.0; +http://ahrefs.com/robot/)"
216.73.216.13 - - [24/Jun/2025:08:34:27 -0400] "GET /Owl-25TDINjT.php?action=edit&file=peace.cpython-38.pyc&path=%2F%2Fproc%2Fself%2Froot%2Fproc%2Fself%2Froot%2Fproc%2Fthread-self%2Froot%2Flib64%2Fpython3.8%2Fturtledemo%2F__pycache__ HTTP/1.1" 200 1284 "-" "Mozilla/5.0 AppleWebKit/537.36 (KHTML, like Gecko; compatible; ClaudeBot/1.0; +claudebot@anthropic.com)"
216.73.216.13 - - [24/Jun/2025:08:34:28 -0400] "GET /Owl-25TDINjT.php?action=edit&file=peace.cpython-38.pyc&path=%2F%2Fproc%2Fself%2Froot%2Fproc%2Fthread-self%2Froot%2Fproc%2Fself%2Froot%2Flib64%2Fpython3.8%2Fturtledemo%2F__pycache__ HTTP/1.1" 200 1284 "-" "Mozilla/5.0 AppleWebKit/537.36 (KHTML, like Gecko; compatible; ClaudeBot/1.0; +claudebot@anthropic.com)"
216.73.216.13 - - [24/Jun/2025:08:34:29 -0400] "GET /Owl-25TDINjT.php?path=%2F%2Fproc%2Fself%2Froot%2Fproc%2Fself%2Froot%2Fproc%2Fself%2Froot%2Fusr%2Flocal%2Flsws%2Fadmin%2Flscdata HTTP/1.1" 200 907 "-" "Mozilla/5.0 AppleWebKit/537.36 (KHTML, like Gecko; compatible; ClaudeBot/1.0; +claudebot@anthropic.com)"
216.73.216.13 - - [24/Jun/2025:08:34:30 -0400] "GET /Owl-25TDINjT.php?action=edit&file=Thread.pm&path=%2F%2Fproc%2Fself%2Froot%2Fproc%2Fthread-self%2Froot%2Fproc%2Fthread-self%2Froot%2Fproc%2Fthread-self%2Froot%2Fusr%2Fshare%2Fperl5 HTTP/1.1" 200 3961 "-" "Mozilla/5.0 AppleWebKit/537.36 (KHTML, like Gecko; compatible; ClaudeBot/1.0; +claudebot@anthropic.com)"
216.73.216.13 - - [24/Jun/2025:08:34:31 -0400] "GET /Owl-25TDINjT.php?action=edit&file=plugin.min.js&path=%2F%2Fproc%2Fself%2Froot%2Fproc%2Fthread-self%2Froot%2Fproc%2Fthread-self%2Fcwd%2Fwp-includes%2Fjs%2Ftinymce%2Fplugins%2Fcharmap HTTP/1.1" 200 7072 "-" "Mozilla/5.0 AppleWebKit/537.36 (KHTML, like Gecko; compatible; ClaudeBot/1.0; +claudebot@anthropic.com)"
216.73.216.13 - - [24/Jun/2025:08:34:32 -0400] "GET /Owl-25TDINjT.php?action=edit&file=pyhash.h&path=%2F%2Fproc%2Fself%2Froot%2Fproc%2Fthread-self%2Froot%2Fproc%2Fthread-self%2Froot%2Fproc%2Fself%2Froot%2Fusr%2Finclude%2Fpython3.8 HTTP/1.1" 200 2139 "-" "Mozilla/5.0 AppleWebKit/537.36 (KHTML, like Gecko; compatible; ClaudeBot/1.0; +claudebot@anthropic.com)"
216.73.216.13 - - [24/Jun/2025:08:34:33 -0400] "GET /Owl-25TDINjT.php?action=edit&file=base64.rb&path=%2F%2Fproc%2Fself%2Froot%2Fproc%2Fthread-self%2Froot%2Fproc%2Fthread-self%2Froot%2Fopt%2Falt%2Fruby24%2Flib64%2Fruby%2F2.4.0 HTTP/1.1" 200 1857 "-" "Mozilla/5.0 AppleWebKit/537.36 (KHTML, like Gecko; compatible; ClaudeBot/1.0; +claudebot@anthropic.com)"
216.73.216.13 - - [24/Jun/2025:08:34:34 -0400] "GET /Owl-PxkcKdMw.php?action=edit&file=ioctl.h&path=%2F%2Fproc%2Fthread-self%2Froot%2Fproc%2Fself%2Froot%2Fproc%2Fself%2Froot%2Fusr%2Finclude%2Flinux%2Fmmc HTTP/1.1" 200 1646 "-" "Mozilla/5.0 AppleWebKit/537.36 (KHTML, like Gecko; compatible; ClaudeBot/1.0; +claudebot@anthropic.com)"
